Last updated on 2020-04-25 01:53:04 CEST.
Flavor | Version | Tinstall | Tcheck | Ttotal | Status | Flags |
---|---|---|---|---|---|---|
r-devel-linux-x86_64-debian-clang | 3.8.2 | 4.47 | 39.02 | 43.49 | NOTE | |
r-devel-linux-x86_64-debian-gcc | 3.8.2 | 3.28 | 31.44 | 34.72 | NOTE | |
r-devel-linux-x86_64-fedora-clang | 3.8.2 | 53.84 | NOTE | |||
r-devel-linux-x86_64-fedora-gcc | 3.8.2 | 131.49 | NOTE | |||
r-devel-windows-ix86+x86_64 | 3.8.2 | 19.00 | 72.00 | 91.00 | NOTE | |
r-patched-linux-x86_64 | 3.8.2 | 4.40 | 39.47 | 43.87 | NOTE | |
r-patched-osx-x86_64 | 3.8.2 | NOTE | ||||
r-patched-solaris-x86 | 3.8.2 | 83.30 | NOTE | |||
r-release-linux-x86_64 | 3.8.2 | 3.92 | 36.51 | 40.43 | NOTE | |
r-release-windows-ix86+x86_64 | 3.8.2 | 16.00 | 73.00 | 89.00 | NOTE | |
r-release-osx-x86_64 | 3.8.2 | NOTE | ||||
r-oldrel-windows-ix86+x86_64 | 3.8.2 | 19.00 | 94.00 | 113.00 | NOTE | |
r-oldrel-osx-x86_64 | 3.8.1 | NOTE |
Version: 3.8.2
Check: R code for possible problems
Result: NOTE
Found the following possibly unsafe calls:
File 'gtools/R/unByteCode.R':
unlockBinding(name, env = env)
Flavors: r-devel-linux-x86_64-debian-clang, r-devel-linux-x86_64-debian-gcc, r-devel-linux-x86_64-fedora-clang, r-devel-linux-x86_64-fedora-gcc, r-devel-windows-ix86+x86_64, r-patched-linux-x86_64, r-patched-osx-x86_64, r-patched-solaris-x86, r-release-linux-x86_64, r-release-windows-ix86+x86_64, r-release-osx-x86_64, r-oldrel-windows-ix86+x86_64
Version: 3.8.1
Check: R code for possible problems
Result: NOTE
Found the following possibly unsafe calls:
File ‘gtools/R/unByteCode.R’:
unlockBinding(name, env = env)
Flavor: r-oldrel-osx-x86_64