CRAN Package Check Results for Package gsl

Last updated on 2020-04-25 01:53:03 CEST.

Flavor Version Tinstall Tcheck Ttotal Status Flags
r-devel-linux-x86_64-debian-clang 2.1-6 13.14 53.47 66.61 OK
r-devel-linux-x86_64-debian-gcc 2.1-6 9.62 41.46 51.08 OK
r-devel-linux-x86_64-fedora-clang 2.1-6 81.99 OK
r-devel-linux-x86_64-fedora-gcc 2.1-6 81.76 OK
r-devel-windows-ix86+x86_64 2.1-6 56.00 84.00 140.00 OK
r-patched-linux-x86_64 2.1-6 11.88 52.51 64.39 OK
r-patched-osx-x86_64 2.1-6 OK
r-patched-solaris-x86 2.1-6 111.20 OK
r-release-linux-x86_64 2.1-6 11.19 48.94 60.13 OK
r-release-windows-ix86+x86_64 2.1-6 43.00 101.00 144.00 OK
r-release-osx-x86_64 2.1-6 ERROR
r-oldrel-windows-ix86+x86_64 2.1-6 38.00 70.00 108.00 OK
r-oldrel-osx-x86_64 2.1-6 ERROR

Check Details

Version: 2.1-6
Check: whether package can be installed
Result: ERROR
    Installation failed.
Flavors: r-release-osx-x86_64, r-oldrel-osx-x86_64