Last updated on 2020-04-25 01:53:03 CEST.
Flavor | Version | Tinstall | Tcheck | Ttotal | Status | Flags |
---|---|---|---|---|---|---|
r-devel-linux-x86_64-debian-clang | 0.9.5 | 5.50 | 33.30 | 38.80 | OK | |
r-devel-linux-x86_64-debian-gcc | 0.9.5 | 3.10 | 26.86 | 29.96 | OK | |
r-devel-linux-x86_64-fedora-clang | 0.9.5 | 47.74 | NOTE | |||
r-devel-linux-x86_64-fedora-gcc | 0.9.5 | 45.71 | NOTE | |||
r-devel-windows-ix86+x86_64 | 0.9.5 | 15.00 | 82.00 | 97.00 | OK | |
r-patched-linux-x86_64 | 0.9.5 | 4.03 | 32.96 | 36.99 | OK | |
r-patched-osx-x86_64 | 0.9.5 | OK | ||||
r-patched-solaris-x86 | 0.9.5 | 75.40 | OK | |||
r-release-linux-x86_64 | 0.9.5 | 3.12 | 32.20 | 35.32 | OK | |
r-release-windows-ix86+x86_64 | 0.9.5 | 11.00 | 97.00 | 108.00 | OK | |
r-release-osx-x86_64 | 0.9.5 | OK | ||||
r-oldrel-windows-ix86+x86_64 | 0.9.5 | 8.00 | 65.00 | 73.00 | OK | |
r-oldrel-osx-x86_64 | 0.9.5 | OK |
Version: 0.9.5
Check: compiled code
Result: NOTE
File ‘grr/libs/grr.so’:
Found no calls to: ‘R_registerRoutines’, ‘R_useDynamicSymbols’
It is good practice to register native routines and to disable symbol
search.
See ‘Writing portable packages’ in the ‘Writing R Extensions’ manual.
Flavors: r-devel-linux-x86_64-fedora-clang, r-devel-linux-x86_64-fedora-gcc