CRAN Package Check Results for Package groc

Last updated on 2020-04-25 01:53:03 CEST.

Flavor Version Tinstall Tcheck Ttotal Status Flags
r-devel-linux-x86_64-debian-clang 1.0.7 11.80 84.21 96.01 OK
r-devel-linux-x86_64-debian-gcc 1.0.7 8.86 63.73 72.59 OK
r-devel-linux-x86_64-fedora-clang 1.0.7 113.46 NOTE
r-devel-linux-x86_64-fedora-gcc 1.0.7 111.24 OK
r-devel-windows-ix86+x86_64 1.0.7 34.00 136.00 170.00 OK
r-patched-linux-x86_64 1.0.7 10.07 80.14 90.21 OK
r-patched-osx-x86_64 1.0.7 OK
r-patched-solaris-x86 1.0.7 163.70 OK
r-release-linux-x86_64 1.0.7 9.93 71.54 81.47 OK
r-release-windows-ix86+x86_64 1.0.7 38.00 123.00 161.00 OK
r-release-osx-x86_64 1.0.7 OK
r-oldrel-windows-ix86+x86_64 1.0.7 17.00 162.00 179.00 OK
r-oldrel-osx-x86_64 1.0.7 OK

Additional issues

rchk

Check Details

Version: 1.0.7
Check: package dependencies
Result: NOTE
    Suggests orphaned package: ‘ppls’
Flavor: r-devel-linux-x86_64-fedora-clang