CRAN Package Check Results for Package grf

Last updated on 2020-04-25 01:53:03 CEST.

Flavor Version Tinstall Tcheck Ttotal Status Flags
r-devel-linux-x86_64-debian-clang 1.1.0 217.13 82.47 299.60 NOTE
r-devel-linux-x86_64-debian-gcc 1.1.0 137.78 65.24 203.02 NOTE
r-devel-linux-x86_64-fedora-clang 1.1.0 433.51 NOTE
r-devel-linux-x86_64-fedora-gcc 1.1.0 368.70 NOTE
r-devel-windows-ix86+x86_64 1.1.0 531.00 137.00 668.00 NOTE
r-patched-linux-x86_64 1.1.0 166.69 83.01 249.70 NOTE
r-patched-osx-x86_64 1.1.0 NOTE
r-patched-solaris-x86 1.1.0 482.30 NOTE
r-release-linux-x86_64 1.1.0 167.35 75.19 242.54 NOTE
r-release-windows-ix86+x86_64 1.1.0 498.00 120.00 618.00 NOTE
r-release-osx-x86_64 1.1.0 NOTE
r-oldrel-windows-ix86+x86_64 1.1.0 369.00 152.00 521.00 NOTE
r-oldrel-osx-x86_64 1.1.0 NOTE

Check Details

Version: 1.1.0
Check: for GNU extensions in Makefiles
Result: NOTE
    GNU make is a SystemRequirements.
Flavors: r-devel-linux-x86_64-debian-clang, r-devel-linux-x86_64-debian-gcc, r-devel-linux-x86_64-fedora-clang, r-devel-linux-x86_64-fedora-gcc, r-devel-windows-ix86+x86_64, r-patched-linux-x86_64, r-patched-osx-x86_64, r-patched-solaris-x86, r-release-linux-x86_64, r-release-windows-ix86+x86_64, r-release-osx-x86_64, r-oldrel-windows-ix86+x86_64, r-oldrel-osx-x86_64

Version: 1.1.0
Check: installed package size
Result: NOTE
     installed size is 16.1Mb
     sub-directories of 1Mb or more:
     libs 15.8Mb
Flavors: r-devel-linux-x86_64-fedora-clang, r-patched-osx-x86_64, r-release-osx-x86_64, r-oldrel-osx-x86_64