CRAN Package Check Results for Package greport

Last updated on 2020-04-25 01:53:03 CEST.

Flavor Version Tinstall Tcheck Ttotal Status Flags
r-devel-linux-x86_64-debian-clang 0.7-2 17.89 109.08 126.97 NOTE
r-devel-linux-x86_64-debian-gcc 0.7-2 13.04 83.16 96.20 NOTE
r-devel-linux-x86_64-fedora-clang 0.7-2 148.86 NOTE
r-devel-linux-x86_64-fedora-gcc 0.7-2 149.24 NOTE
r-devel-windows-ix86+x86_64 0.7-2 62.00 117.00 179.00 NOTE
r-patched-linux-x86_64 0.7-2 12.14 106.47 118.61 NOTE
r-patched-osx-x86_64 0.7-2 NOTE
r-patched-solaris-x86 0.7-2 212.90 NOTE
r-release-linux-x86_64 0.7-2 8.92 92.90 101.82 NOTE
r-release-windows-ix86+x86_64 0.7-2 43.00 107.00 150.00 NOTE
r-release-osx-x86_64 0.7-2 NOTE
r-oldrel-windows-ix86+x86_64 0.7-2 18.00 158.00 176.00 NOTE
r-oldrel-osx-x86_64 0.7-2 NOTE

Check Details

Version: 0.7-2
Check: R code for possible problems
Result: NOTE
    accrualReport: multiple local function definitions for 'gg' with
     different formal arguments
Flavors: r-devel-linux-x86_64-debian-clang, r-devel-linux-x86_64-debian-gcc, r-devel-linux-x86_64-fedora-clang, r-devel-linux-x86_64-fedora-gcc, r-devel-windows-ix86+x86_64, r-patched-linux-x86_64, r-patched-osx-x86_64, r-patched-solaris-x86, r-release-linux-x86_64, r-release-windows-ix86+x86_64, r-release-osx-x86_64, r-oldrel-windows-ix86+x86_64, r-oldrel-osx-x86_64