CRAN Package Check Results for Package graphicalVAR

Last updated on 2020-04-25 01:53:03 CEST.

Flavor Version Tinstall Tcheck Ttotal Status Flags
r-devel-linux-x86_64-debian-clang 0.2.3 46.82 100.60 147.42 NOTE
r-devel-linux-x86_64-debian-gcc 0.2.3 32.25 78.10 110.35 NOTE
r-devel-linux-x86_64-fedora-clang 0.2.3 185.15 NOTE
r-devel-linux-x86_64-fedora-gcc 0.2.3 174.88 NOTE
r-devel-windows-ix86+x86_64 0.2.3 151.00 159.00 310.00 OK
r-patched-linux-x86_64 0.2.3 38.62 99.18 137.80 NOTE
r-patched-osx-x86_64 0.2.3 OK
r-patched-solaris-x86 0.2.3 229.20 OK
r-release-linux-x86_64 0.2.3 27.02 89.88 116.90 NOTE
r-release-windows-ix86+x86_64 0.2.3 110.00 140.00 250.00 OK
r-release-osx-x86_64 0.2.3 OK
r-oldrel-windows-ix86+x86_64 0.2.3 58.00 219.00 277.00 OK
r-oldrel-osx-x86_64 0.2.2 OK

Check Details

Version: 0.2.3
Check: use of SHLIB_OPENMP_*FLAGS in Makefiles
Result: NOTE
     src/Makevars: SHLIB_OPENMP_CXXFLAGS is included in PKG_CXXFLAGS but not in PKG_LIBS
     src/Makevars: SHLIB_OPENMP_CFLAGS is included in PKG_LIBS but linking is by C++
     src/Makevars.win: SHLIB_OPENMP_CXXFLAGS is included in PKG_CXXFLAGS but not in PKG_LIBS
     src/Makevars.win: SHLIB_OPENMP_CFLAGS is included in PKG_LIBS but linking is by C++
    Use of these macros is discussed in sect 1.2.1.1 of 'Writing R
    Extensions'. The macros for different languages may differ so the
    matching macro must be used in PKG_CXXFLAGS (etc) and match that used
    in PKG_LIBS (except for Fortran: see the manual).
Flavors: r-devel-linux-x86_64-debian-clang, r-devel-linux-x86_64-debian-gcc, r-devel-linux-x86_64-fedora-clang, r-devel-linux-x86_64-fedora-gcc, r-patched-linux-x86_64, r-release-linux-x86_64