CRAN Package Check Results for Package grainscape

Last updated on 2020-04-25 01:53:03 CEST.

Flavor Version Tinstall Tcheck Ttotal Status Flags
r-devel-linux-x86_64-debian-clang 0.4.2 39.21 332.91 372.12 OK
r-devel-linux-x86_64-debian-gcc 0.4.2 28.09 239.08 267.17 OK
r-devel-linux-x86_64-fedora-clang 0.4.2 450.85 OK
r-devel-linux-x86_64-fedora-gcc 0.4.2 440.00 OK
r-devel-windows-ix86+x86_64 0.4.2 109.00 453.00 562.00 OK
r-patched-linux-x86_64 0.4.2 35.73 314.94 350.67 OK
r-patched-osx-x86_64 0.4.2 WARN
r-patched-solaris-x86 0.4.2 516.20 OK
r-release-linux-x86_64 0.4.2 34.89 295.94 330.83 OK
r-release-windows-ix86+x86_64 0.4.2 105.00 417.00 522.00 OK
r-release-osx-x86_64 0.4.2 OK
r-oldrel-windows-ix86+x86_64 0.4.2 60.00 485.00 545.00 OK
r-oldrel-osx-x86_64 0.4.2 OK

Check Details

Version: 0.4.2
Check: re-building of vignette outputs
Result: WARN
    Error(s) in re-building vignettes:
    --- re-building ‘MPG_algorithm.Rmd’ using rmarkdown
    dyld: lazy symbol binding failed: Symbol not found: ____chkstk_darwin
     Referenced from: /usr/local/bin/pandoc (which was built for Mac OS X 10.15)
     Expected in: /usr/lib/libSystem.B.dylib
    
    dyld: Symbol not found: ____chkstk_darwin
     Referenced from: /usr/local/bin/pandoc (which was built for Mac OS X 10.15)
     Expected in: /usr/lib/libSystem.B.dylib
    
    Error: processing vignette 'MPG_algorithm.Rmd' failed with diagnostics:
    pandoc document conversion failed with error 6
    --- failed re-building ‘MPG_algorithm.Rmd’
    
    --- re-building ‘grainscape_vignette.Rmd’ using rmarkdown
    dyld: lazy symbol binding failed: Symbol not found: ____chkstk_darwin
     Referenced from: /usr/local/bin/pandoc (which was built for Mac OS X 10.15)
     Expected in: /usr/lib/libSystem.B.dylib
    
    dyld: Symbol not found: ____chkstk_darwin
     Referenced from: /usr/local/bin/pandoc (which was built for Mac OS X 10.15)
     Expected in: /usr/lib/libSystem.B.dylib
    
    Error: processing vignette 'grainscape_vignette.Rmd' failed with diagnostics:
    pandoc document conversion failed with error 6
    --- failed re-building ‘grainscape_vignette.Rmd’
    
    SUMMARY: processing the following files failed:
     ‘MPG_algorithm.Rmd’ ‘grainscape_vignette.Rmd’
    
    Error: Vignette re-building failed.
    Execution halted
Flavor: r-patched-osx-x86_64