Last updated on 2020-04-25 01:53:03 CEST.
Flavor | Version | Tinstall | Tcheck | Ttotal | Status | Flags |
---|---|---|---|---|---|---|
r-devel-linux-x86_64-debian-clang | 0.7.2 | 46.09 | 31.95 | 78.04 | NOTE | |
r-devel-linux-x86_64-debian-gcc | 0.7.2 | 29.88 | 25.21 | 55.09 | NOTE | |
r-devel-linux-x86_64-fedora-clang | 0.7.2 | 111.14 | NOTE | |||
r-devel-linux-x86_64-fedora-gcc | 0.7.2 | 100.23 | NOTE | |||
r-devel-windows-ix86+x86_64 | 0.7.2 | 123.00 | 71.00 | 194.00 | NOTE | |
r-patched-linux-x86_64 | 0.7.2 | 35.64 | 31.53 | 67.17 | NOTE | |
r-patched-osx-x86_64 | 0.7.2 | NOTE | ||||
r-patched-solaris-x86 | 0.7.2 | 118.60 | NOTE | |||
r-release-linux-x86_64 | 0.7.2 | 36.07 | 29.57 | 65.64 | NOTE | |
r-release-windows-ix86+x86_64 | 0.7.2 | 124.00 | 68.00 | 192.00 | NOTE | |
r-release-osx-x86_64 | 0.7.2 | NOTE | ||||
r-oldrel-windows-ix86+x86_64 | 0.7.2 | 78.00 | 86.00 | 164.00 | OK | |
r-oldrel-osx-x86_64 | 0.7.2 | OK |
Version: 0.7.2
Check: line endings in C/C++/Fortran sources/headers
Result: NOTE
Found the following sources/headers not terminated with a newline:
inst/include/googlePolylines.h
inst/include/variants.h
Some compilers warn on such files.
Flavors: r-devel-linux-x86_64-debian-clang, r-devel-linux-x86_64-debian-gcc, r-devel-linux-x86_64-fedora-clang, r-devel-linux-x86_64-fedora-gcc, r-devel-windows-ix86+x86_64, r-patched-linux-x86_64, r-patched-osx-x86_64, r-patched-solaris-x86, r-release-linux-x86_64, r-release-windows-ix86+x86_64, r-release-osx-x86_64
Version: 0.7.2
Check: package vignettes
Result: NOTE
Package vignette with placeholder title 'Vignette Title':
'sfencode.Rmd'
Flavors: r-devel-linux-x86_64-debian-clang, r-devel-linux-x86_64-debian-gcc, r-devel-windows-ix86+x86_64, r-patched-linux-x86_64