CRAN Package Check Results for Package googleAuthR

Last updated on 2020-04-25 01:53:03 CEST.

Flavor Version Tinstall Tcheck Ttotal Status Flags
r-devel-linux-x86_64-debian-clang 1.1.1 6.22 45.51 51.73 OK
r-devel-linux-x86_64-debian-gcc 1.1.1 4.48 35.94 40.42 OK
r-devel-linux-x86_64-fedora-clang 1.1.1 62.87 OK
r-devel-linux-x86_64-fedora-gcc 1.1.1 62.21 OK
r-devel-windows-ix86+x86_64 1.1.1 17.00 66.00 83.00 OK
r-patched-linux-x86_64 1.1.1 5.88 45.04 50.92 OK
r-patched-osx-x86_64 1.1.1 WARN
r-patched-solaris-x86 1.1.1 83.30 OK
r-release-linux-x86_64 1.1.1 5.54 41.72 47.26 OK
r-release-windows-ix86+x86_64 1.1.1 13.00 57.00 70.00 OK
r-release-osx-x86_64 1.1.1 OK
r-oldrel-windows-ix86+x86_64 1.1.1 8.00 75.00 83.00 OK
r-oldrel-osx-x86_64 1.1.1 OK

Check Details

Version: 1.1.1
Check: re-building of vignette outputs
Result: WARN
    Error(s) in re-building vignettes:
    --- re-building ‘advanced-building.Rmd’ using rmarkdown
    dyld: lazy symbol binding failed: Symbol not found: ____chkstk_darwin
     Referenced from: /usr/local/bin/pandoc (which was built for Mac OS X 10.15)
     Expected in: /usr/lib/libSystem.B.dylib
    
    dyld: Symbol not found: ____chkstk_darwin
     Referenced from: /usr/local/bin/pandoc (which was built for Mac OS X 10.15)
     Expected in: /usr/lib/libSystem.B.dylib
    
    Error: processing vignette 'advanced-building.Rmd' failed with diagnostics:
    pandoc document conversion failed with error 6
    --- failed re-building ‘advanced-building.Rmd’
    
    --- re-building ‘building.Rmd’ using rmarkdown
    dyld: lazy symbol binding failed: Symbol not found: ____chkstk_darwin
     Referenced from: /usr/local/bin/pandoc (which was built for Mac OS X 10.15)
     Expected in: /usr/lib/libSystem.B.dylib
    
    dyld: Symbol not found: ____chkstk_darwin
     Referenced from: /usr/local/bin/pandoc (which was built for Mac OS X 10.15)
     Expected in: /usr/lib/libSystem.B.dylib
    
    Error: processing vignette 'building.Rmd' failed with diagnostics:
    pandoc document conversion failed with error 6
    --- failed re-building ‘building.Rmd’
    
    --- re-building ‘google-authentication-types.Rmd’ using rmarkdown
    dyld: lazy symbol binding failed: Symbol not found: ____chkstk_darwin
     Referenced from: /usr/local/bin/pandoc (which was built for Mac OS X 10.15)
     Expected in: /usr/lib/libSystem.B.dylib
    
    dyld: Symbol not found: ____chkstk_darwin
     Referenced from: /usr/local/bin/pandoc (which was built for Mac OS X 10.15)
     Expected in: /usr/lib/libSystem.B.dylib
    
    Error: processing vignette 'google-authentication-types.Rmd' failed with diagnostics:
    pandoc document conversion failed with error 6
    --- failed re-building ‘google-authentication-types.Rmd’
    
    --- re-building ‘setup.Rmd’ using rmarkdown
    dyld: lazy symbol binding failed: Symbol not found: ____chkstk_darwin
     Referenced from: /usr/local/bin/pandoc (which was built for Mac OS X 10.15)
     Expected in: /usr/lib/libSystem.B.dylib
    
    dyld: Symbol not found: ____chkstk_darwin
     Referenced from: /usr/local/bin/pandoc (which was built for Mac OS X 10.15)
     Expected in: /usr/lib/libSystem.B.dylib
    
    Error: processing vignette 'setup.Rmd' failed with diagnostics:
    pandoc document conversion failed with error 6
    --- failed re-building ‘setup.Rmd’
    
    --- re-building ‘troubleshooting.Rmd’ using rmarkdown
    dyld: lazy symbol binding failed: Symbol not found: ____chkstk_darwin
     Referenced from: /usr/local/bin/pandoc (which was built for Mac OS X 10.15)
     Expected in: /usr/lib/libSystem.B.dylib
    
    dyld: Symbol not found: ____chkstk_darwin
     Referenced from: /usr/local/bin/pandoc (which was built for Mac OS X 10.15)
     Expected in: /usr/lib/libSystem.B.dylib
    
    Error: processing vignette 'troubleshooting.Rmd' failed with diagnostics:
    pandoc document conversion failed with error 6
    --- failed re-building ‘troubleshooting.Rmd’
    
    SUMMARY: processing the following files failed:
     ‘advanced-building.Rmd’ ‘building.Rmd’
     ‘google-authentication-types.Rmd’ ‘setup.Rmd’ ‘troubleshooting.Rmd’
    
    Error: Vignette re-building failed.
    Execution halted
Flavor: r-patched-osx-x86_64