CRAN Package Check Results for Package gmailr

Last updated on 2020-04-25 01:53:03 CEST.

Flavor Version Tinstall Tcheck Ttotal Status Flags
r-devel-linux-x86_64-debian-clang 1.0.0 5.25 38.49 43.74 OK
r-devel-linux-x86_64-debian-gcc 1.0.0 3.76 30.03 33.79 OK
r-devel-linux-x86_64-fedora-clang 1.0.0 53.19 OK
r-devel-linux-x86_64-fedora-gcc 1.0.0 52.85 OK
r-devel-windows-ix86+x86_64 1.0.0 14.00 52.00 66.00 OK
r-patched-linux-x86_64 1.0.0 3.90 37.45 41.35 OK
r-patched-osx-x86_64 1.0.0 WARN
r-patched-solaris-x86 1.0.0 72.30 OK
r-release-linux-x86_64 1.0.0 3.88 34.64 38.52 OK
r-release-windows-ix86+x86_64 1.0.0 10.00 49.00 59.00 OK
r-release-osx-x86_64 1.0.0 OK
r-oldrel-windows-ix86+x86_64 1.0.0 6.00 64.00 70.00 OK
r-oldrel-osx-x86_64 1.0.0 OK

Check Details

Version: 1.0.0
Check: re-building of vignette outputs
Result: WARN
    Error(s) in re-building vignettes:
    --- re-building ‘gmailr.Rmd’ using rmarkdown
    
    Attaching package: 'gmailr'
    
    The following object is masked from 'package:utils':
    
     history
    
    The following objects are masked from 'package:base':
    
     body, date, labels, message
    
    dyld: lazy symbol binding failed: Symbol not found: ____chkstk_darwin
     Referenced from: /usr/local/bin/pandoc (which was built for Mac OS X 10.15)
     Expected in: /usr/lib/libSystem.B.dylib
    
    dyld: Symbol not found: ____chkstk_darwin
     Referenced from: /usr/local/bin/pandoc (which was built for Mac OS X 10.15)
     Expected in: /usr/lib/libSystem.B.dylib
    
    Error: processing vignette 'gmailr.Rmd' failed with diagnostics:
    pandoc document conversion failed with error 6
    --- failed re-building ‘gmailr.Rmd’
    
    --- re-building ‘sending_messages.Rmd’ using rmarkdown
    dyld: lazy symbol binding failed: Symbol not found: ____chkstk_darwin
     Referenced from: /usr/local/bin/pandoc (which was built for Mac OS X 10.15)
     Expected in: /usr/lib/libSystem.B.dylib
    
    dyld: Symbol not found: ____chkstk_darwin
     Referenced from: /usr/local/bin/pandoc (which was built for Mac OS X 10.15)
     Expected in: /usr/lib/libSystem.B.dylib
    
    Error: processing vignette 'sending_messages.Rmd' failed with diagnostics:
    pandoc document conversion failed with error 6
    --- failed re-building ‘sending_messages.Rmd’
    
    SUMMARY: processing the following files failed:
     ‘gmailr.Rmd’ ‘sending_messages.Rmd’
    
    Error: Vignette re-building failed.
    Execution halted
Flavor: r-patched-osx-x86_64