CRAN Package Check Results for Package glmdisc

Last updated on 2020-04-25 01:53:03 CEST.

Flavor Version Tinstall Tcheck Ttotal Status Flags
r-devel-linux-x86_64-debian-clang 0.5 39.11 301.93 341.04 OK
r-devel-linux-x86_64-debian-gcc 0.5 31.11 216.68 247.79 OK
r-devel-linux-x86_64-fedora-clang 0.5 404.29 OK
r-devel-linux-x86_64-fedora-gcc 0.5 401.59 OK
r-devel-windows-ix86+x86_64 0.5 131.00 369.00 500.00 OK
r-patched-linux-x86_64 0.5 36.02 290.28 326.30 OK
r-patched-osx-x86_64 0.5 WARN
r-patched-solaris-x86 0.5 550.20 OK
r-release-linux-x86_64 0.5 35.86 278.24 314.10 OK
r-release-windows-ix86+x86_64 0.5 118.00 360.00 478.00 OK
r-release-osx-x86_64 0.5 OK
r-oldrel-windows-ix86+x86_64 0.5 54.00 472.00 526.00 OK
r-oldrel-osx-x86_64 0.5 OK

Check Details

Version: 0.5
Check: re-building of vignette outputs
Result: WARN
    Error(s) in re-building vignettes:
    --- re-building ‘glmdisc.Rmd’ using rmarkdown
    Iteration 1 ended with a performance of aic = -Inf
    Iteration 2 ended with a performance of aic = -140.637585749623
    Iteration 3 ended with a performance of aic = -130.765222266521
    Iteration 4 ended with a performance of aic = -143.331684261391
    Iteration 5 ended with a performance of aic = -135.670774812799
    Iteration 6 ended with a performance of aic = -134.560147442645
    Iteration 7 ended with a performance of aic = -138.74803199301
    Iteration 8 ended with a performance of aic = -126.845559930402
    Iteration 9 ended with a performance of aic = -135.041805122291
    Iteration 10 ended with a performance of aic = -109.201729235011
    Iteration 11 ended with a performance of aic = -114.288190255055
    Iteration 12 ended with a performance of aic = -133.897942395261
    Iteration 13 ended with a performance of aic = -126.477633869828
    Iteration 14 ended with a performance of aic = -113.791667249736
    Iteration 15 ended with a performance of aic = -110.234641149554
    Iteration 16 ended with a performance of aic = -117.264658037021
    Iteration 17 ended with a performance of aic = -122.548856272475
    Iteration 18 ended with a performance of aic = -125.224333335421
    Iteration 19 ended with a performance of aic = -124.96682193086
    Iteration 20 ended with a performance of aic = -124.350440739062
    Iteration 21 ended with a performance of aic = -115.925750747515
    Iteration 22 ended with a performance of aic = -107.879689901074
    Iteration 23 ended with a performance of aic = -100.431522901612
    Iteration 24 ended with a performance of aic = -121.632487281201
    Iteration 25 ended with a performance of aic = -121.621935143165
    Iteration 26 ended with a performance of aic = -124.113011559412
    Iteration 27 ended with a performance of aic = -117.388941662697
    Iteration 28 ended with a performance of aic = -101.639692897916
    Iteration 29 ended with a performance of aic = -136.287339572981
    Iteration 30 ended with a performance of aic = -135.339146083804
    Iteration 31 ended with a performance of aic = -124.454418874817
    Iteration 32 ended with a performance of aic = -136.619682544395
    Iteration 33 ended with a performance of aic = -124.871756722143
    Iteration 34 ended with a performance of aic = -129.077236796326
    Iteration 35 ended with a performance of aic = -135.478052032247
    Iteration 36 ended with a performance of aic = -139.889359490843
    Iteration 37 ended with a performance of aic = -138.212758488216
    Iteration 38 ended with a performance of aic = -135.960848211634
    Iteration 39 ended with a performance of aic = -131.998872064329
    Iteration 40 ended with a performance of aic = -131.743152514237
    Iteration 41 ended with a performance of aic = -129.310498050677
    Iteration 42 ended with a performance of aic = -130.730398602076
    Iteration 43 ended with a performance of aic = -130.172008598311
    Iteration 44 ended with a performance of aic = -129.886937326486
    Iteration 45 ended with a performance of aic = -132.013872007242
    Iteration 46 ended with a performance of aic = -132.681718518747
    Iteration 47 ended with a performance of aic = -132.681718518747
    Iteration 48 ended with a performance of aic = -121.520108590662
    Iteration 49 ended with a performance of aic = -115.517623109987
    Iteration 50 ended with a performance of aic = -126.229621743659
    Current interaction being tested is between variables and with a probability of acceptance of 8.7745938110656e+39
    Iteration 1 ended with a performance of aic = -Inf
    Current interaction being tested is between variables and with a probability of acceptance of 7.3900614916609e-24
    Iteration 2 ended with a performance of aic = -131.061468181794
    Current interaction being tested is between variables and with a probability of acceptance of 2.63435852071629e+21
    Iteration 3 ended with a performance of aic = -118.060777643213
    Current interaction being tested is between variables and with a probability of acceptance of 1.67572981731984e-13
    Iteration 4 ended with a performance of aic = -111.893089158061
    Current interaction being tested is between variables and with a probability of acceptance of 2.06295970645609e-18
    Iteration 5 ended with a performance of aic = -105.077262302559
    Current interaction being tested is between variables and with a probability of acceptance of 2.4348736758096e-25
    Iteration 6 ended with a performance of aic = -116.869135736752
    Current interaction being tested is between variables and with a probability of acceptance of 5.31322098092167e-13
    Iteration 7 ended with a performance of aic = -141.453140727124
    Current interaction being tested is between variables and with a probability of acceptance of 0.0269250959078424
    Iteration 8 ended with a performance of aic = -143.040075124792
    Current interaction being tested is between variables and with a probability of acceptance of 2.6002023247161e-13
    Iteration 9 ended with a performance of aic = -141.764162298237
    Current interaction being tested is between variables and with a probability of acceptance of 7.60053704302767e-13
    Iteration 10 ended with a performance of aic = -140.862822624477
    Current interaction being tested is between variables and with a probability of acceptance of 5.09543418662719e-13
    Iteration 11 ended with a performance of aic = -127.621881634968
    Current interaction being tested is between variables and with a probability of acceptance of 1.21303142884361e-10
    Iteration 12 ended with a performance of aic = -135.169281314857
    Current interaction being tested is between variables and with a probability of acceptance of 1.21303098686277e-14
    Iteration 13 ended with a performance of aic = -141.509489034948
    Current interaction being tested is between variables and with a probability of acceptance of 2.69249965685874e-14
    Iteration 14 ended with a performance of aic = -137.307097246315
    Current interaction being tested is between variables and with a probability of acceptance of 1.6566017856324e-13
    Iteration 15 ended with a performance of aic = -141.403522245077
    Current interaction being tested is between variables and with a probability of acceptance of 1.68501510434542e-19
    Iteration 16 ended with a performance of aic = -132.206017172958
    Current interaction being tested is between variables and with a probability of acceptance of 2.56977134787904e-14
    Iteration 17 ended with a performance of aic = -116.060162657378
    Current interaction being tested is between variables and with a probability of acceptance of 8.83572072182503e-19
    Iteration 18 ended with a performance of aic = -101.113592722836
    Current interaction being tested is between variables and with a probability of acceptance of 7.90815125398969e-14
    Iteration 19 ended with a performance of aic = -113.446105576882
    Current interaction being tested is between variables and with a probability of acceptance of 9.45957040783517e-13
    Iteration 20 ended with a performance of aic = -133.506500514217
    Current interaction being tested is between variables and with a probability of acceptance of 1.73147764980321e-12
    Iteration 21 ended with a performance of aic = -119.503621445839
    Current interaction being tested is between variables and with a probability of acceptance of 2.63282527702025e-13
    Iteration 22 ended with a performance of aic = -114.481505657139
    Current interaction being tested is between variables and with a probability of acceptance of 1.05856480162889e-11
    Iteration 23 ended with a performance of aic = -105.3941832859
    Current interaction being tested is between variables and with a probability of acceptance of 7.90819742815965e-20
    Iteration 24 ended with a performance of aic = -107.13863847827
    Current interaction being tested is between variables and with a probability of acceptance of 7.46850734225151e-23
    Iteration 25 ended with a performance of aic = -98.9200059434765
    Current interaction being tested is between variables and with a probability of acceptance of 2.51924270759117e-23
    Iteration 26 ended with a performance of aic = -99.0935461796877
    Current interaction being tested is between variables and with a probability of acceptance of 5.6455940515493e-25
    Iteration 27 ended with a performance of aic = -101.772528065253
    Current interaction being tested is between variables and with a probability of acceptance of 1.02039896985801e-19
    Iteration 28 ended with a performance of aic = -123.725157486356
    Current interaction being tested is between variables and with a probability of acceptance of 2.13328514889918e-23
    Iteration 29 ended with a performance of aic = -124.302759883904
    Current interaction being tested is between variables and with a probability of acceptance of 1.08115600901513e-25
    Iteration 30 ended with a performance of aic = -111.221012449016
    Current interaction being tested is between variables and with a probability of acceptance of 7.90819716135701e-20
    Iteration 31 ended with a performance of aic = -113.545353095084
    Current interaction being tested is between variables and with a probability of acceptance of 7.9081822496082e-14
    Iteration 32 ended with a performance of aic = -109.585583611238
    Current interaction being tested is between variables and with a probability of acceptance of 7.90824475171714e-14
    Iteration 33 ended with a performance of aic = -115.766005663283
    Current interaction being tested is between variables and with a probability of acceptance of 8.31215811301533e-18
    Iteration 34 ended with a performance of aic = -117.619082147345
    Current interaction being tested is between variables and with a probability of acceptance of 7.9081977617163e-18
    Iteration 35 ended with a performance of aic = -104.550548360845
    Current interaction being tested is between variables and with a probability of acceptance of 2.69250141766255e-20
    Iteration 36 ended with a performance of aic = -104.059035678348
    Current interaction being tested is between variables and with a probability of acceptance of 7.90819193121466e-14
    Iteration 37 ended with a performance of aic = -96.4729071711467
    Current interaction being tested is between variables and with a probability of acceptance of 7.90813791070425e-10
    Iteration 38 ended with a performance of aic = -95.7244876319028
    Current interaction being tested is between variables and with a probability of acceptance of 2.69251242401947e-14
    Iteration 39 ended with a performance of aic = -98.9366317779353
    Current interaction being tested is between variables and with a probability of acceptance of 7.90817838509564e-10
    Iteration 40 ended with a performance of aic = -107.534867650069
    Current interaction being tested is between variables and with a probability of acceptance of 7.90819344637066e-10
    Iteration 41 ended with a performance of aic = -101.96625341095
    Current interaction being tested is between variables and with a probability of acceptance of 2.69250943980449e-18
    Iteration 42 ended with a performance of aic = -95.9612120402255
    Current interaction being tested is between variables and with a probability of acceptance of 7.90819223554325e-10
    Iteration 43 ended with a performance of aic = -98.7594982296955
    Current interaction being tested is between variables and with a probability of acceptance of 5.74015057136007e-17
    Iteration 44 ended with a performance of aic = -105.800579024192
    Current interaction being tested is between variables and with a probability of acceptance of 1.89265669979079e-13
    Iteration 45 ended with a performance of aic = -120.428856458582
    Current interaction being tested is between variables and with a probability of acceptance of 3.89822837916389e-14
    Iteration 46 ended with a performance of aic = -114.007373429216
    Current interaction being tested is between variables and with a probability of acceptance of 1.69195201332428e-13
    Iteration 47 ended with a performance of aic = -112.007469065342
    Current interaction being tested is between variables and with a probability of acceptance of 0.0269250959078424
    Iteration 48 ended with a performance of aic = -105.258922528482
    Current interaction being tested is between variables and with a probability of acceptance of 7.90818660015523e-10
    Iteration 49 ended with a performance of aic = -103.547342720639
    Current interaction being tested is between variables and with a probability of acceptance of 7.90824381287447e-14
    Iteration 50 ended with a performance of aic = -99.8127033144416
    Current interaction being tested is between variables and with a probability of acceptance of 4.91468825980733e-42
    Iteration 1 ended with a performance of aic = -Inf
    Current interaction being tested is between variables and with a probability of acceptance of 1.12610853747608e-09
    Iteration 2 ended with a performance of aic = -129.060176702344
    Current interaction being tested is between variables and with a probability of acceptance of 6.18402347754057e-10
    Iteration 3 ended with a performance of aic = -108.119508806693
    Current interaction being tested is between variables and with a probability of acceptance of 2.72446033753665e-13
    Iteration 4 ended with a performance of aic = -123.741803555684
    Current interaction being tested is between variables and with a probability of acceptance of 1.73417376860391e-25
    Iteration 5 ended with a performance of aic = -123.256822335618
    Current interaction being tested is between variables and with a probability of acceptance of 4.03479239976946e-13
    Iteration 6 ended with a performance of aic = -117.967124225572
    Current interaction being tested is between variables and with a probability of acceptance of 1.37627242214326e-19
    Iteration 7 ended with a performance of aic = -105.437721182915
    Current interaction being tested is between variables and with a probability of acceptance of 3.02475539427542e-12
    Iteration 8 ended with a performance of aic = -139.158841774341
    Current interaction being tested is between variables and with a probability of acceptance of 1.07514470288237e-24
    Iteration 9 ended with a performance of aic = -119.689006298028
    Current interaction being tested is between variables and with a probability of acceptance of 3.07300493794984e-30
    Iteration 10 ended with a performance of aic = -142.831466337978
    Current interaction being tested is between variables and with a probability of acceptance of 1.47264053075124e-13
    Iteration 11 ended with a performance of aic = -133.396518063317
    Current interaction being tested is between variables and with a probability of acceptance of 3.4669892336205e-24
    Iteration 12 ended with a performance of aic = -127.866306362005
    Current interaction being tested is between variables and with a probability of acceptance of 4.64259223604671e-25
    Iteration 13 ended with a performance of aic = -117.19510048741
    Current interaction being tested is between variables and with a probability of acceptance of 1.85271296613921e-20
    Iteration 14 ended with a performance of aic = -126.023266068083
    Current interaction being tested is between variables and with a probability of acceptance of 5.34334187589477e-18
    Iteration 15 ended with a performance of aic = -126.729724291944
    Current interaction being tested is between variables and with a probability of acceptance of 2.26486501260677e-19
    Iteration 16 ended with a performance of aic = -130.838977489761
    Current interaction being tested is between variables and with a probability of acceptance of 3.15499816502721e-31
    Iteration 17 ended with a performance of aic = -129.114804157718
    Current interaction being tested is between variables and with a probability of acceptance of 3.76281144136426e-13
    Iteration 18 ended with a performance of aic = -134.125169769074
    Current interaction being tested is between variables and with a probability of acceptance of 4.00395407329512e-13
    Iteration 19 ended with a performance of aic = -133.445716951841
    Current interaction being tested is between variables and with a probability of acceptance of 8.4311044917408e-14
    Iteration 20 ended with a performance of aic = -144.093452583684
    Current interaction being tested is between variables and with a probability of acceptance of 3.09937366909541e-13
    Iteration 21 ended with a performance of aic = -135.692651147628
    Current interaction being tested is between variables and with a probability of acceptance of 1.76388682682207e-13
    Iteration 22 ended with a performance of aic = -136.377845865632
    Current interaction being tested is between variables and with a probability of acceptance of 1.5205856071957e-13
    Iteration 23 ended with a performance of aic = -131.660929091107
    Current interaction being tested is between variables and with a probability of acceptance of 2.03249952952447e-11
    Iteration 24 ended with a performance of aic = -133.671679076143
    Current interaction being tested is between variables and with a probability of acceptance of 8.04685670294469e-12
    Iteration 25 ended with a performance of aic = -131.361550963213
    Current interaction being tested is between variables and with a probability of acceptance of 2.1912794110177e-22
    Iteration 26 ended with a performance of aic = -140.566838309292
    Current interaction being tested is between variables and with a probability of acceptance of 2.16286772659115e-32
    Iteration 27 ended with a performance of aic = -140.793868798742
    Current interaction being tested is between variables and with a probability of acceptance of 9.12771635487961e-12
    Iteration 28 ended with a performance of aic = -135.125360607968
    Current interaction being tested is between variables and with a probability of acceptance of 6.39065111546473e-25
    Iteration 29 ended with a performance of aic = -135.587552087351
    Current interaction being tested is between variables and with a probability of acceptance of 1.88547629761088e-16
    Iteration 30 ended with a performance of aic = -132.337496478593
    Current interaction being tested is between variables and with a probability of acceptance of 1.11414762827121e-17
    Iteration 31 ended with a performance of aic = -120.741729564255
    Current interaction being tested is between variables and with a probability of acceptance of 1.55448111695653e-17
    Iteration 32 ended with a performance of aic = -126.620301380805
    Current interaction being tested is between variables and with a probability of acceptance of 1.56667792718324e-12
    Iteration 33 ended with a performance of aic = -131.791980328757
    Current interaction being tested is between variables and with a probability of acceptance of 1.47520072356352e-19
    Iteration 34 ended with a performance of aic = -117.002253269479
    Current interaction being tested is between variables and with a probability of acceptance of 2.47187766405062e-20
    Iteration 35 ended with a performance of aic = -116.962674138624
    Current interaction being tested is between variables and with a probability of acceptance of 2.11217685001185e-31
    Iteration 36 ended with a performance of aic = -90.8141096237953
    Current interaction being tested is between variables and with a probability of acceptance of 1.0528474083015e-28
    Iteration 37 ended with a performance of aic = -109.170493948269
    Current interaction being tested is between variables and with a probability of acceptance of 9.86669140257982e-24
    Iteration 38 ended with a performance of aic = -111.349603473615
    Current interaction being tested is between variables and with a probability of acceptance of 0.017468451730519
    Iteration 39 ended with a performance of aic = -109.100095219672
    Current interaction being tested is between variables and with a probability of acceptance of 3.52751290016267e-19
    Iteration 40 ended with a performance of aic = -117.834244285338
    Current interaction being tested is between variables and with a probability of acceptance of 5.8665633546662e-10
    Iteration 41 ended with a performance of aic = -109.215292972716
    Current interaction being tested is between variables and with a probability of acceptance of 0.017468451730519
    Iteration 42 ended with a performance of aic = -105.746566604537
    Current interaction being tested is between variables and with a probability of acceptance of 0.0122069263326054
    Iteration 43 ended with a performance of aic = -112.476920170123
    Current interaction being tested is between variables and with a probability of acceptance of 2.13117133427947e-14
    Iteration 44 ended with a performance of aic = -98.7576332022261
    Current interaction being tested is between variables and with a probability of acceptance of 1.39344471603375e-12
    Iteration 45 ended with a performance of aic = -87.2848078653387
    Current interaction being tested is between variables and with a probability of acceptance of 1.91853519443258e-13
    Iteration 46 ended with a performance of aic = -92.0545806379575
    Current interaction being tested is between variables and with a probability of acceptance of 3.27611532841769e-13
    Iteration 47 ended with a performance of aic = -91.2939257026149
    Current interaction being tested is between variables and with a probability of acceptance of 1.40759717284861e-18
    Iteration 48 ended with a performance of aic = -94.2578089834754
    Current interaction being tested is between variables and with a probability of acceptance of 2.67365871186258e-13
    Iteration 49 ended with a performance of aic = -94.4378435831965
    Current interaction being tested is between variables and with a probability of acceptance of 0.0122069263326054
    Iteration 50 ended with a performance of aic = -103.799978535701
    Current interaction being tested is between variables and with a probability of acceptance of 8.16293327541628e+38
    Iteration 1 ended with a performance of aic = -Inf
    Current interaction being tested is between variables and with a probability of acceptance of 18.1212936331417
    Iteration 2 ended with a performance of aic = -125.049085415901
    Current interaction being tested is between variables and with a probability of acceptance of 1.97612587451903e-13
    Iteration 3 ended with a performance of aic = -136.197719825966
    Current interaction being tested is between variables and with a probability of acceptance of 7.39245299311202e-17
    Iteration 4 ended with a performance of aic = -140.678027149194
    Current interaction being tested is between variables and with a probability of acceptance of 4.09645780141149e-16
    Iteration 5 ended with a performance of aic = -150.384553487625
    Current interaction being tested is between variables and with a probability of acceptance of 5.51836955443258e-14
    Iteration 6 ended with a performance of aic = -149.082266512825
    Current interaction being tested is between variables and with a probability of acceptance of 1.53374113755587e-24
    Iteration 7 ended with a performance of aic = -138.464645029821
    Current interaction being tested is between variables and with a probability of acceptance of 7.74316163519484e-26
    Iteration 8 ended with a performance of aic = -134.756670354974
    Current interaction being tested is between variables and with a probability of acceptance of 2.45247860289331e-13
    Iteration 9 ended with a performance of aic = -137.707231741162
    Current interaction being tested is between variables and with a probability of acceptance of 3.15480307162043e-13
    Iteration 10 ended with a performance of aic = -137.544852798096
    Current interaction being tested is between variables and with a probability of acceptance of 9.50926018786927e-19
    Iteration 11 ended with a performance of aic = -145.128717446966
    Current interaction being tested is between variables and with a probability of acceptance of 1.5460453417137e-18
    Iteration 12 ended with a performance of aic = -132.22825330371
    Current interaction being tested is between variables and with a probability of acceptance of 0.0100016728567488
    Iteration 13 ended with a performance of aic = -145.290401368855
    Current interaction being tested is between variables and with a probability of acceptance of 1.0242007748284e-17
    Iteration 14 ended with a performance of aic = -150.512542856342
    Current interaction being tested is between variables and with a probability of acceptance of 1.93227843558691e-13
    Iteration 15 ended with a performance of aic = -143.946820522661
    Current interaction being tested is between variables and with a probability of acceptance of 2.98379482233563e-21
    Iteration 16 ended with a performance of aic = -137.820507395281
    Current interaction being tested is between variables and with a probability of acceptance of 3.64892616268301e-16
    Iteration 17 ended with a performance of aic = -150.183579114748
    Current interaction being tested is between variables and with a probability of acceptance of 1.88196020136784e-17
    Iteration 18 ended with a performance of aic = -131.564918320323
    Current interaction being tested is between variables and with a probability of acceptance of 2.96858637771507e-13
    Iteration 19 ended with a performance of aic = -151.240366451234
    Current interaction being tested is between variables and with a probability of acceptance of 4.71640479633503e-14
    Iteration 20 ended with a performance of aic = -151.745360590838
    Current interaction being tested is between variables and with a probability of acceptance of 2.29268613498286e-30
    Iteration 21 ended with a performance of aic = -131.399764101235
    Current interaction being tested is between variables and with a probability of acceptance of 5.28402803242416e-13
    Iteration 22 ended with a performance of aic = -141.099727816723
    Current interaction being tested is between variables and with a probability of acceptance of 2.80587831109078e-31
    Iteration 23 ended with a performance of aic = -133.036026184095
    Current interaction being tested is between variables and with a probability of acceptance of 5.36664582997573e-25
    Iteration 24 ended with a performance of aic = -129.290861989182
    Current interaction being tested is between variables and with a probability of acceptance of 2.41745134977628e-24
    Iteration 25 ended with a performance of aic = -128.442539633685
    Current interaction being tested is between variables and with a probability of acceptance of 9.72606753039643e-26
    Iteration 26 ended with a performance of aic = -128.23733196212
    Current interaction being tested is between variables and with a probability of acceptance of 4.9099637415212e-24
    Iteration 27 ended with a performance of aic = -125.000567922297
    Current interaction being tested is between variables and with a probability of acceptance of 2.08169254886717e-17
    Iteration 28 ended with a performance of aic = -123.525808967296
    Current interaction being tested is between variables and with a probability of acceptance of 1.69529481464602e-20
    Iteration 29 ended with a performance of aic = -120.624506452041
    Current interaction being tested is between variables and with a probability of acceptance of 5.01855929139096e-19
    Iteration 30 ended with a performance of aic = -117.967196202992
    Current interaction being tested is between variables and with a probability of acceptance of 1.39294244662315e-19
    Iteration 31 ended with a performance of aic = -119.087017177103
    Current interaction being tested is between variables and with a probability of acceptance of 1.3200297735907e-18
    Iteration 32 ended with a performance of aic = -122.046330430299
    Current interaction being tested is between variables and with a probability of acceptance of 2.83800836798545e-19
    Iteration 33 ended with a performance of aic = -127.296606077943
    Current interaction being tested is between variables and with a probability of acceptance of 2.49864853328323e-18
    Iteration 34 ended with a performance of aic = -123.971337419811
    Current interaction being tested is between variables and with a probability of acceptance of 3.47627259517367e-14
    Iteration 35 ended with a performance of aic = -125.460207541731
    Current interaction being tested is between variables and with a probability of acceptance of 9.8062925576886e-24
    Iteration 36 ended with a performance of aic = -121.167714658141
    Current interaction being tested is between variables and with a probability of acceptance of 9.64641542325555e-14
    Iteration 37 ended with a performance of aic = -119.631636203765
    Current interaction being tested is between variables and with a probability of acceptance of 5.37860917905818e-13
    Iteration 38 ended with a performance of aic = -116.940108924426
    Current interaction being tested is between variables and with a probability of acceptance of 1.94733817057427e-19
    Iteration 39 ended with a performance of aic = -120.463836480523
    Current interaction being tested is between variables and with a probability of acceptance of 9.39669346090232e-14
    Iteration 40 ended with a performance of aic = -119.605408370551
    Current interaction being tested is between variables and with a probability of acceptance of 1.68543886705857e-13
    Iteration 41 ended with a performance of aic = -115.528460202087
    Current interaction being tested is between variables and with a probability of acceptance of 1.36470940753011e-13
    Iteration 42 ended with a performance of aic = -129.906802138315
    Current interaction being tested is between variables and with a probability of acceptance of 1.48947331628291e-20
    Iteration 43 ended with a performance of aic = -126.935636774634
    Current interaction being tested is between variables and with a probability of acceptance of 7.60164846116775e-19
    Iteration 44 ended with a performance of aic = -125.453846275236
    Current interaction being tested is between variables and with a probability of acceptance of 1.46276888655594e-18
    Iteration 45 ended with a performance of aic = -130.475784918808
    Current interaction being tested is between variables and with a probability of acceptance of 1.16432980307088e-13
    Iteration 46 ended with a performance of aic = -128.247499759387
    Current interaction being tested is between variables and with a probability of acceptance of 3.52969174688029e-14
    Iteration 47 ended with a performance of aic = -145.482080432917
    Current interaction being tested is between variables and with a probability of acceptance of 1.44451187680423e-14
    Iteration 48 ended with a performance of aic = -146.526749810201
    Current interaction being tested is between variables and with a probability of acceptance of 1.00016829954173e-14
    Iteration 49 ended with a performance of aic = -144.99339792716
    Current interaction being tested is between variables and with a probability of acceptance of 2.12440686274928e-12
    Iteration 50 ended with a performance of aic = -137.659188868161
    Current interaction being tested is between variables and with a probability of acceptance of 1.64106338538381e+37
    Iteration 1 ended with a performance of aic = -Inf
    Current interaction being tested is between variables and with a probability of acceptance of 31103179870393.1
    Iteration 2 ended with a performance of aic = -163.465885250199
    Current interaction being tested is between variables and with a probability of acceptance of 1.11730647766799e-19
    Iteration 3 ended with a performance of aic = -140.578794078015
    Current interaction being tested is between variables and with a probability of acceptance of 4.63869234976768e-18
    Iteration 4 ended with a performance of aic = -133.173839630412
    Current interaction being tested is between variables and with a probability of acceptance of 1.16471617133953e-10
    Iteration 5 ended with a performance of aic = -135.488252313859
    Current interaction being tested is between variables and with a probability of acceptance of 1.72780362792812e-14
    Iteration 6 ended with a performance of aic = -132.190135276711
    Current interaction being tested is between variables and with a probability of acceptance of 2.98055561840422e-19
    Iteration 7 ended with a performance of aic = -115.678438467983
    Current interaction being tested is between variables and with a probability of acceptance of 1.14313791935916e-19
    Iteration 8 ended with a performance of aic = -123.30595429749
    Current interaction being tested is between variables and with a probability of acceptance of 1.00491985669892e-10
    Iteration 9 ended with a performance of aic = -129.048187965009
    Current interaction being tested is between variables and with a probability of acceptance of 2.43481483183368e-19
    Iteration 10 ended with a performance of aic = -127.929507603958
    Current interaction being tested is between variables and with a probability of acceptance of 2.16673303812888e-14
    Iteration 11 ended with a performance of aic = -128.644962659137
    Current interaction being tested is between variables and with a probability of acceptance of 3.71290024922692e-14
    Iteration 12 ended with a performance of aic = -129.30128342087
    Current interaction being tested is between variables and with a probability of acceptance of 1.81284511525307e-14
    Iteration 13 ended with a performance of aic = -125.1897771041
    Current interaction being tested is between variables and with a probability of acceptance of 2.2811669357809e-19
    Iteration 14 ended with a performance of aic = -142.621005106509
    Current interaction being tested is between variables and with a probability of acceptance of 2.41143796838703e-14
    Iteration 15 ended with a performance of aic = -139.907722852828
    Current interaction being tested is between variables and with a probability of acceptance of 1.00565860330555e-14
    Iteration 16 ended with a performance of aic = -142.484854937012
    Current interaction being tested is between variables and with a probability of acceptance of 1.79035029728804e-08
    Iteration 17 ended with a performance of aic = -144.705176535041
    Current interaction being tested is between variables and with a probability of acceptance of 3.27801462379249e-10
    Iteration 18 ended with a performance of aic = -146.489634316239
    Current interaction being tested is between variables and with a probability of acceptance of 1.00577367611602e-14
    Iteration 19 ended with a performance of aic = -143.305853460762
    Current interaction being tested is between variables and with a probability of acceptance of 2.03627609669106e-09
    Iteration 20 ended with a performance of aic = -145.877174671357
    Current interaction being tested is between variables and with a probability of acceptance of 3.38455787045418e-19
    Iteration 21 ended with a performance of aic = -149.196076934377
    Current interaction being tested is between variables and with a probability of acceptance of 3.92782219258044e-18
    Iteration 22 ended with a performance of aic = -146.62756200472
    Current interaction being tested is between variables and with a probability of acceptance of 4.0679678636171e-25
    Iteration 23 ended with a performance of aic = -150.396041696067
    Current interaction being tested is between variables and with a probability of acceptance of 7.30609857330538e-20
    Iteration 24 ended with a performance of aic = -147.868493497611
    Current interaction being tested is between variables and with a probability of acceptance of 2.25534869180018e-25
    Iteration 25 ended with a performance of aic = -138.342010868769
    Current interaction being tested is between variables and with a probability of acceptance of 8.57597831800104e-11
    Iteration 26 ended with a performance of aic = -141.596089958215
    Current interaction being tested is between variables and with a probability of acceptance of 1.14855817716728e-19
    Iteration 27 ended with a performance of aic = -144.416740756718
    Current interaction being tested is between variables and with a probability of acceptance of 1.50462594920442e-19
    Iteration 28 ended with a performance of aic = -139.463303839663
    Current interaction being tested is between variables and with a probability of acceptance of 1.52927631735674e-19
    Iteration 29 ended with a performance of aic = -136.980415413571
    Current interaction being tested is between variables and with a probability of acceptance of 1.39445211462863e-23
    Iteration 30 ended with a performance of aic = -134.091414491291
    Current interaction being tested is between variables and with a probability of acceptance of 5.31272712316758e-26
    Iteration 31 ended with a performance of aic = -129.846843423147
    Current interaction being tested is between variables and with a probability of acceptance of 1.19939918979625e-18
    Iteration 32 ended with a performance of aic = -129.606075074912
    Current interaction being tested is between variables and with a probability of acceptance of 7.7497536714142e-20
    Iteration 33 ended with a performance of aic = -126.102473394046
    Current interaction being tested is between variables and with a probability of acceptance of 3.79599487467391e-14
    Iteration 34 ended with a performance of aic = -126.022431937227
    Current interaction being tested is between variables and with a probability of acceptance of 1.05944733114152e-13
    Iteration 35 ended with a performance of aic = -129.25108136865
    Current interaction being tested is between variables and with a probability of acceptance of 2.51290030393612e-18
    Iteration 36 ended with a performance of aic = -139.403574622217
    Current interaction being tested is between variables and with a probability of acceptance of 6.10412195412839e-18
    Iteration 37 ended with a performance of aic = -134.75145245543
    Current interaction being tested is between variables and with a probability of acceptance of 1.51808492076778e-17
    Iteration 38 ended with a performance of aic = -131.785229845968
    Current interaction being tested is between variables and with a probability of acceptance of 1.10359606104882e-10
    Iteration 39 ended with a performance of aic = -136.22469918386
    Current interaction being tested is between variables and with a probability of acceptance of 1.28421496854095e-13
    Iteration 40 ended with a performance of aic = -138.592151971691
    Current interaction being tested is between variables and with a probability of acceptance of 9.86436425281672e-20
    Iteration 41 ended with a performance of aic = -144.678593994299
    Current interaction being tested is between variables and with a probability of acceptance of 1.58440077713217e-19
    Iteration 42 ended with a performance of aic = -142.221893124012
    Current interaction being tested is between variables and with a probability of acceptance of 1.46002772237507e-18
    Iteration 43 ended with a performance of aic = -142.587315453307
    Current interaction being tested is between variables and with a probability of acceptance of 1.49489736528791e-18
    Iteration 44 ended with a performance of aic = -144.097778966146
    Current interaction being tested is between variables and with a probability of acceptance of 1.14766259122246e-10
    Iteration 45 ended with a performance of aic = -140.094601345912
    Current interaction being tested is between variables and with a probability of acceptance of 6.72321347598888e-13
    Iteration 46 ended with a performance of aic = -141.19325479751
    Current interaction being tested is between variables and with a probability of acceptance of 1.12585893804272e-14
    Iteration 47 ended with a performance of aic = -140.99676265109
    Current interaction being tested is between variables and with a probability of acceptance of 4.66644390420874e-14
    Iteration 48 ended with a performance of aic = -141.130365638906
    Current interaction being tested is between variables and with a probability of acceptance of 1.42391031444099e-14
    Iteration 49 ended with a performance of aic = -141.681886765049
    Current interaction being tested is between variables and with a probability of acceptance of 7.35000107212636e-24
    Iteration 50 ended with a performance of aic = -135.770450116366
    Current interaction being tested is between variables and with a probability of acceptance of 6.66356372836287e-38
    Iteration 1 ended with a performance of aic = -Inf
    Current interaction being tested is between variables and with a probability of acceptance of 1.06940091307141e-09
    Iteration 2 ended with a performance of aic = -130.157806011431
    Current interaction being tested is between variables and with a probability of acceptance of 7.59242631209633e-12
    Iteration 3 ended with a performance of aic = -144.204166862498
    Current interaction being tested is between variables and with a probability of acceptance of 2.90672242016113e-11
    Iteration 4 ended with a performance of aic = -142.855441096869
    Current interaction being tested is between variables and with a probability of acceptance of 1.69694811132535e-10
    Iteration 5 ended with a performance of aic = -143.25269556065
    Current interaction being tested is between variables and with a probability of acceptance of 4.64419160720251e-13
    Iteration 6 ended with a performance of aic = -145.835171456707
    Current interaction being tested is between variables and with a probability of acceptance of 4.09625927690849e-18
    Iteration 7 ended with a performance of aic = -143.539844867702
    Current interaction being tested is between variables and with a probability of acceptance of 1.8861147914777e-13
    Iteration 8 ended with a performance of aic = -139.739482253337
    Current interaction being tested is between variables and with a probability of acceptance of 1.90592187262978e-11
    Iteration 9 ended with a performance of aic = -138.689282161591
    Current interaction being tested is between variables and with a probability of acceptance of 6.83412606588899e-11
    Iteration 10 ended with a performance of aic = -137.850413900044
    Current interaction being tested is between variables and with a probability of acceptance of 7.12571911981596e-16
    Iteration 11 ended with a performance of aic = -139.472724528088
    Current interaction being tested is between variables and with a probability of acceptance of 0.0110459367375677
    Iteration 12 ended with a performance of aic = -133.812203053062
    Current interaction being tested is between variables and with a probability of acceptance of 9.35389281688045e-25
    Iteration 13 ended with a performance of aic = -117.198098632998
    Current interaction being tested is between variables and with a probability of acceptance of 2.29865965428457e-14
    Iteration 14 ended with a performance of aic = -134.284995408288
    Current interaction being tested is between variables and with a probability of acceptance of 2.39036745078037e-19
    Iteration 15 ended with a performance of aic = -131.715183324382
    Current interaction being tested is between variables and with a probability of acceptance of 3.18208991124834e-19
    Iteration 16 ended with a performance of aic = -126.715408270104
    Current interaction being tested is between variables and with a probability of acceptance of 3.84619658340567e-19
    Iteration 17 ended with a performance of aic = -132.861548910159
    Current interaction being tested is between variables and with a probability of acceptance of 2.45377684517512e-23
    Iteration 18 ended with a performance of aic = -131.870518229454
    Current interaction being tested is between variables and with a probability of acceptance of 1.36502104688797e-14
    Iteration 19 ended with a performance of aic = -137.781931271285
    Current interaction being tested is between variables and with a probability of acceptance of 8.12555239173835e-19
    Iteration 20 ended with a performance of aic = -133.57131091465
    Current interaction being tested is between variables and with a probability of acceptance of 1.07873233469718e-14
    Iteration 21 ended with a performance of aic = -134.702948895594
    Current interaction being tested is between variables and with a probability of acceptance of 1.07873593345658e-14
    Iteration 22 ended with a performance of aic = -134.187269264274
    Current interaction being tested is between variables and with a probability of acceptance of 1.07086475658171e-13
    Iteration 23 ended with a performance of aic = -138.26367474743
    Current interaction being tested is between variables and with a probability of acceptance of 1.12960028599097e-14
    Iteration 24 ended with a performance of aic = -135.381254513598
    Current interaction being tested is between variables and with a probability of acceptance of 5.62194950683513e-10
    Iteration 25 ended with a performance of aic = -137.440885802415
    Current interaction being tested is between variables and with a probability of acceptance of 1.41267826613526e-14
    Iteration 26 ended with a performance of aic = -136.182098730224
    Current interaction being tested is between variables and with a probability of acceptance of 4.57671974032299e-17
    Iteration 27 ended with a performance of aic = -134.193571970807
    Current interaction being tested is between variables and with a probability of acceptance of 9.26746054713269e-19
    Iteration 28 ended with a performance of aic = -136.236064583247
    Current interaction being tested is between variables and with a probability of acceptance of 1.34177235382713e-13
    Iteration 29 ended with a performance of aic = -137.933111685012
    Current interaction being tested is between variables and with a probability of acceptance of 2.57580768971364e-17
    Iteration 30 ended with a performance of aic = -128.457047672253
    Current interaction being tested is between variables and with a probability of acceptance of 4.48091121516781e-19
    Iteration 31 ended with a performance of aic = -127.581702697266
    Current interaction being tested is between variables and with a probability of acceptance of 1.57827217584591e-17
    Iteration 32 ended with a performance of aic = -133.497061527731
    Current interaction being tested is between variables and with a probability of acceptance of 8.41346780938747e-13
    Iteration 33 ended with a performance of aic = -135.651210402212
    Current interaction being tested is between variables and with a probability of acceptance of 3.63482435254867e-10
    Iteration 34 ended with a performance of aic = -125.738023990209
    Current interaction being tested is between variables and with a probability of acceptance of 0.0624969241417324
    Iteration 35 ended with a performance of aic = -133.164888630529
    Current interaction being tested is between variables and with a probability of acceptance of 16.0007874584703
    Iteration 36 ended with a performance of aic = -122.705533650663
    Current interaction being tested is between variables and with a probability of acceptance of 6.0720055308202e-26
    Iteration 37 ended with a performance of aic = -117.159755922936
    Current interaction being tested is between variables and with a probability of acceptance of 0.0624969241417324
    Iteration 38 ended with a performance of aic = -117.775729815379
    Current interaction being tested is between variables and with a probability of acceptance of 0.0624969241417324
    Iteration 39 ended with a performance of aic = -120.065331986852
    Current interaction being tested is between variables and with a probability of acceptance of 6.24970600802774e-22
    Iteration 40 ended with a performance of aic = -121.551723527382
    Current interaction being tested is between variables and with a probability of acceptance of 2.76569314792301e-22
    Iteration 41 ended with a performance of aic = -118.589726369693
    Current interaction being tested is between variables and with a probability of acceptance of 1.88668684079444e-14
    Iteration 42 ended with a performance of aic = -129.572384512648
    Current interaction being tested is between variables and with a probability of acceptance of 4.97579439092711e-21
    Iteration 43 ended with a performance of aic = -128.193237724579
    Current interaction being tested is between variables and with a probability of acceptance of 5.50062660028038e-21
    Iteration 44 ended with a performance of aic = -129.86125227548
    Current interaction being tested is between variables and with a probability of acceptance of 1.35496441010721e-17
    Iteration 45 ended with a performance of aic = -127.185053850849
    Current interaction being tested is between variables and with a probability of acceptance of 5.61689178914299e-10
    Iteration 46 ended with a performance of aic = -133.535541114018
    Current interaction being tested is between variables and with a probability of acceptance of 8.70247497693223e-18
    Iteration 47 ended with a performance of aic = -134.028099406244
    Current interaction being tested is between variables and with a probability of acceptance of 2.0545940664623e-25
    Iteration 48 ended with a performance of aic = -137.347381469987
    Current interaction being tested is between variables and with a probability of acceptance of 2.33187323257159e-14
    Iteration 49 ended with a performance of aic = -137.652118221292
    Current interaction being tested is between variables and with a probability of acceptance of 1.38813468911169e-14
    Iteration 50 ended with a performance of aic = -142.571939172466
    Current interaction being tested is between variables and with a probability of acceptance of 1.29058526567712e-29
    Iteration 1 ended with a performance of aic = -Inf
    Current interaction being tested is between variables and with a probability of acceptance of 2.14307620096804e-21
    Iteration 2 ended with a performance of aic = -158.022268093361
    Current interaction being tested is between variables and with a probability of acceptance of 85819406564015120
    Iteration 3 ended with a performance of aic = -162.644486167508
    Current interaction being tested is between variables and with a probability of acceptance of 88.7896194791892
    Iteration 4 ended with a performance of aic = -148.286399875713
    Current interaction being tested is between variables and with a probability of acceptance of 2.47926939543757
    Iteration 5 ended with a performance of aic = -145.81825920634
    Current interaction being tested is between variables and with a probability of acceptance of 5.50486056906845e-10
    Iteration 6 ended with a performance of aic = -150.167267482314
    Current interaction being tested is between variables and with a probability of acceptance of 2111515.40744054
    Iteration 7 ended with a performance of aic = -144.916607219292
    Current interaction being tested is between variables and with a probability of acceptance of 2.47926939543757
    Iteration 8 ended with a performance of aic = -138.087951921159
    Current interaction being tested is between variables and with a probability of acceptance of 0.403344631220887
    Iteration 9 ended with a performance of aic = -145.165405032806
    Current interaction being tested is between variables and with a probability of acceptance of 1.27879508275571e-10
    Iteration 10 ended with a performance of aic = -149.336582559969
    Current interaction being tested is between variables and with a probability of acceptance of 2.47926939543757
    Iteration 11 ended with a performance of aic = -131.227289611862
    Current interaction being tested is between variables and with a probability of acceptance of 0.403344631220887
    Iteration 12 ended with a performance of aic = -144.657134832201
    Current interaction being tested is between variables and with a probability of acceptance of 2.47926939543757
    Iteration 13 ended with a performance of aic = -135.575004614243
    Current interaction being tested is between variables and with a probability of acceptance of 0.403344631220887
    Iteration 14 ended with a performance of aic = -138.927794713092
    Current interaction being tested is between variables and with a probability of acceptance of 13401421.5757959
    Iteration 15 ended with a performance of aic = -145.785439023147
    Current interaction being tested is between variables and with a probability of acceptance of 3.14418886720196e-08
    Iteration 16 ended with a performance of aic = -147.071811419684
    Current interaction being tested is between variables and with a probability of acceptance of 9.94276662566375e-10
    Iteration 17 ended with a performance of aic = -137.342166231544
    Current interaction being tested is between variables and with a probability of acceptance of 5.14580234089823e-08
    Iteration 18 ended with a performance of aic = -144.412989755332
    Current interaction being tested is between variables and with a probability of acceptance of 2.89592098182152e-06
    Iteration 19 ended with a performance of aic = -137.823611910804
    Current interaction being tested is between variables and with a probability of acceptance of 4.76346894465754e-07
    Iteration 20 ended with a performance of aic = -146.526537568503
    Current interaction being tested is between variables and with a probability of acceptance of 1.50604204337019e-08
    Iteration 21 ended with a performance of aic = -138.542350357718
    Current interaction being tested is between variables and with a probability of acceptance of 1.01515010116138e-10
    Iteration 22 ended with a performance of aic = -142.516766666608
    Current interaction being tested is between variables and with a probability of acceptance of 4.36999628432279e-10
    Iteration 23 ended with a performance of aic = -143.703041318793
    Current interaction being tested is between variables and with a probability of acceptance of 3.67967407196464e-07
    Iteration 24 ended with a performance of aic = -140.013516365499
    Current interaction being tested is between variables and with a probability of acceptance of 3.73809595097567e-11
    Iteration 25 ended with a performance of aic = -135.212280675824
    Current interaction being tested is between variables and with a probability of acceptance of 2.41535285043697e-17
    Iteration 26 ended with a performance of aic = -134.234200000007
    Current interaction being tested is between variables and with a probability of acceptance of 1.13406849083533e-20
    Iteration 27 ended with a performance of aic = -127.900606220853
    Current interaction being tested is between variables and with a probability of acceptance of 2.6923563839996e-21
    Iteration 28 ended with a performance of aic = -126.36173924189
    Current interaction being tested is between variables and with a probability of acceptance of 8.3763243504272e-16
    Iteration 29 ended with a performance of aic = -122.87278176994
    Current interaction being tested is between variables and with a probability of acceptance of 5.95775822939531e-20
    Iteration 30 ended with a performance of aic = -126.331490776337
    Current interaction being tested is between variables and with a probability of acceptance of 1.88653711642844e-16
    Iteration 31 ended with a performance of aic = -124.692583160086
    Current interaction being tested is between variables and with a probability of acceptance of 1.95434275988716e-15
    Iteration 32 ended with a performance of aic = -121.883711122404
    Current interaction being tested is between variables and with a probability of acceptance of 5.49572788946321e-16
    Iteration 33 ended with a performance of aic = -127.626376715788
    Current interaction being tested is between variables and with a probability of acceptance of 1.98608549906196e-22
    Iteration 34 ended with a performance of aic = -122.606369583009
    Current interaction being tested is between variables and with a probability of acceptance of 1.67307953810704e-23
    Iteration 35 ended with a performance of aic = -125.757936003482
    Current interaction being tested is between variables and with a probability of acceptance of 8.04388688248036e-22
    Iteration 36 ended with a performance of aic = -123.280663170983
    Current interaction being tested is between variables and with a probability of acceptance of 7.327895476666e-17
    Iteration 37 ended with a performance of aic = -136.530628762056
    Current interaction being tested is between variables and with a probability of acceptance of 1.27544709721444e-17
    Iteration 38 ended with a performance of aic = -136.775108509262
    Current interaction being tested is between variables and with a probability of acceptance of 7.70531579768204e-12
    Iteration 39 ended with a performance of aic = -136.398252887195
    Current interaction being tested is between variables and with a probability of acceptance of 8.89752691319187e-12
    Iteration 40 ended with a performance of aic = -137.134489680154
    Current interaction being tested is between variables and with a probability of acceptance of 1.48528013899937e-16
    Iteration 41 ended with a performance of aic = -138.381995047906
    Current interaction being tested is between variables and with a probability of acceptance of 1.33804200721578e-17
    Iteration 42 ended with a performance of aic = -140.090079555141
    Current interaction being tested is between variables and with a probability of acceptance of 1.3501076791136e-17
    Iteration 43 ended with a performance of aic = -139.558909063424
    Current interaction being tested is between variables and with a probability of acceptance of 1.32450229711463e-11
    Iteration 44 ended with a performance of aic = -138.506212092501
    Current interaction being tested is between variables and with a probability of acceptance of 2.44836907117141e-17
    Iteration 45 ended with a performance of aic = -137.116299252916
    Current interaction being tested is between variables and with a probability of acceptance of 1.19588493086987e-16
    Iteration 46 ended with a performance of aic = -126.93207769282
    Current interaction being tested is between variables and with a probability of acceptance of 4.26228051186074e-16
    Iteration 47 ended with a performance of aic = -130.737823149488
    Current interaction being tested is between variables and with a probability of acceptance of 1.26944920055537e-16
    Iteration 48 ended with a performance of aic = -125.457025139696
    Current interaction being tested is between variables and with a probability of acceptance of 1.20031968009409e-16
    Iteration 49 ended with a performance of aic = -127.300159432324
    Current interaction being tested is between variables and with a probability of acceptance of 6.7534187691548e-17
    Iteration 50 ended with a performance of aic = -122.199365604786
    Current interaction being tested is between variables and with a probability of acceptance of 1.55590999018525e+38
    Iteration 1 ended with a performance of aic = -Inf
    Current interaction being tested is between variables and with a probability of acceptance of 5.42686685044627
    Iteration 2 ended with a performance of aic = -117.015438926222
    Current interaction being tested is between variables and with a probability of acceptance of 0.18426838681656
    Iteration 3 ended with a performance of aic = -129.877644689902
    Current interaction being tested is between variables and with a probability of acceptance of 2.08357542873365e-13
    Iteration 4 ended with a performance of aic = -135.589707395482
    Current interaction being tested is between variables and with a probability of acceptance of 2.00867722225082e-13
    Iteration 5 ended with a performance of aic = -128.94199946845
    Current interaction being tested is between variables and with a probability of acceptance of 2.08767538197512e-17
    Iteration 6 ended with a performance of aic = -148.985128892262
    Current interaction being tested is between variables and with a probability of acceptance of 1.55003263164052e-12
    Iteration 7 ended with a performance of aic = -135.34283341555
    Current interaction being tested is between variables and with a probability of acceptance of 3.2213991920629e-12
    Iteration 8 ended with a performance of aic = -136.307899139236
    Current interaction being tested is between variables and with a probability of acceptance of 3.50184410993598e-17
    Iteration 9 ended with a performance of aic = -153.11630004084
    Current interaction being tested is between variables and with a probability of acceptance of 8.98026000167965e-16
    Iteration 10 ended with a performance of aic = -146.875830607503
    Current interaction being tested is between variables and with a probability of acceptance of 7.27582123773692e-23
    Iteration 11 ended with a performance of aic = -126.573604305513
    Current interaction being tested is between variables and with a probability of acceptance of 5.84288172291278e-24
    Iteration 12 ended with a performance of aic = -135.692419550352
    Current interaction being tested is between variables and with a probability of acceptance of 1.08960734983417e-24
    Iteration 13 ended with a performance of aic = -146.546839085114
    Current interaction being tested is between variables and with a probability of acceptance of 2.29784095827274e-23
    Iteration 14 ended with a performance of aic = -145.991731326183
    Current interaction being tested is between variables and with a probability of acceptance of 2.63395264496149e-23
    Iteration 15 ended with a performance of aic = -143.15411390326
    Current interaction being tested is between variables and with a probability of acceptance of 7.34617521594292e-13
    Iteration 16 ended with a performance of aic = -144.066355347402
    Current interaction being tested is between variables and with a probability of acceptance of 8.6320233390141e-23
    Iteration 17 ended with a performance of aic = -119.900875512041
    Current interaction being tested is between variables and with a probability of acceptance of 2.76073139449648e-14
    Iteration 18 ended with a performance of aic = -115.003223751815
    Current interaction being tested is between variables and with a probability of acceptance of 5.97733662425757e-14
    Iteration 19 ended with a performance of aic = -127.536003263158
    Current interaction being tested is between variables and with a probability of acceptance of 1.29955749693728e-23
    Iteration 20 ended with a performance of aic = -137.269496423165
    Current interaction being tested is between variables and with a probability of acceptance of 1.04934870506039e-23
    Iteration 21 ended with a performance of aic = -127.776299035507
    Current interaction being tested is between variables and with a probability of acceptance of 7.5458110038183e-17
    Iteration 22 ended with a performance of aic = -121.719050394355
    Current interaction being tested is between variables and with a probability of acceptance of 2.64191149147633e-37
    Iteration 23 ended with a performance of aic = -119.528116393932
    Current interaction being tested is between variables and with a probability of acceptance of 3.02972535363246e-14
    Iteration 24 ended with a performance of aic = -124.025468746121
    Current interaction being tested is between variables and with a probability of acceptance of 7.06410003342634e-31
    Iteration 25 ended with a performance of aic = -98.4816731723824
    Current interaction being tested is between variables and with a probability of acceptance of 5.55577466793458e-37
    Iteration 26 ended with a performance of aic = -120.221945882924
    Current interaction being tested is between variables and with a probability of acceptance of 6.67270251693832e-41
    Iteration 27 ended with a performance of aic = -129.839029350299
    Current interaction being tested is between variables and with a probability of acceptance of 4.8650747883695e-24
    Iteration 28 ended with a performance of aic = -123.214516898306
    Current interaction being tested is between variables and with a probability of acceptance of 9.90671351698552e-33
    Iteration 29 ended with a performance of aic = -125.247555002294
    Current interaction being tested is between variables and with a probability of acceptance of 5.91337577936544e-26
    Iteration 30 ended with a performance of aic = -141.301889821721
    Current interaction being tested is between variables and with a probability of acceptance of 3.25844983241092e-37
    Iteration 31 ended with a performance of aic = -129.37881651063
    Current interaction being tested is between variables and with a probability of acceptance of 5.22754699768366e-22
    Iteration 32 ended with a performance of aic = -126.079147087875
    Current interaction being tested is between variables and with a probability of acceptance of 4.77295497999216e-23
    Iteration 33 ended with a performance of aic = -124.877848322595
    Current interaction being tested is between variables and with a probability of acceptance of 9.41111699787856e-29
    Iteration 34 ended with a performance of aic = -124.513642017715
    Current interaction being tested is between variables and with a probability of acceptance of 1.88457057514468e-21
    Iteration 35 ended with a performance of aic = -132.476446825217
    Current interaction being tested is between variables and with a probability of acceptance of 1.9473098186764e-23
    Iteration 36 ended with a performance of aic = -123.017212656392
    Current interaction being tested is between variables and with a probability of acceptance of 6.1621129069471e-21
    Iteration 37 ended with a performance of aic = -137.184606498768
    Current interaction being tested is between variables and with a probability of acceptance of 3.98884706073063e-29
    Iteration 38 ended with a performance of aic = -134.754566229373
    Current interaction being tested is between variables and with a probability of acceptance of 5.97736289064448e-14
    Iteration 39 ended with a performance of aic = -132.089761276751
    Current interaction being tested is between variables and with a probability of acceptance of 3.23405754231702e-20
    Iteration 40 ended with a performance of aic = -133.126886964297
    Current interaction being tested is between variables and with a probability of acceptance of 0.0597736102207113
    Iteration 41 ended with a performance of aic = -122.129946641924
    Current interaction being tested is between variables and with a probability of acceptance of 3.50486701445533e-31
    Iteration 42 ended with a performance of aic = -121.277592630407
    Current interaction being tested is between variables and with a probability of acceptance of 0.0597736102207113
    Iteration 43 ended with a performance of aic = -125.095413563059
    Current interaction being tested is between variables and with a probability of acceptance of 1.91325203912033e-20
    Iteration 44 ended with a performance of aic = -133.514191896754
    Current interaction being tested is between variables and with a probability of acceptance of 3.90708571648582e-24
    Iteration 45 ended with a performance of aic = -141.662432019381
    Current interaction being tested is between variables and with a probability of acceptance of 1.79491236637433e-27
    Iteration 46 ended with a performance of aic = -144.45272321612
    Current interaction being tested is between variables and with a probability of acceptance of 9.19974686615943e-19
    Iteration 47 ended with a performance of aic = -130.462754994572
    Current interaction being tested is between variables and with a probability of acceptance of 4.79188011469868e-24
    Iteration 48 ended with a performance of aic = -140.851863549391
    Current interaction being tested is between variables and with a probability of acceptance of 5.97738811781246e-10
    Iteration 49 ended with a performance of aic = -141.577839904086
    Current interaction being tested is between variables and with a probability of acceptance of 2.22227030294105e-20
    Iteration 50 ended with a performance of aic = -133.977400949939
    Current interaction being tested is between variables and with a probability of acceptance of 5.71008349356089e+29
    Iteration 1 ended with a performance of aic = -Inf
    Current interaction being tested is between variables and with a probability of acceptance of 679000173333920000
    Iteration 2 ended with a performance of aic = -164.536153859267
    Current interaction being tested is between variables and with a probability of acceptance of 67582512156951
    Iteration 3 ended with a performance of aic = -151.669438624273
    Current interaction being tested is between variables and with a probability of acceptance of 2.26273311123062e-16
    Iteration 4 ended with a performance of aic = -127.589264693607
    Current interaction being tested is between variables and with a probability of acceptance of 3.61193076724277e-09
    Iteration 5 ended with a performance of aic = -133.449621913632
    Current interaction being tested is between variables and with a probability of acceptance of 3.86972012837362e-09
    Iteration 6 ended with a performance of aic = -144.767559317801
    Current interaction being tested is between variables and with a probability of acceptance of 2.34348203382868e-19
    Iteration 7 ended with a performance of aic = -134.434855595862
    Current interaction being tested is between variables and with a probability of acceptance of 4.45567569107094e-12
    Iteration 8 ended with a performance of aic = -122.52707822946
    Current interaction being tested is between variables and with a probability of acceptance of 1.23173626135658e-14
    Iteration 9 ended with a performance of aic = -144.328377535005
    Current interaction being tested is between variables and with a probability of acceptance of 3.73977084557639e-09
    Iteration 10 ended with a performance of aic = -131.926627949091
    Current interaction being tested is between variables and with a probability of acceptance of 2.87878913316939e-09
    Iteration 11 ended with a performance of aic = -139.430273783106
    Current interaction being tested is between variables and with a probability of acceptance of 7.20009613140209e-09
    Iteration 12 ended with a performance of aic = -134.362114227069
    Current interaction being tested is between variables and with a probability of acceptance of 9.00773724283226e-13
    Iteration 13 ended with a performance of aic = -121.743236677098
    Current interaction being tested is between variables and with a probability of acceptance of 0.175782997888894
    Iteration 14 ended with a performance of aic = -136.864859872004
    Current interaction being tested is between variables and with a probability of acceptance of 1.46145405120425e-10
    Iteration 15 ended with a performance of aic = -132.124582467345
    Current interaction being tested is between variables and with a probability of acceptance of 0.175782997888894
    Iteration 16 ended with a performance of aic = -137.152357776887
    Current interaction being tested is between variables and with a probability of acceptance of 3.05774936351733e-07
    Iteration 17 ended with a performance of aic = -133.692991667311
    Current interaction being tested is between variables and with a probability of acceptance of 1.6541066267926e-14
    Iteration 18 ended with a performance of aic = -134.503974284535
    Current interaction being tested is between variables and with a probability of acceptance of 2.44438211961765e-13
    Iteration 19 ended with a performance of aic = -140.086949145893
    Current interaction being tested is between variables and with a probability of acceptance of 2.35489928054524e-12
    Iteration 20 ended with a performance of aic = -130.708197471175
    Current interaction being tested is between variables and with a probability of acceptance of 2.0687750553788e-09
    Iteration 21 ended with a performance of aic = -124.388661687722
    Current interaction being tested is between variables and with a probability of acceptance of 1.29032125210271e-17
    Iteration 22 ended with a performance of aic = -127.608286766987
    Current interaction being tested is between variables and with a probability of acceptance of 5.68372389650417e-08
    Iteration 23 ended with a performance of aic = -126.685308992047
    Current interaction being tested is between variables and with a probability of acceptance of 4.15210441625024e-07
    Iteration 24 ended with a performance of aic = -123.061196787614
    Current interaction being tested is between variables and with a probability of acceptance of 1.56827027813068e-12
    Iteration 25 ended with a performance of aic = -131.589422988466
    Current interaction being tested is between variables and with a probability of acceptance of 2.40505482949564e-20
    Iteration 26 ended with a performance of aic = -122.597496081323
    Current interaction being tested is between variables and with a probability of acceptance of 8.87411421344472e-13
    Iteration 27 ended with a performance of aic = -110.180179786616
    Current interaction being tested is between variables and with a probability of acceptance of 1.02616368029437e-13
    Iteration 28 ended with a performance of aic = -122.213647312146
    Current interaction being tested is between variables and with a probability of acceptance of 1.08787024119114e-12
    Iteration 29 ended with a performance of aic = -120.709243596873
    Current interaction being tested is between variables and with a probability of acceptance of 2.05057950095918e-19
    Iteration 30 ended with a performance of aic = -118.416233334316
    Current interaction being tested is between variables and with a probability of acceptance of 1.5101581171105e-24
    Iteration 31 ended with a performance of aic = -130.973976225239
    Current interaction being tested is between variables and with a probability of acceptance of 3.40085549701496e-23
    Iteration 32 ended with a performance of aic = -126.605168417373
    Current interaction being tested is between variables and with a probability of acceptance of 4.7916899758769e-15
    Iteration 33 ended with a performance of aic = -130.726735735521
    Current interaction being tested is between variables and with a probability of acceptance of 1.36997067101938e-30
    Iteration 34 ended with a performance of aic = -123.97100486865
    Current interaction being tested is between variables and with a probability of acceptance of 3.19995066102505e-26
    Iteration 35 ended with a performance of aic = -133.218215105447
    Current interaction being tested is between variables and with a probability of acceptance of 6.5619229794424e-24
    Iteration 36 ended with a performance of aic = -126.465044183792
    Current interaction being tested is between variables and with a probability of acceptance of 7.88493560601315e-23
    Iteration 37 ended with a performance of aic = -140.536714559941
    Current interaction being tested is between variables and with a probability of acceptance of 4.31324986686269e-14
    Iteration 38 ended with a performance of aic = -144.293303739754
    Current interaction being tested is between variables and with a probability of acceptance of 2.55559182439812e-28
    Iteration 39 ended with a performance of aic = -141.424872742822
    Current interaction being tested is between variables and with a probability of acceptance of 1.99722359323343e-18
    Iteration 40 ended with a performance of aic = -145.436092527405
    Current interaction being tested is between variables and with a probability of acceptance of 7.8455376072277e-16
    Iteration 41 ended with a performance of aic = -142.006509578148
    Current interaction being tested is between variables and with a probability of acceptance of 4.15628545168892e-10
    Iteration 42 ended with a performance of aic = -136.508348718107
    Current interaction being tested is between variables and with a probability of acceptance of 2.30561312416607e-11
    Iteration 43 ended with a performance of aic = -129.335883234495
    Current interaction being tested is between variables and with a probability of acceptance of 4.6898961547579e-11
    Iteration 44 ended with a performance of aic = -130.927369975623
    Current interaction being tested is between variables and with a probability of acceptance of 9.07482916886261e-12
    Iteration 45 ended with a performance of aic = -127.727977792663
    Current interaction being tested is between variables and with a probability of acceptance of 1.26015556299597e-11
    Iteration 46 ended with a performance of aic = -130.104850539072
    Current interaction being tested is between variables and with a probability of acceptance of 0.175782997888894
    Iteration 47 ended with a performance of aic = -127.976052543791
    Current interaction being tested is between variables and with a probability of acceptance of 5.68883232172467
    Iteration 48 ended with a performance of aic = -132.684844253118
    Current interaction being tested is between variables and with a probability of acceptance of 0.175782997888894
    Iteration 49 ended with a performance of aic = -130.884263568818
    Current interaction being tested is between variables and with a probability of acceptance of 0.175782997888894
    Iteration 50 ended with a performance of aic = -142.804824965131
    Current interaction being tested is between variables and with a probability of acceptance of 3.54131709107778e+36
    Iteration 1 ended with a performance of aic = -Inf
    Current interaction being tested is between variables and with a probability of acceptance of 4.67752507768531e-13
    Iteration 2 ended with a performance of aic = -133.885131418894
    Current interaction being tested is between variables and with a probability of acceptance of 2.71048180283472e-23
    Iteration 3 ended with a performance of aic = -111.920304154317
    Current interaction being tested is between variables and with a probability of acceptance of 3.10773769224268e-18
    Iteration 4 ended with a performance of aic = -121.373568668301
    Current interaction being tested is between variables and with a probability of acceptance of 1.80003440008316e-17
    Iteration 5 ended with a performance of aic = -122.352724325668
    Current interaction being tested is between variables and with a probability of acceptance of 1.45757132537531e-13
    Iteration 6 ended with a performance of aic = -130.080920387299
    Current interaction being tested is between variables and with a probability of acceptance of 2.09365815387571e-23
    Iteration 7 ended with a performance of aic = -124.407532492896
    Current interaction being tested is between variables and with a probability of acceptance of 1.38745009780565e-19
    Iteration 8 ended with a performance of aic = -118.304577158022
    Current interaction being tested is between variables and with a probability of acceptance of 7.47121325997289e-25
    Iteration 9 ended with a performance of aic = -122.464649326302
    Current interaction being tested is between variables and with a probability of acceptance of 3.67144458339622e-29
    Iteration 10 ended with a performance of aic = -112.179282099741
    Current interaction being tested is between variables and with a probability of acceptance of 2.61100863333023e-24
    Iteration 11 ended with a performance of aic = -120.120547411314
    Current interaction being tested is between variables and with a probability of acceptance of 1.82720713032898e-24
    Iteration 12 ended with a performance of aic = -110.39915755641
    Current interaction being tested is between variables and with a probability of acceptance of 1.07497558173256e-23
    Iteration 13 ended with a performance of aic = -127.76082138592
    Current interaction being tested is between variables and with a probability of acceptance of 3.04043011517911e-20
    Iteration 14 ended with a performance of aic = -129.011935190627
    Current interaction being tested is between variables and with a probability of acceptance of 2.55820013279823e-25
    Iteration 15 ended with a performance of aic = -121.867651882236
    Current interaction being tested is between variables and with a probability of acceptance of 2.28300470244412e-25
    Iteration 16 ended with a performance of aic = -137.293801409018
    Current interaction being tested is between variables and with a probability of acceptance of 3.67281033377786e-13
    Iteration 17 ended with a performance of aic = -125.417996691766
    Current interaction being tested is between variables and with a probability of acceptance of 1.5370118988058e-13
    Iteration 18 ended with a performance of aic = -131.93450953117
    Current interaction being tested is between variables and with a probability of acceptance of 6.67037953005178e-10
    Iteration 19 ended with a performance of aic = -119.763202761916
    Current interaction being tested is between variables and with a probability of acceptance of 1.36703551840889e-17
    Iteration 20 ended with a performance of aic = -128.375574616725
    Current interaction being tested is between variables and with a probability of acceptance of 9.40957632674488e-10
    Iteration 21 ended with a performance of aic = -132.341306755439
    Current interaction being tested is between variables and with a probability of acceptance of 1.56133320233586e-13
    Iteration 22 ended with a performance of aic = -136.909136975804
    Current interaction being tested is between variables and with a probability of acceptance of 2.75512460764682e-24
    Iteration 23 ended with a performance of aic = -128.321406864336
    Current interaction being tested is between variables and with a probability of acceptance of 1.53578004803329e-18
    Iteration 24 ended with a performance of aic = -135.401755814199
    Current interaction being tested is between variables and with a probability of acceptance of 1.66038055149094e-12
    Iteration 25 ended with a performance of aic = -128.246302175611
    Current interaction being tested is between variables and with a probability of acceptance of 7.48848446998887e-16
    Iteration 26 ended with a performance of aic = -130.45623176867
    Current interaction being tested is between variables and with a probability of acceptance of 6.95916597742965e-26
    Iteration 27 ended with a performance of aic = -126.554304108693
    Current interaction being tested is between variables and with a probability of acceptance of 5.54882173597593e-30
    Iteration 28 ended with a performance of aic = -133.210345878913
    Current interaction being tested is between variables and with a probability of acceptance of 1.71367164616367e-16
    Iteration 29 ended with a performance of aic = -121.200180122814
    Current interaction being tested is between variables and with a probability of acceptance of 8.50111148437329e-18
    Iteration 30 ended with a performance of aic = -117.182390684607
    Current interaction being tested is between variables and with a probability of acceptance of 2.37871593902384e-18
    Iteration 31 ended with a performance of aic = -118.682835558629
    Current interaction being tested is between variables and with a probability of acceptance of 2.57283195279186e-18
    Iteration 32 ended with a performance of aic = -110.328018448497
    Current interaction being tested is between variables and with a probability of acceptance of 1.07962913067662e-16
    Iteration 33 ended with a performance of aic = -110.905355403956
    Current interaction being tested is between variables and with a probability of acceptance of 1.05598939288709e-16
    Iteration 34 ended with a performance of aic = -113.791161780685
    Current interaction being tested is between variables and with a probability of acceptance of 1.92655892913779e-19
    Iteration 35 ended with a performance of aic = -118.137068406755
    Current interaction being tested is between variables and with a probability of acceptance of 2.43957205826176e-18
    Iteration 36 ended with a performance of aic = -114.820080147474
    Current interaction being tested is between variables and with a probability of acceptance of 3.03981940812346e-12
    Iteration 37 ended with a performance of aic = -122.167627808293
    Current interaction being tested is between variables and with a probability of acceptance of 1.68965317118584e-18
    Iteration 38 ended with a performance of aic = -125.762002852983
    Current interaction being tested is between variables and with a probability of acceptance of 3.89532153127573e-12
    Iteration 39 ended with a performance of aic = -120.517284726738
    Current interaction being tested is between variables and with a probability of acceptance of 1.20822625151277e-18
    Iteration 40 ended with a performance of aic = -121.255138424451
    Current interaction being tested is between variables and with a probability of acceptance of 2.69115186398589e-19
    Iteration 41 ended with a performance of aic = -125.887083830662
    Current interaction being tested is between variables and with a probability of acceptance of 4.06535864332108e-19
    Iteration 42 ended with a performance of aic = -122.621506750483
    Current interaction being tested is between variables and with a probability of acceptance of 1.35539960487966e-13
    Iteration 43 ended with a performance of aic = -127.753659890432
    Current interaction being tested is between variables and with a probability of acceptance of 2.47278831586463e-14
    Iteration 44 ended with a performance of aic = -123.611361801946
    Current interaction being tested is between variables and with a probability of acceptance of 7.96092213632417e-22
    Iteration 45 ended with a performance of aic = -140.000647828396
    Current interaction being tested is between variables and with a probability of acceptance of 7.26018384536481e-16
    Iteration 46 ended with a performance of aic = -133.932664485117
    Current interaction being tested is between variables and with a probability of acceptance of 2.3194177439257e-14
    Iteration 47 ended with a performance of aic = -128.249532644936
    Current interaction being tested is between variables and with a probability of acceptance of 2.33597859786295e-10
    Iteration 48 ended with a performance of aic = -121.764662448664
    Current interaction being tested is between variables and with a probability of acceptance of 8.25726621990697e-11
    Iteration 49 ended with a performance of aic = -132.075119470304
    Current interaction being tested is between variables and with a probability of acceptance of 8.56959878823196e-10
    Iteration 50 ended with a performance of aic = -132.166966242245
    Current interaction being tested is between variables and with a probability of acceptance of 9.19633559009082e+39
    Iteration 1 ended with a performance of aic = -Inf
    Current interaction being tested is between variables and with a probability of acceptance of 3.3214406160377e-08
    Iteration 2 ended with a performance of aic = -133.326775827173
    Current interaction being tested is between variables and with a probability of acceptance of 5.65458785336953e-21
    Iteration 3 ended with a performance of aic = -122.891726539125
    Current interaction being tested is between variables and with a probability of acceptance of 1.12833737574881e-12
    Iteration 4 ended with a performance of aic = -134.329623519648
    Current interaction being tested is between variables and with a probability of acceptance of 8.45208006803272e-19
    Iteration 5 ended with a performance of aic = -131.873286265315
    Current interaction being tested is between variables and with a probability of acceptance of 8.26933072661483e-12
    Iteration 6 ended with a performance of aic = -129.079503263432
    Current interaction being tested is between variables and with a probability of acceptance of 2.639315994774e-23
    Iteration 7 ended with a performance of aic = -133.742024338647
    Current interaction being tested is between variables and with a probability of acceptance of 4.67191888837092e-12
    Iteration 8 ended with a performance of aic = -134.6359642645
    Current interaction being tested is between variables and with a probability of acceptance of 1.53062253037582e-11
    Iteration 9 ended with a performance of aic = -138.596488617894
    Current interaction being tested is between variables and with a probability of acceptance of 9.65482410135367e-17
    Iteration 10 ended with a performance of aic = -135.401668544907
    Current interaction being tested is between variables and with a probability of acceptance of 4.11040130370177e-12
    Iteration 11 ended with a performance of aic = -118.238361444178
    Current interaction being tested is between variables and with a probability of acceptance of 9.79777482932985e-13
    Iteration 12 ended with a performance of aic = -139.028748511056
    Current interaction being tested is between variables and with a probability of acceptance of 2.0273453507349e-17
    Iteration 13 ended with a performance of aic = -133.412962849566
    Current interaction being tested is between variables and with a probability of acceptance of 2.92914384898778e-14
    Iteration 14 ended with a performance of aic = -141.216261907903
    Current interaction being tested is between variables and with a probability of acceptance of 0.0292914469731199
    Iteration 15 ended with a performance of aic = -131.392009260887
    Current interaction being tested is between variables and with a probability of acceptance of 4.04717670263276e-11
    Iteration 16 ended with a performance of aic = -128.241232004333
    Current interaction being tested is between variables and with a probability of acceptance of 0.0316829709777509
    Iteration 17 ended with a performance of aic = -125.243534795494
    Current interaction being tested is between variables and with a probability of acceptance of 1.5293185139812e-11
    Iteration 18 ended with a performance of aic = -128.259965806594
    Current interaction being tested is between variables and with a probability of acceptance of 0.0316829709777509
    Iteration 19 ended with a performance of aic = -134.270888717567
    Current interaction being tested is between variables and with a probability of acceptance of 1.59232931440851e-07
    Iteration 20 ended with a performance of aic = -132.013454138422
    Current interaction being tested is between variables and with a probability of acceptance of 7.51161134285562e-07
    Iteration 21 ended with a performance of aic = -133.674498733715
    Current interaction being tested is between variables and with a probability of acceptance of 2.28406493955657e-12
    Iteration 22 ended with a performance of aic = -142.119797642321
    Current interaction being tested is between variables and with a probability of acceptance of 0.267347062093389
    Iteration 23 ended with a performance of aic = -139.330476524279
    Current interaction being tested is between variables and with a probability of acceptance of 11710754.7049946
    Iteration 24 ended with a performance of aic = -147.464260392138
    Current interaction being tested is between variables and with a probability of acceptance of 2.64906697371388e-08
    Iteration 25 ended with a performance of aic = -134.057051246212
    Current interaction being tested is between variables and with a probability of acceptance of 1.2728228400786e-08
    Iteration 26 ended with a performance of aic = -136.122776140269
    Current interaction being tested is between variables and with a probability of acceptance of 1.06106260386599e-11
    Iteration 27 ended with a performance of aic = -144.279711179851
    Current interaction being tested is between variables and with a probability of acceptance of 5.9327650344698e-12
    Iteration 28 ended with a performance of aic = -149.165220374688
    Current interaction being tested is between variables and with a probability of acceptance of 3.23876744828769e-10
    Iteration 29 ended with a performance of aic = -149.347479104808
    Current interaction being tested is between variables and with a probability of acceptance of 8.74183547192659e-13
    Iteration 30 ended with a performance of aic = -147.087887300737
    Current interaction being tested is between variables and with a probability of acceptance of 3.14261165099411e-07
    Iteration 31 ended with a performance of aic = -146.326723046826
    Current interaction being tested is between variables and with a probability of acceptance of 2.77537278878752e-10
    Iteration 32 ended with a performance of aic = -149.261449970393
    Current interaction being tested is between variables and with a probability of acceptance of 1.10084487994445e-09
    Iteration 33 ended with a performance of aic = -150.322266842798
    Current interaction being tested is between variables and with a probability of acceptance of 1.1817748169176e-09
    Iteration 34 ended with a performance of aic = -146.445405032568
    Current interaction being tested is between variables and with a probability of acceptance of 2.6740578603091e-09
    Iteration 35 ended with a performance of aic = -143.293818291564
    Current interaction being tested is between variables and with a probability of acceptance of 6.9323815695577e-14
    Iteration 36 ended with a performance of aic = -137.632516559914
    Current interaction being tested is between variables and with a probability of acceptance of 1.24365029720333e-12
    Iteration 37 ended with a performance of aic = -128.904145355702
    Current interaction being tested is between variables and with a probability of acceptance of 8.0713962785864e-11
    Iteration 38 ended with a performance of aic = -131.465902007269
    Current interaction being tested is between variables and with a probability of acceptance of 2.31229033684709e-11
    Iteration 39 ended with a performance of aic = -131.256689704485
    Current interaction being tested is between variables and with a probability of acceptance of 1.08210142002513e-10
    Iteration 40 ended with a performance of aic = -132.577659054559
    Current interaction being tested is between variables and with a probability of acceptance of 5.4406305200969e-13
    Iteration 41 ended with a performance of aic = -132.098622574152
    Current interaction being tested is between variables and with a probability of acceptance of 4.40304131538626e-13
    Iteration 42 ended with a performance of aic = -128.915464203668
    Current interaction being tested is between variables and with a probability of acceptance of 4.11854362799202e-13
    Iteration 43 ended with a performance of aic = -126.916639394208
    Current interaction being tested is between variables and with a probability of acceptance of 1.48317762923217e-12
    Iteration 44 ended with a performance of aic = -120.351386008881
    Current interaction being tested is between variables and with a probability of acceptance of 2.29748942606269e-12
    Iteration 45 ended with a performance of aic = -120.124680335678
    Current interaction being tested is between variables and with a probability of acceptance of 1.20892510269583e-12
    Iteration 46 ended with a performance of aic = -120.117166613408
    Current interaction being tested is between variables and with a probability of acceptance of 7.84813732657085e-12
    Iteration 47 ended with a performance of aic = -113.480629923649
    Current interaction being tested is between variables and with a probability of acceptance of 8.5337370326808e-12
    Iteration 48 ended with a performance of aic = -108.450376109237
    Current interaction being tested is between variables and with a probability of acceptance of 5.02747531311753e-10
    Iteration 49 ended with a performance of aic = -106.374562196452
    Current interaction being tested is between variables and with a probability of acceptance of 7.63956692069522e-12
    Iteration 50 ended with a performance of aic = -105.891990844062
    Current interaction being tested is between variables and with a probability of acceptance of 5.46679876210989e-66
    Iteration 1 ended with a performance of aic = -Inf
    Current interaction being tested is between variables and with a probability of acceptance of 1460390193902553856
    Iteration 2 ended with a performance of aic = -1387.57699987166
    Current interaction being tested is between variables and with a probability of acceptance of 2.97581050262725e-15
    Iteration 3 ended with a performance of aic = -1366.81663442112
    Current interaction being tested is between variables and with a probability of acceptance of 7.26559492438233e-15
    Iteration 4 ended with a performance of aic = -1272.75464214221
    Current interaction being tested is between variables and with a probability of acceptance of 9.05168509752512e-19
    Iteration 5 ended with a performance of aic = -1251.03749496423
    Current interaction being tested is between variables and with a probability of acceptance of 1.91945826012589e-19
    Iteration 6 ended with a performance of aic = -1262.57021892968
    Current interaction being tested is between variables and with a probability of acceptance of 326079652.435487
    Iteration 7 ended with a performance of aic = -1359.69413009947
    Current interaction being tested is between variables and with a probability of acceptance of 1.28508977562929e-15
    Iteration 8 ended with a performance of aic = -1324.67867512996
    Current interaction being tested is between variables and with a probability of acceptance of 1.30633168991215e-10
    Iteration 9 ended with a performance of aic = -1334.19842710582
    Current interaction being tested is between variables and with a probability of acceptance of 9.01809435274325e-17
    Iteration 10 ended with a performance of aic = -1330.38714831504
    Current interaction being tested is between variables and with a probability of acceptance of 1.46849847758663e-16
    Iteration 11 ended with a performance of aic = -1306.30583810451
    Current interaction being tested is between variables and with a probability of acceptance of 4.4695261184078e-13
    Iteration 12 ended with a performance of aic = -1282.61886454833
    Current interaction being tested is between variables and with a probability of acceptance of 3.44305526782074e-05
    Iteration 13 ended with a performance of aic = -1317.3114136137
    Current interaction being tested is between variables and with a probability of acceptance of 4.56593308250641e-07
    Iteration 14 ended with a performance of aic = -1318.33478018627
    Current interaction being tested is between variables and with a probability of acceptance of 1.78445436358649e-10
    Iteration 15 ended with a performance of aic = -1227.95887970259
    Current interaction being tested is between variables and with a probability of acceptance of 3.82694064803375e-15
    Iteration 16 ended with a performance of aic = -1211.07922778452
    Current interaction being tested is between variables and with a probability of acceptance of 3.87865324218544e-09
    Iteration 17 ended with a performance of aic = -1266.47876753025
    Current interaction being tested is between variables and with a probability of acceptance of 1.95856845958342e-15
    Iteration 18 ended with a performance of aic = -1191.09389053035
    Current interaction being tested is between variables and with a probability of acceptance of 4.68564800982268e-30
    Iteration 19 ended with a performance of aic = -1218.27715797815
    Current interaction being tested is between variables and with a probability of acceptance of 1.69930831502893e-16
    Iteration 20 ended with a performance of aic = -1217.48133372024
    Current interaction being tested is between variables and with a probability of acceptance of 1.62227032491394e-15
    Iteration 21 ended with a performance of aic = -1219.46098990208
    Current interaction being tested is between variables and with a probability of acceptance of 1.36567182146933e-18
    Iteration 22 ended with a performance of aic = -1224.24108096638
    Current interaction being tested is between variables and with a probability of acceptance of 3.54612305886923e-23
    Iteration 23 ended with a performance of aic = -1181.85877812322
    Current interaction being tested is between variables and with a probability of acceptance of 2.99511711750545e-19
    Iteration 24 ended with a performance of aic = -1170.95222020701
    Current interaction being tested is between variables and with a probability of acceptance of 1.94471617950722e-16
    Iteration 25 ended with a performance of aic = -1173.98180758562
    Current interaction being tested is between variables and with a probability of acceptance of 5.92239227570826e-10
    Iteration 26 ended with a performance of aic = -1148.14622975154
    Current interaction being tested is between variables and with a probability of acceptance of 3.11335094458841e-25
    Iteration 27 ended with a performance of aic = -1166.52704003528
    Current interaction being tested is between variables and with a probability of acceptance of 2.42607754637904e-18
    Iteration 28 ended with a performance of aic = -1188.27783848567
    Current interaction being tested is between variables and with a probability of acceptance of 0.000131730599689388
    Iteration 29 ended with a performance of aic = -1169.1135855475
    Current interaction being tested is between variables and with a probability of acceptance of 13.2116460509566
    Iteration 30 ended with a performance of aic = -1172.56230693754
    Current interaction being tested is between variables and with a probability of acceptance of 3.46832659584884e-11
    Iteration 31 ended with a performance of aic = -1168.75160637484
    Current interaction being tested is between variables and with a probability of acceptance of 8.26192287164785e-19
    Iteration 32 ended with a performance of aic = -1175.8260389867
    Current interaction being tested is between variables and with a probability of acceptance of 3.2207669299361e-18
    Iteration 33 ended with a performance of aic = -1144.1011764411
    Current interaction being tested is between variables and with a probability of acceptance of 1.07011955719637e-13
    Iteration 34 ended with a performance of aic = -1184.67379427405
    Current interaction being tested is between variables and with a probability of acceptance of 0.211496683144264
    Iteration 35 ended with a performance of aic = -1221.54120578869
    Current interaction being tested is between variables and with a probability of acceptance of 0.000423820356047706
    Iteration 36 ended with a performance of aic = -1238.62509972408
    Current interaction being tested is between variables and with a probability of acceptance of 5.81570703921798e-05
    Iteration 37 ended with a performance of aic = -1253.62858277133
    Current interaction being tested is between variables and with a probability of acceptance of 4.28738627917241e-09
    Iteration 38 ended with a performance of aic = -1239.23239882006
    Current interaction being tested is between variables and with a probability of acceptance of 33.2176346223853
    Iteration 39 ended with a performance of aic = -1237.5170625718
    Current interaction being tested is between variables and with a probability of acceptance of 2.65655748577278e-12
    Iteration 40 ended with a performance of aic = -1116.39625366644
    Current interaction being tested is between variables and with a probability of acceptance of 12635810.7946095
    Iteration 41 ended with a performance of aic = -1189.83438705745
    Current interaction being tested is between variables and with a probability of acceptance of 5.40145854162936e-15
    Iteration 42 ended with a performance of aic = -1232.86856831009
    Current interaction being tested is between variables and with a probability of acceptance of 2.27027931139872
    Iteration 43 ended with a performance of aic = -1210.91888173056
    Current interaction being tested is between variables and with a probability of acceptance of 7.95909729089758e-05
    Iteration 44 ended with a performance of aic = -1139.92477250552
    Current interaction being tested is between variables and with a probability of acceptance of 0.548499816664633
    Iteration 45 ended with a performance of aic = -1155.51555454192
    Current interaction being tested is between variables and with a probability of acceptance of 1049.08027344911
    Iteration 46 ended with a performance of aic = -1199.77420669906
    Current interaction being tested is between variables and with a probability of acceptance of 1.47041101448996e-06
    Iteration 47 ended with a performance of aic = -1241.57223518864
    Current interaction being tested is between variables and with a probability of acceptance of 0.042259739550315
    Iteration 48 ended with a performance of aic = -1234.06969745119
    Current interaction being tested is between variables and with a probability of acceptance of 47.1533983043197
    Iteration 49 ended with a performance of aic = -1231.30588623184
    Current interaction being tested is between variables and with a probability of acceptance of 183.008360680205
    Iteration 50 ended with a performance of aic = -1141.61642824208
    Current interaction being tested is between variables and with a probability of acceptance of 5.24727675958783e+70
    Iteration 1 ended with a performance of aic = -Inf
    Current interaction being tested is between variables and with a probability of acceptance of 2.56455426889593e+29
    Iteration 2 ended with a performance of aic = -1359.22888324552
    Current interaction being tested is between variables and with a probability of acceptance of 2.46266372717476e-14
    Iteration 3 ended with a performance of aic = -1345.75970740735
    Current interaction being tested is between variables and with a probability of acceptance of 4.50537676354319e-12
    Iteration 4 ended with a performance of aic = -1383.70150471792
    Current interaction being tested is between variables and with a probability of acceptance of 6.47853920384518e-29
    Iteration 5 ended with a performance of aic = -1310.53652306625
    Current interaction being tested is between variables and with a probability of acceptance of 3.2664730477931e-22
    Iteration 6 ended with a performance of aic = -1356.84927256969
    Current interaction being tested is between variables and with a probability of acceptance of 6.80130730927847e-17
    Iteration 7 ended with a performance of aic = -1364.29268228237
    Current interaction being tested is between variables and with a probability of acceptance of 1.79181022824917e-05
    Iteration 8 ended with a performance of aic = -1204.19041740883
    Current interaction being tested is between variables and with a probability of acceptance of 4.92104711824121e-08
    Iteration 9 ended with a performance of aic = -1309.64000866714
    Current interaction being tested is between variables and with a probability of acceptance of 2.32082694456726e-08
    Iteration 10 ended with a performance of aic = -1329.00356063917
    Current interaction being tested is between variables and with a probability of acceptance of 1.38688074530875e-10
    Iteration 11 ended with a performance of aic = -1200.61181948033
    Current interaction being tested is between variables and with a probability of acceptance of 6.34309406610655e-17
    Iteration 12 ended with a performance of aic = -1263.81887412874
    Current interaction being tested is between variables and with a probability of acceptance of 4.79275340542398e-10
    Iteration 13 ended with a performance of aic = -1209.8721268921
    Current interaction being tested is between variables and with a probability of acceptance of 3.28302395713325e-08
    Iteration 14 ended with a performance of aic = -1296.33689393651
    Current interaction being tested is between variables and with a probability of acceptance of 4.71821500329538e-12
    Iteration 15 ended with a performance of aic = -1257.17736632511
    Current interaction being tested is between variables and with a probability of acceptance of 8.72932936291391e-09
    Iteration 16 ended with a performance of aic = -1194.97143772272
    Current interaction being tested is between variables and with a probability of acceptance of 3.83814230123246e-26
    Iteration 17 ended with a performance of aic = -1231.13898234554
    Current interaction being tested is between variables and with a probability of acceptance of 1.32406327849064e-14
    Iteration 18 ended with a performance of aic = -1241.02384302563
    Current interaction being tested is between variables and with a probability of acceptance of 9.17091140594943e-16
    Iteration 19 ended with a performance of aic = -1237.67457054952
    Current interaction being tested is between variables and with a probability of acceptance of 3.28925236664297e-19
    Iteration 20 ended with a performance of aic = -1269.60375780435
    Current interaction being tested is between variables and with a probability of acceptance of 1.24468888362302e-15
    Iteration 21 ended with a performance of aic = -1252.83045127359
    Current interaction being tested is between variables and with a probability of acceptance of 2.03794376602471e-23
    Iteration 22 ended with a performance of aic = -1294.08617134555
    Current interaction being tested is between variables and with a probability of acceptance of 1.30115161121532e-22
    Iteration 23 ended with a performance of aic = -1295.6851637332
    Current interaction being tested is between variables and with a probability of acceptance of 7.45822236941161e-14
    Iteration 24 ended with a performance of aic = -1287.98764316557
    Current interaction being tested is between variables and with a probability of acceptance of 8.07455336402317e-15
    Iteration 25 ended with a performance of aic = -1280.76855354562
    Current interaction being tested is between variables and with a probability of acceptance of 1.09867752272691e-28
    Iteration 26 ended with a performance of aic = -1247.30591467116
    Current interaction being tested is between variables and with a probability of acceptance of 1.91965606435595e-26
    Iteration 27 ended with a performance of aic = -1162.29000426857
    Current interaction being tested is between variables and with a probability of acceptance of 3.89099008656154e-27
    Iteration 28 ended with a performance of aic = -1137.44342609365
    Current interaction being tested is between variables and with a probability of acceptance of 0.0120147801013363
    Iteration 29 ended with a performance of aic = -1126.59374442926
    Current interaction being tested is between variables and with a probability of acceptance of 1.61496590319133e-08
    Iteration 30 ended with a performance of aic = -1143.49367425604
    Current interaction being tested is between variables and with a probability of acceptance of 525366.817028958
    Iteration 31 ended with a performance of aic = -1095.14652085262
    Current interaction being tested is between variables and with a probability of acceptance of 0.00118147686058136
    Iteration 32 ended with a performance of aic = -1107.9738066419
    Current interaction being tested is between variables and with a probability of acceptance of 27365.1436148566
    Iteration 33 ended with a performance of aic = -1127.80591230068
    Current interaction being tested is between variables and with a probability of acceptance of 2.166278736349e-06
    Iteration 34 ended with a performance of aic = -1169.67957367715
    Current interaction being tested is between variables and with a probability of acceptance of 38.8723376208462
    Iteration 35 ended with a performance of aic = -1193.59331757312
    Current interaction being tested is between variables and with a probability of acceptance of 0.089795507433191
    Iteration 36 ended with a performance of aic = -1108.24586522304
    Current interaction being tested is between variables and with a probability of acceptance of 26103.763263319
    Iteration 37 ended with a performance of aic = -1126.66292367674
    Current interaction being tested is between variables and with a probability of acceptance of 8.14537625925026e-12
    Iteration 38 ended with a performance of aic = -1166.46857123158
    Current interaction being tested is between variables and with a probability of acceptance of 1.31445814356789e-19
    Iteration 39 ended with a performance of aic = -1171.01783685649
    Current interaction being tested is between variables and with a probability of acceptance of 2.52558136473306e-07
    Iteration 40 ended with a performance of aic = -1157.89880278462
    Current interaction being tested is between variables and with a probability of acceptance of 1.00718472670195e-21
    Iteration 41 ended with a performance of aic = -1123.77525270428
    Current interaction being tested is between variables and with a probability of acceptance of 6.44693710757793e-23
    Iteration 42 ended with a performance of aic = -1148.42747943717
    Current interaction being tested is between variables and with a probability of acceptance of 5.16730368793665e-30
    Iteration 43 ended with a performance of aic = -1128.9469975552
    Current interaction being tested is between variables and with a probability of acceptance of 7.84166988846976e-28
    Iteration 44 ended with a performance of aic = -1098.51364484276
    Current interaction being tested is between variables and with a probability of acceptance of 1.07234746691245e-26
    Iteration 45 ended with a performance of aic = -1127.54797108006
    Current interaction being tested is between variables and with a probability of acceptance of 4.09340172924943e-22
    Iteration 46 ended with a performance of aic = -1144.22293120153
    Current interaction being tested is between variables and with a probability of acceptance of 2.99710323215748e-25
    Iteration 47 ended with a performance of aic = -1149.24789875727
    Current interaction being tested is between variables and with a probability of acceptance of 4.88668009279509e-24
    Iteration 48 ended with a performance of aic = -1131.45188877745
    Current interaction being tested is between variables and with a probability of acceptance of 4.20533365781206e-28
    Iteration 49 ended with a performance of aic = -1124.23565075347
    Current interaction being tested is between variables and with a probability of acceptance of 9.73149901027922e-23
    Iteration 50 ended with a performance of aic = -1131.3908808338
    Current interaction being tested is between variables and with a probability of acceptance of 6.21317276928501e+69
    Iteration 1 ended with a performance of aic = -Inf
    Current interaction being tested is between variables and with a probability of acceptance of 459150420639275
    Iteration 2 ended with a performance of aic = -1395.05689025371
    Current interaction being tested is between variables and with a probability of acceptance of 966.66541402847
    Iteration 3 ended with a performance of aic = -1296.69966769472
    Current interaction being tested is between variables and with a probability of acceptance of 5.17059815588139e-19
    Iteration 4 ended with a performance of aic = -1236.89577712423
    Current interaction being tested is between variables and with a probability of acceptance of 2.37913758151293e-12
    Iteration 5 ended with a performance of aic = -1298.29503414943
    Current interaction being tested is between variables and with a probability of acceptance of 1.50998014511054e-31
    Iteration 6 ended with a performance of aic = -1197.76154776946
    Current interaction being tested is between variables and with a probability of acceptance of 2.07346449770616e-18
    Iteration 7 ended with a performance of aic = -1251.9997440608
    Current interaction being tested is between variables and with a probability of acceptance of 7.70791251261522e-10
    Iteration 8 ended with a performance of aic = -1153.12172693017
    Current interaction being tested is between variables and with a probability of acceptance of 1.02170149863507e-11
    Iteration 9 ended with a performance of aic = -1341.09232710564
    Current interaction being tested is between variables and with a probability of acceptance of 2.18944153808771e-26
    Iteration 10 ended with a performance of aic = -1367.95733539434
    Current interaction being tested is between variables and with a probability of acceptance of 1.04575020381219e-24
    Iteration 11 ended with a performance of aic = -1358.75459820185
    Current interaction being tested is between variables and with a probability of acceptance of 6.90316398751446e-15
    Iteration 12 ended with a performance of aic = -1246.89156363668
    Current interaction being tested is between variables and with a probability of acceptance of 1.66847960763619e-16
    Iteration 13 ended with a performance of aic = -1155.68496505597
    Current interaction being tested is between variables and with a probability of acceptance of 7.72244158026467e-17
    Iteration 14 ended with a performance of aic = -1236.48153742678
    Current interaction being tested is between variables and with a probability of acceptance of 1.44516170311706e-22
    Iteration 15 ended with a performance of aic = -1241.11477225938
    Current interaction being tested is between variables and with a probability of acceptance of 5.40624010199584e-19
    Iteration 16 ended with a performance of aic = -1273.23216598345
    Current interaction being tested is between variables and with a probability of acceptance of 1.35840600597139e-16
    Iteration 17 ended with a performance of aic = -1308.52344285383
    Current interaction being tested is between variables and with a probability of acceptance of 9.78331843153513e-12
    Iteration 18 ended with a performance of aic = -1295.4629972031
    Current interaction being tested is between variables and with a probability of acceptance of 2.55611004579622e-15
    Iteration 19 ended with a performance of aic = -1216.34227620534
    Current interaction being tested is between variables and with a probability of acceptance of 4.83821385276413e-13
    Iteration 20 ended with a performance of aic = -1182.49100952275
    Current interaction being tested is between variables and with a probability of acceptance of 8.96630128270427e-09
    Iteration 21 ended with a performance of aic = -1173.25725136401
    Current interaction being tested is between variables and with a probability of acceptance of 4.68328502025433e-14
    Iteration 22 ended with a performance of aic = -1189.92356744239
    Current interaction being tested is between variables and with a probability of acceptance of 8.15802915140713e-13
    Iteration 23 ended with a performance of aic = -1203.04464116591
    Current interaction being tested is between variables and with a probability of acceptance of 1.02438262042866e-11
    Iteration 24 ended with a performance of aic = -1158.97644329251
    Current interaction being tested is between variables and with a probability of acceptance of 1.13052303527413e-28
    Iteration 25 ended with a performance of aic = -1145.10158708571
    Current interaction being tested is between variables and with a probability of acceptance of 4.69450913873256e-11
    Iteration 26 ended with a performance of aic = -1125.85907354311
    Current interaction being tested is between variables and with a probability of acceptance of 1.7699903588082e-14
    Iteration 27 ended with a performance of aic = -1119.86019043271
    Current interaction being tested is between variables and with a probability of acceptance of 1.40546145340902e-21
    Iteration 28 ended with a performance of aic = -1126.10153878192
    Current interaction being tested is between variables and with a probability of acceptance of 2.93736962642376e-13
    Iteration 29 ended with a performance of aic = -1164.25456807847
    Current interaction being tested is between variables and with a probability of acceptance of 2.12403402361858e-17
    Iteration 30 ended with a performance of aic = -1142.62558657505
    Current interaction being tested is between variables and with a probability of acceptance of 1.02665836836029e-15
    Iteration 31 ended with a performance of aic = -1136.98423889053
    Current interaction being tested is between variables and with a probability of acceptance of 6.98189825081077e-15
    Iteration 32 ended with a performance of aic = -1142.67853251896
    Current interaction being tested is between variables and with a probability of acceptance of 1.84911193798015e-15
    Iteration 33 ended with a performance of aic = -1175.56360998371
    Current interaction being tested is between variables and with a probability of acceptance of 7.60978020450248e-16
    Iteration 34 ended with a performance of aic = -1155.09226987138
    Current interaction being tested is between variables and with a probability of acceptance of 1.55033445146066e-16
    Iteration 35 ended with a performance of aic = -1163.5795349259
    Current interaction being tested is between variables and with a probability of acceptance of 1.09881812708566e-16
    Iteration 36 ended with a performance of aic = -1169.16572792504
    Current interaction being tested is between variables and with a probability of acceptance of 7.06981385216512e-21
    Iteration 37 ended with a performance of aic = -1190.81069387526
    Current interaction being tested is between variables and with a probability of acceptance of 1.82212390232201e-15
    Iteration 38 ended with a performance of aic = -1182.03512579501
    Current interaction being tested is between variables and with a probability of acceptance of 2.92356140572052e-15
    Iteration 39 ended with a performance of aic = -1177.8224561829
    Current interaction being tested is between variables and with a probability of acceptance of 1.68495812493432e-15
    Iteration 40 ended with a performance of aic = -1195.33124564478
    Current interaction being tested is between variables and with a probability of acceptance of 3.91539656223425e-15
    Iteration 41 ended with a performance of aic = -1191.85663609184
    Current interaction being tested is between variables and with a probability of acceptance of 1.53908130064552e-20
    Iteration 42 ended with a performance of aic = -1187.33009121209
    Current interaction being tested is between variables and with a probability of acceptance of 7.73470856052544e-15
    Iteration 43 ended with a performance of aic = -1183.2918702525
    Current interaction being tested is between variables and with a probability of acceptance of 6.55821175936078e-24
    Iteration 44 ended with a performance of aic = -1197.1768097438
    Current interaction being tested is between variables and with a probability of acceptance of 5.29384250823857e-16
    Iteration 45 ended with a performance of aic = -1204.53143757089
    Current interaction being tested is between variables and with a probability of acceptance of 1.23598558432946e-18
    Iteration 46 ended with a performance of aic = -1221.63848178978
    Current interaction being tested is between variables and with a probability of acceptance of 9.92977361176117e-22
    Iteration 47 ended with a performance of aic = -1206.66200637732
    Current interaction being tested is between variables and with a probability of acceptance of 1.19904616438416e-18
    Iteration 48 ended with a performance of aic = -1196.98444807239
    Current interaction being tested is between variables and with a probability of acceptance of 1.49781742817595e-19
    Iteration 49 ended with a performance of aic = -1179.00309956444
    Current interaction being tested is between variables and with a probability of acceptance of 1.73188994429562e-18
    Iteration 50 ended with a performance of aic = -1187.87456562698
    Current interaction being tested is between variables and with a probability of acceptance of 9.79454733315436e+68
    Iteration 1 ended with a performance of aic = -Inf
    Current interaction being tested is between variables and with a probability of acceptance of 91942.1616590285
    Iteration 2 ended with a performance of aic = -1320.60403421933
    Current interaction being tested is between variables and with a probability of acceptance of 8.23205316034761e+20
    Iteration 3 ended with a performance of aic = -1219.15624642372
    Current interaction being tested is between variables and with a probability of acceptance of 0.0180917608938043
    Iteration 4 ended with a performance of aic = -1227.66336993403
    Current interaction being tested is between variables and with a probability of acceptance of 1.74447465258738e-25
    Iteration 5 ended with a performance of aic = -1243.94922062754
    Current interaction being tested is between variables and with a probability of acceptance of 3.69515175255609e-13
    Iteration 6 ended with a performance of aic = -1202.13102993551
    Current interaction being tested is between variables and with a probability of acceptance of 2.48931753715749e-11
    Iteration 7 ended with a performance of aic = -1263.13435182885
    Current interaction being tested is between variables and with a probability of acceptance of 0.197807712370011
    Iteration 8 ended with a performance of aic = -1277.68759232738
    Current interaction being tested is between variables and with a probability of acceptance of 7.20614916858079e-13
    Iteration 9 ended with a performance of aic = -1264.78788185336
    Current interaction being tested is between variables and with a probability of acceptance of 2.69671515032293e-11
    Iteration 10 ended with a performance of aic = -1295.67503591028
    Current interaction being tested is between variables and with a probability of acceptance of 2.29857963444215e-26
    Iteration 11 ended with a performance of aic = -1260.66272373155
    Current interaction being tested is between variables and with a probability of acceptance of 8.06564476538067e-12
    Iteration 12 ended with a performance of aic = -1265.01736385513
    Current interaction being tested is between variables and with a probability of acceptance of 1.1625001611274e-10
    Iteration 13 ended with a performance of aic = -1244.23284542769
    Current interaction being tested is between variables and with a probability of acceptance of 1.72213889933956e-05
    Iteration 14 ended with a performance of aic = -1250.58823845129
    Current interaction being tested is between variables and with a probability of acceptance of 1.35878589701266e-18
    Iteration 15 ended with a performance of aic = -1224.84506180331
    Current interaction being tested is between variables and with a probability of acceptance of 3.18211034661064e-19
    Iteration 16 ended with a performance of aic = -1245.2144555923
    Current interaction being tested is between variables and with a probability of acceptance of 4.04883618945528e-19
    Iteration 17 ended with a performance of aic = -1224.26584062679
    Current interaction being tested is between variables and with a probability of acceptance of 2.01688240195208e-13
    Iteration 18 ended with a performance of aic = -1190.59811320747
    Current interaction being tested is between variables and with a probability of acceptance of 2.72274423927381e-13
    Iteration 19 ended with a performance of aic = -1249.89541448355
    Current interaction being tested is between variables and with a probability of acceptance of 0.000598285026358096
    Iteration 20 ended with a performance of aic = -1255.08524828436
    Current interaction being tested is between variables and with a probability of acceptance of 0.0025583901642356
    Iteration 21 ended with a performance of aic = -1270.64637710162
    Current interaction being tested is between variables and with a probability of acceptance of 0.00128026072264369
    Iteration 22 ended with a performance of aic = -1264.08320498374
    Current interaction being tested is between variables and with a probability of acceptance of 0.672433546546153
    Iteration 23 ended with a performance of aic = -1228.50045817901
    Current interaction being tested is between variables and with a probability of acceptance of 2.44585720229185
    Iteration 24 ended with a performance of aic = -1247.28046265034
    Current interaction being tested is between variables and with a probability of acceptance of 1.20715334925946e-07
    Iteration 25 ended with a performance of aic = -1246.48743044426
    Current interaction being tested is between variables and with a probability of acceptance of 2.35374217616845e-14
    Iteration 26 ended with a performance of aic = -1270.7778545697
    Current interaction being tested is between variables and with a probability of acceptance of 1.79662867603387e-12
    Iteration 27 ended with a performance of aic = -1254.23282261007
    Current interaction being tested is between variables and with a probability of acceptance of 2.53775932202331e-09
    Iteration 28 ended with a performance of aic = -1168.57287488281
    Current interaction being tested is between variables and with a probability of acceptance of 0.000172639788405441
    Iteration 29 ended with a performance of aic = -1201.3255865305
    Current interaction being tested is between variables and with a probability of acceptance of 1.10011773060196e-09
    Iteration 30 ended with a performance of aic = -1218.64143856128
    Current interaction being tested is between variables and with a probability of acceptance of 5436.1872999771
    Iteration 31 ended with a performance of aic = -1154.66186881546
    Current interaction being tested is between variables and with a probability of acceptance of 3.86569621921685e-06
    Iteration 32 ended with a performance of aic = -1110.34435895305
    Current interaction being tested is between variables and with a probability of acceptance of 16435909706.1944
    Iteration 33 ended with a performance of aic = -1150.26247732138
    Current interaction being tested is between variables and with a probability of acceptance of 1809.73923297876
    Iteration 34 ended with a performance of aic = -1144.31408009406
    Current interaction being tested is between variables and with a probability of acceptance of 4.54258600733871e-05
    Iteration 35 ended with a performance of aic = -1123.23434863974
    Current interaction being tested is between variables and with a probability of acceptance of 1.37452556655269e-06
    Iteration 36 ended with a performance of aic = -1163.25119436686
    Current interaction being tested is between variables and with a probability of acceptance of 0.000547251305132475
    Iteration 37 ended with a performance of aic = -1164.4595378235
    Current interaction being tested is between variables and with a probability of acceptance of 0.0178702087204067
    Iteration 38 ended with a performance of aic = -1188.05645260914
    Current interaction being tested is between variables and with a probability of acceptance of 0.00355478781685979
    Iteration 39 ended with a performance of aic = -1173.96065783674
    Current interaction being tested is between variables and with a probability of acceptance of 247174640.918599
    Iteration 40 ended with a performance of aic = -1197.59573207149
    Current interaction being tested is between variables and with a probability of acceptance of 23.8665504412347
    Iteration 41 ended with a performance of aic = -1232.20103365742
    Current interaction being tested is between variables and with a probability of acceptance of 79.4998603410981
    Iteration 42 ended with a performance of aic = -1198.6561425029
    Current interaction being tested is between variables and with a probability of acceptance of 0.0331240778437696
    Iteration 43 ended with a performance of aic = -1211.77361908831
    Current interaction being tested is between variables and with a probability of acceptance of 139447323.745356
    Iteration 44 ended with a performance of aic = -1218.83493856065
    Current interaction being tested is between variables and with a probability of acceptance of 5.48753996410783e-17
    Iteration 45 ended with a performance of aic = -1223.70326478427
    Current interaction being tested is between variables and with a probability of acceptance of 1.22008084059156
    Iteration 46 ended with a performance of aic = -1214.15581787469
    Current interaction being tested is between variables and with a probability of acceptance of 7649.07242705362
    Iteration 47 ended with a performance of aic = -1203.53708135101
    Current interaction being tested is between variables and with a probability of acceptance of 0.00108997213090899
    Iteration 48 ended with a performance of aic = -1202.35582376968
    Current interaction being tested is between variables and with a probability of acceptance of 0.0468008167794748
    Iteration 49 ended with a performance of aic = -1198.71894811081
    Current interaction being tested is between variables and with a probability of acceptance of 502.458011748003
    Iteration 50 ended with a performance of aic = -1197.86108413824
    Current interaction being tested is between variables and with a probability of acceptance of 6.27854598621658e+70
    Iteration 1 ended with a performance of aic = -Inf
    Current interaction being tested is between variables and with a probability of acceptance of 34783255679.787
    Iteration 2 ended with a performance of aic = -1370.58528470034
    Current interaction being tested is between variables and with a probability of acceptance of 1.04439942427276e-12
    Iteration 3 ended with a performance of aic = -1280.23649480317
    Current interaction being tested is between variables and with a probability of acceptance of 8.3562025980349e-19
    Iteration 4 ended with a performance of aic = -1290.21076116714
    Current interaction being tested is between variables and with a probability of acceptance of 0.596202938931151
    Iteration 5 ended with a performance of aic = -1287.47810511207
    Current interaction being tested is between variables and with a probability of acceptance of 8.53598593732317e-13
    Iteration 6 ended with a performance of aic = -1284.85751594852
    Current interaction being tested is between variables and with a probability of acceptance of 8.29873701548715e-13
    Iteration 7 ended with a performance of aic = -1283.08292313222
    Current interaction being tested is between variables and with a probability of acceptance of 8.82074891216815e-22
    Iteration 8 ended with a performance of aic = -1220.94416135099
    Current interaction being tested is between variables and with a probability of acceptance of 5.75077605861097e-11
    Iteration 9 ended with a performance of aic = -1370.60816466302
    Current interaction being tested is between variables and with a probability of acceptance of 2.44139669497885e-17
    Iteration 10 ended with a performance of aic = -1339.97403337415
    Current interaction being tested is between variables and with a probability of acceptance of 6.26278532393758e-19
    Iteration 11 ended with a performance of aic = -1309.927689384
    Current interaction being tested is between variables and with a probability of acceptance of 7.24884423937364e-13
    Iteration 12 ended with a performance of aic = -1305.32158117712
    Current interaction being tested is between variables and with a probability of acceptance of 7.1585957140177e-13
    Iteration 13 ended with a performance of aic = -1313.16239056433
    Current interaction being tested is between variables and with a probability of acceptance of 0.000278877759602973
    Iteration 14 ended with a performance of aic = -1347.02546543354
    Current interaction being tested is between variables and with a probability of acceptance of 3.07605028652592e-10
    Iteration 15 ended with a performance of aic = -1353.28954288264
    Current interaction being tested is between variables and with a probability of acceptance of 2.14065672683879e-11
    Iteration 16 ended with a performance of aic = -1363.65884812791
    Current interaction being tested is between variables and with a probability of acceptance of 3.14247497545251e-15
    Iteration 17 ended with a performance of aic = -1346.9903913846
    Current interaction being tested is between variables and with a probability of acceptance of 4.08108211003726e-11
    Iteration 18 ended with a performance of aic = -1291.07065987182
    Current interaction being tested is between variables and with a probability of acceptance of 5.65056336821423e-17
    Iteration 19 ended with a performance of aic = -1289.18814420317
    Current interaction being tested is between variables and with a probability of acceptance of 1.18045325465458e-10
    Iteration 20 ended with a performance of aic = -1294.2121275852
    Current interaction being tested is between variables and with a probability of acceptance of 5.36565261856776e-09
    Iteration 21 ended with a performance of aic = -1304.99207027441
    Current interaction being tested is between variables and with a probability of acceptance of 1.00299785369328e-17
    Iteration 22 ended with a performance of aic = -1315.56739996226
    Current interaction being tested is between variables and with a probability of acceptance of 1.58523096197636e-15
    Iteration 23 ended with a performance of aic = -1329.79026007731
    Current interaction being tested is between variables and with a probability of acceptance of 3.47333930373348e-10
    Iteration 24 ended with a performance of aic = -1325.93502106666
    Current interaction being tested is between variables and with a probability of acceptance of 1.21930286801086e-07
    Iteration 25 ended with a performance of aic = -1318.68674710417
    Current interaction being tested is between variables and with a probability of acceptance of 1.52996552915404e-09
    Iteration 26 ended with a performance of aic = -1317.45497047218
    Current interaction being tested is between variables and with a probability of acceptance of 3.80659805577868e-08
    Iteration 27 ended with a performance of aic = -1302.22749747903
    Current interaction being tested is between variables and with a probability of acceptance of 5.57601545995858e-07
    Iteration 28 ended with a performance of aic = -1283.83210721159
    Current interaction being tested is between variables and with a probability of acceptance of 0.00171178600241388
    Iteration 29 ended with a performance of aic = -1278.6521550195
    Current interaction being tested is between variables and with a probability of acceptance of 4.65983594031661e-11
    Iteration 30 ended with a performance of aic = -1275.85271521481
    Current interaction being tested is between variables and with a probability of acceptance of 9.54515592542465e-23
    Iteration 31 ended with a performance of aic = -1267.19503608048
    Current interaction being tested is between variables and with a probability of acceptance of 1.89004348019966e-22
    Iteration 32 ended with a performance of aic = -1262.21072251278
    Current interaction being tested is between variables and with a probability of acceptance of 3.69599772389644e-22
    Iteration 33 ended with a performance of aic = -1254.90610314472
    Current interaction being tested is between variables and with a probability of acceptance of 3.27346501952648e-23
    Iteration 34 ended with a performance of aic = -1234.54156361024
    Current interaction being tested is between variables and with a probability of acceptance of 9.70615053045024e-26
    Iteration 35 ended with a performance of aic = -1230.87346018843
    Current interaction being tested is between variables and with a probability of acceptance of 1.97025655295849e-25
    Iteration 36 ended with a performance of aic = -1222.03421467413
    Current interaction being tested is between variables and with a probability of acceptance of 7.12482014230331e-22
    Iteration 37 ended with a performance of aic = -1229.07026273122
    Current interaction being tested is between variables and with a probability of acceptance of 8.29179902272523e-21
    Iteration 38 ended with a performance of aic = -1227.33096471256
    Current interaction being tested is between variables and with a probability of acceptance of 3.50148625971112e-18
    Iteration 39 ended with a performance of aic = -1234.76109257702
    Current interaction being tested is between variables and with a probability of acceptance of 1.37387524235545e-23
    Iteration 40 ended with a performance of aic = -1236.84588359071
    Current interaction being tested is between variables and with a probability of acceptance of 4.43918617768925e-21
    Iteration 41 ended with a performance of aic = -1241.29001815047
    Current interaction being tested is between variables and with a probability of acceptance of 4.31111805594228e-20
    Iteration 42 ended with a performance of aic = -1241.13332988246
    Current interaction being tested is between variables and with a probability of acceptance of 8.17072901531648e-07
    Iteration 43 ended with a performance of aic = -1216.34691492305
    Current interaction being tested is between variables and with a probability of acceptance of 2.96489297457772e-10
    Iteration 44 ended with a performance of aic = -1227.05259746647
    Current interaction being tested is between variables and with a probability of acceptance of 4.07648588479173e-14
    Iteration 45 ended with a performance of aic = -1200.16472414399
    Current interaction being tested is between variables and with a probability of acceptance of 1.29600925056825e-12
    Iteration 46 ended with a performance of aic = -1193.75981568443
    Current interaction being tested is between variables and with a probability of acceptance of 8.63704670377272e-23
    Iteration 47 ended with a performance of aic = -1186.93752188461
    Current interaction being tested is between variables and with a probability of acceptance of 3.14161776826272e-22
    Iteration 48 ended with a performance of aic = -1190.75457888158
    Current interaction being tested is between variables and with a probability of acceptance of 6.15202606523039e-20
    Iteration 49 ended with a performance of aic = -1205.31149991485
    Current interaction being tested is between variables and with a probability of acceptance of 1.22252955138951e-13
    Iteration 50 ended with a performance of aic = -1216.27447017344
    Current interaction being tested is between variables and with a probability of acceptance of 7.3298072354673e+68
    Iteration 1 ended with a performance of aic = -Inf
    Current interaction being tested is between variables and with a probability of acceptance of 3.50538053504304e+29
    Iteration 2 ended with a performance of aic = -1270.60354896177
    Current interaction being tested is between variables and with a probability of acceptance of 1.30037665899845e-09
    Iteration 3 ended with a performance of aic = -1389.53679145398
    Current interaction being tested is between variables and with a probability of acceptance of 2.04121899607517e-14
    Iteration 4 ended with a performance of aic = -1263.20115289543
    Current interaction being tested is between variables and with a probability of acceptance of 5.06722762192596e-09
    Iteration 5 ended with a performance of aic = -1304.57911110396
    Current interaction being tested is between variables and with a probability of acceptance of 1.2000325494586e-16
    Iteration 6 ended with a performance of aic = -1363.95651328311
    Current interaction being tested is between variables and with a probability of acceptance of 1.41242735878097e-20
    Iteration 7 ended with a performance of aic = -1343.62338259359
    Current interaction being tested is between variables and with a probability of acceptance of 1.96418690816237e-22
    Iteration 8 ended with a performance of aic = -1313.01065606786
    Current interaction being tested is between variables and with a probability of acceptance of 5.77484777352045e-11
    Iteration 9 ended with a performance of aic = -1362.9330714205
    Current interaction being tested is between variables and with a probability of acceptance of 3.35374928361897e-16
    Iteration 10 ended with a performance of aic = -1370.57623070403
    Current interaction being tested is between variables and with a probability of acceptance of 2.9557778562559e-15
    Iteration 11 ended with a performance of aic = -1370.56785206722
    Current interaction being tested is between variables and with a probability of acceptance of 5.30144559929708e-16
    Iteration 12 ended with a performance of aic = -1360.48315945325
    Current interaction being tested is between variables and with a probability of acceptance of 1.46696859714668e-15
    Iteration 13 ended with a performance of aic = -1371.5081975558
    Current interaction being tested is between variables and with a probability of acceptance of 5.12607205994041e-13
    Iteration 14 ended with a performance of aic = -1307.9502351285
    Current interaction being tested is between variables and with a probability of acceptance of 1.09350953760927e-16
    Iteration 15 ended with a performance of aic = -1317.34417953717
    Current interaction being tested is between variables and with a probability of acceptance of 1.3468415229647e-20
    Iteration 16 ended with a performance of aic = -1335.32021052559
    Current interaction being tested is between variables and with a probability of acceptance of 2.127385292811e-09
    Iteration 17 ended with a performance of aic = -1310.71685430694
    Current interaction being tested is between variables and with a probability of acceptance of 0.0265237184054207
    Iteration 18 ended with a performance of aic = -1260.43100651519
    Current interaction being tested is between variables and with a probability of acceptance of 2.23722143395113e-29
    Iteration 19 ended with a performance of aic = -1232.97957889095
    Current interaction being tested is between variables and with a probability of acceptance of 5.85190082393832e-16
    Iteration 20 ended with a performance of aic = -1210.53879115517
    Current interaction being tested is between variables and with a probability of acceptance of 6.76946728285796
    Iteration 21 ended with a performance of aic = -1237.98044868015
    Current interaction being tested is between variables and with a probability of acceptance of 0.147722111388626
    Iteration 22 ended with a performance of aic = -1215.38361825564
    Current interaction being tested is between variables and with a probability of acceptance of 0.147722111388626
    Iteration 23 ended with a performance of aic = -1221.41388314891
    Current interaction being tested is between variables and with a probability of acceptance of 0.147722111388626
    Iteration 24 ended with a performance of aic = -1244.89503134571
    Current interaction being tested is between variables and with a probability of acceptance of 0.147722111388626
    Iteration 25 ended with a performance of aic = -1235.29173066851
    Current interaction being tested is between variables and with a probability of acceptance of 0.147722111388626
    Iteration 26 ended with a performance of aic = -1240.34428458918
    Current interaction being tested is between variables and with a probability of acceptance of 6.76946728285796
    Iteration 27 ended with a performance of aic = -1222.28958589916
    Current interaction being tested is between variables and with a probability of acceptance of 0.147722111388626
    Iteration 28 ended with a performance of aic = -1246.43340083032
    Current interaction being tested is between variables and with a probability of acceptance of 0.147722111388626
    Iteration 29 ended with a performance of aic = -1238.30749594922
    Current interaction being tested is between variables and with a probability of acceptance of 7366965078563138
    Iteration 30 ended with a performance of aic = -1221.17010788801
    Current interaction being tested is between variables and with a probability of acceptance of 7.99311378713783e-16
    Iteration 31 ended with a performance of aic = -1241.06399531128
    Current interaction being tested is between variables and with a probability of acceptance of 4.7977155340695e-36
    Iteration 32 ended with a performance of aic = -1238.10459888505
    Current interaction being tested is between variables and with a probability of acceptance of 1.80615373170641e-16
    Iteration 33 ended with a performance of aic = -1244.80765025049
    Current interaction being tested is between variables and with a probability of acceptance of 1.79260520608022e-16
    Iteration 34 ended with a performance of aic = -1243.98465545406
    Current interaction being tested is between variables and with a probability of acceptance of 2.37548875404517e-15
    Iteration 35 ended with a performance of aic = -1230.76229003375
    Current interaction being tested is between variables and with a probability of acceptance of 6.08914430269131e-08
    Iteration 36 ended with a performance of aic = -1224.29772752244
    Current interaction being tested is between variables and with a probability of acceptance of 2.80335969709165e-14
    Iteration 37 ended with a performance of aic = -1227.32089121228
    Current interaction being tested is between variables and with a probability of acceptance of 1.54361408405952e-29
    Iteration 38 ended with a performance of aic = -1235.45912300164
    Current interaction being tested is between variables and with a probability of acceptance of 0.0638552199906435
    Iteration 39 ended with a performance of aic = -1225.25580401803
    Current interaction being tested is between variables and with a probability of acceptance of 2.70598122385041e-11
    Iteration 40 ended with a performance of aic = -1226.15713735352
    Current interaction being tested is between variables and with a probability of acceptance of 0.00100260568914332
    Iteration 41 ended with a performance of aic = -1240.68326677423
    Current interaction being tested is between variables and with a probability of acceptance of 0.757556299197417
    Iteration 42 ended with a performance of aic = -1223.00894806609
    Current interaction being tested is between variables and with a probability of acceptance of 2.34620205143881
    Iteration 43 ended with a performance of aic = -1200.42508547499
    Current interaction being tested is between variables and with a probability of acceptance of 744.792215961896
    Iteration 44 ended with a performance of aic = -1245.86506391352
    Current interaction being tested is between variables and with a probability of acceptance of 2.88684173060918e-07
    Iteration 45 ended with a performance of aic = -1218.24157726415
    Current interaction being tested is between variables and with a probability of acceptance of 5368472897.43818
    Iteration 46 ended with a performance of aic = -1239.42572954866
    Current interaction being tested is between variables and with a probability of acceptance of 0.000213468215819752
    Iteration 47 ended with a performance of aic = -1249.2728347242
    Current interaction being tested is between variables and with a probability of acceptance of 6.49644380164684e-15
    Iteration 48 ended with a performance of aic = -1239.50382568703
    Current interaction being tested is between variables and with a probability of acceptance of 6.90315226579968e-15
    Iteration 49 ended with a performance of aic = -1221.864808902
    Current interaction being tested is between variables and with a probability of acceptance of 8.45261599944374e-16
    Iteration 50 ended with a performance of aic = -1219.632499526
    Current interaction being tested is between variables and with a probability of acceptance of 1.13856318617838e+74
    Iteration 1 ended with a performance of aic = -Inf
    Current interaction being tested is between variables and with a probability of acceptance of 1.99360281005026e-13
    Iteration 2 ended with a performance of aic = -1367.19844281803
    Current interaction being tested is between variables and with a probability of acceptance of 0.00165572464371952
    Iteration 3 ended with a performance of aic = -1377.63055592456
    Current interaction being tested is between variables and with a probability of acceptance of 1.32573617880967e-18
    Iteration 4 ended with a performance of aic = -1378.77575642358
    Current interaction being tested is between variables and with a probability of acceptance of 0.00100181046448465
    Iteration 5 ended with a performance of aic = -1376.65857984103
    Current interaction being tested is between variables and with a probability of acceptance of 6.99352624931511e-18
    Iteration 6 ended with a performance of aic = -1307.8958344312
    Current interaction being tested is between variables and with a probability of acceptance of 5.7241846200462e-06
    Iteration 7 ended with a performance of aic = -1276.5352769046
    Current interaction being tested is between variables and with a probability of acceptance of 2.74754857410996e-25
    Iteration 8 ended with a performance of aic = -1290.494422113
    Current interaction being tested is between variables and with a probability of acceptance of 3.66995217031074e-21
    Iteration 9 ended with a performance of aic = -1340.54014585992
    Current interaction being tested is between variables and with a probability of acceptance of 7.11834206701374e-15
    Iteration 10 ended with a performance of aic = -1342.40799001757
    Current interaction being tested is between variables and with a probability of acceptance of 3.37468391006917e-26
    Iteration 11 ended with a performance of aic = -1299.9735315252
    Current interaction being tested is between variables and with a probability of acceptance of 4.32902758143364e-13
    Iteration 12 ended with a performance of aic = -1297.89367442299
    Current interaction being tested is between variables and with a probability of acceptance of 6.59292146180319e-27
    Iteration 13 ended with a performance of aic = -1298.67393146844
    Current interaction being tested is between variables and with a probability of acceptance of 1.46404885059896e-06
    Iteration 14 ended with a performance of aic = -1286.62585022487
    Current interaction being tested is between variables and with a probability of acceptance of 4.89965303781113e-11
    Iteration 15 ended with a performance of aic = -1275.72496523002
    Current interaction being tested is between variables and with a probability of acceptance of 0.00175513528184556
    Iteration 16 ended with a performance of aic = -1274.11586219576
    Current interaction being tested is between variables and with a probability of acceptance of 7.37940853594905e-19
    Iteration 17 ended with a performance of aic = -1258.43379858145
    Current interaction being tested is between variables and with a probability of acceptance of 1.46451066461479e-29
    Iteration 18 ended with a performance of aic = -1211.80762962262
    Current interaction being tested is between variables and with a probability of acceptance of 1.65572991991494e-21
    Iteration 19 ended with a performance of aic = -1229.41779619836
    Current interaction being tested is between variables and with a probability of acceptance of 3.7015102346353e-08
    Iteration 20 ended with a performance of aic = -1203.80331721763
    Current interaction being tested is between variables and with a probability of acceptance of 5.31151945814994e-37
    Iteration 21 ended with a performance of aic = -1281.50348497721
    Current interaction being tested is between variables and with a probability of acceptance of 2.53348300306628e-14
    Iteration 22 ended with a performance of aic = -1302.19334301171
    Current interaction being tested is between variables and with a probability of acceptance of 2.44758092165313e-18
    Iteration 23 ended with a performance of aic = -1269.1024103682
    Current interaction being tested is between variables and with a probability of acceptance of 1.4660193701633e-24
    Iteration 24 ended with a performance of aic = -1242.01702689925
    Current interaction being tested is between variables and with a probability of acceptance of 3.33888218236537e-28
    Iteration 25 ended with a performance of aic = -1268.70022027977
    Current interaction being tested is between variables and with a probability of acceptance of 4.58632698467319e-40
    Iteration 26 ended with a performance of aic = -1298.30086004663
    Current interaction being tested is between variables and with a probability of acceptance of 2.50685215421539e-11
    Iteration 27 ended with a performance of aic = -1249.54501376268
    Current interaction being tested is between variables and with a probability of acceptance of 1.79447097058645e-12
    Iteration 28 ended with a performance of aic = -1222.58827935684
    Current interaction being tested is between variables and with a probability of acceptance of 2.2250838706983e-14
    Iteration 29 ended with a performance of aic = -1190.41666809169
    Current interaction being tested is between variables and with a probability of acceptance of 9.99325989874053e-25
    Iteration 30 ended with a performance of aic = -1231.73418937111
    Current interaction being tested is between variables and with a probability of acceptance of 1.68743461322334e-14
    Iteration 31 ended with a performance of aic = -1219.9558817997
    Current interaction being tested is between variables and with a probability of acceptance of 6.61445413967358e-23
    Iteration 32 ended with a performance of aic = -1225.20068123229
    Current interaction being tested is between variables and with a probability of acceptance of 3.0955720432339e-21
    Iteration 33 ended with a performance of aic = -1215.33876632528
    Current interaction being tested is between variables and with a probability of acceptance of 1.88514374229563e-18
    Iteration 34 ended with a performance of aic = -1201.43316761434
    Current interaction being tested is between variables and with a probability of acceptance of 1.75588597226319e-15
    Iteration 35 ended with a performance of aic = -1230.7403216206
    Current interaction being tested is between variables and with a probability of acceptance of 1.32337566895292e-20
    Iteration 36 ended with a performance of aic = -1228.31376733654
    Current interaction being tested is between variables and with a probability of acceptance of 2.06977600145343e-19
    Iteration 37 ended with a performance of aic = -1237.87726276395
    Current interaction being tested is between variables and with a probability of acceptance of 4.20235950913036e-20
    Iteration 38 ended with a performance of aic = -1250.53900755441
    Current interaction being tested is between variables and with a probability of acceptance of 6.61638331182887e-12
    Iteration 39 ended with a performance of aic = -1238.79347510486
    Current interaction being tested is between variables and with a probability of acceptance of 2.54523962109493e-34
    Iteration 40 ended with a performance of aic = -1231.29247730538
    Current interaction being tested is between variables and with a probability of acceptance of 1.40664198139264e-18
    Iteration 41 ended with a performance of aic = -1239.76514401852
    Current interaction being tested is between variables and with a probability of acceptance of 1.33250527398732e-12
    Iteration 42 ended with a performance of aic = -1231.91342766241
    Current interaction being tested is between variables and with a probability of acceptance of 1.41585882904986e-11
    Iteration 43 ended with a performance of aic = -1247.53452164395
    Current interaction being tested is between variables and with a probability of acceptance of 2.25629509604711e-20
    Iteration 44 ended with a performance of aic = -1253.1412608258
    Current interaction being tested is between variables and with a probability of acceptance of 2.13757330846494e-09
    Iteration 45 ended with a performance of aic = -1240.58910853953
    Current interaction being tested is between variables and with a probability of acceptance of 2.55315761487115e-13
    Iteration 46 ended with a performance of aic = -1250.49590357208
    Current interaction being tested is between variables and with a probability of acceptance of 1.85188209542031e-18
    Iteration 47 ended with a performance of aic = -1238.90338310525
    Current interaction being tested is between variables and with a probability of acceptance of 2.31665721903455e-20
    Iteration 48 ended with a performance of aic = -1223.22716551727
    Current interaction being tested is between variables and with a probability of acceptance of 2.44018207650135e-20
    Iteration 49 ended with a performance of aic = -1223.63709999243
    Current interaction being tested is between variables and with a probability of acceptance of 3.34671882600467e-22
    Iteration 50 ended with a performance of aic = -1211.8793269819
    Current interaction being tested is between variables and with a probability of acceptance of 1.44502543071713e-58
    Iteration 1 ended with a performance of aic = -Inf
    Current interaction being tested is between variables and with a probability of acceptance of 156623929585.581
    Iteration 2 ended with a performance of aic = -1301.75848054844
    Current interaction being tested is between variables and with a probability of acceptance of 279231809129341024
    Iteration 3 ended with a performance of aic = -1228.26583972834
    Current interaction being tested is between variables and with a probability of acceptance of 1.79447934926673e-12
    Iteration 4 ended with a performance of aic = -1232.69767509933
    Current interaction being tested is between variables and with a probability of acceptance of 2.9494632684611e-13
    Iteration 5 ended with a performance of aic = -1298.16136731957
    Current interaction being tested is between variables and with a probability of acceptance of 5.02960841210544e-12
    Iteration 6 ended with a performance of aic = -1308.97302321929
    Current interaction being tested is between variables and with a probability of acceptance of 5.05142180035738e-12
    Iteration 7 ended with a performance of aic = -1317.52590791558
    Current interaction being tested is between variables and with a probability of acceptance of 1.98755807168664e-19
    Iteration 8 ended with a performance of aic = -1351.26831980889
    Current interaction being tested is between variables and with a probability of acceptance of 1.2367402748749e-30
    Iteration 9 ended with a performance of aic = -1318.598311691
    Current interaction being tested is between variables and with a probability of acceptance of 1.96096161768443e-13
    Iteration 10 ended with a performance of aic = -1348.62957106687
    Current interaction being tested is between variables and with a probability of acceptance of 3.04188548489796e-13
    Iteration 11 ended with a performance of aic = -1332.0265718858
    Current interaction being tested is between variables and with a probability of acceptance of 1.05936620869062e-16
    Iteration 12 ended with a performance of aic = -1323.68182595083
    Current interaction being tested is between variables and with a probability of acceptance of 0.00338742025269741
    Iteration 13 ended with a performance of aic = -1321.80483007297
    Current interaction being tested is between variables and with a probability of acceptance of 0.000120475618179592
    Iteration 14 ended with a performance of aic = -1338.73634586196
    Current interaction being tested is between variables and with a probability of acceptance of 69.4757326277299
    Iteration 15 ended with a performance of aic = -1381.40638293021
    Current interaction being tested is between variables and with a probability of acceptance of 115.52769274065
    Iteration 16 ended with a performance of aic = -1316.44268510332
    Current interaction being tested is between variables and with a probability of acceptance of 76.8106016214382
    Iteration 17 ended with a performance of aic = -1255.77337789221
    Current interaction being tested is between variables and with a probability of acceptance of 2.87686482396172e-08
    Iteration 18 ended with a performance of aic = -1289.79944504573
    Current interaction being tested is between variables and with a probability of acceptance of 138739166939.013
    Iteration 19 ended with a performance of aic = -1374.54491202725
    Current interaction being tested is between variables and with a probability of acceptance of 8.29990227417948e-19
    Iteration 20 ended with a performance of aic = -1380.73905614109
    Current interaction being tested is between variables and with a probability of acceptance of 2.35686008133177e-21
    Iteration 21 ended with a performance of aic = -1366.42183572068
    Current interaction being tested is between variables and with a probability of acceptance of 39178.6814145458
    Iteration 22 ended with a performance of aic = -1327.72380748549
    Current interaction being tested is between variables and with a probability of acceptance of 283624504427876064
    Iteration 23 ended with a performance of aic = -1296.7386209733
    Current interaction being tested is between variables and with a probability of acceptance of 8.54590940574168e-31
    Iteration 24 ended with a performance of aic = -1346.1297247315
    Current interaction being tested is between variables and with a probability of acceptance of 4.53972097829863e-25
    Iteration 25 ended with a performance of aic = -1348.76837024853
    Current interaction being tested is between variables and with a probability of acceptance of 8.03425539966621e-18
    Iteration 26 ended with a performance of aic = -1350.66273573485
    Current interaction being tested is between variables and with a probability of acceptance of 2.28023745446752e-32
    Iteration 27 ended with a performance of aic = -1358.51669394524
    Current interaction being tested is between variables and with a probability of acceptance of 6.73002388757956e-14
    Iteration 28 ended with a performance of aic = -1320.99348857977
    Current interaction being tested is between variables and with a probability of acceptance of 2.1443998816786e-12
    Iteration 29 ended with a performance of aic = -1286.30085450021
    Current interaction being tested is between variables and with a probability of acceptance of 7.31110582423328e-16
    Iteration 30 ended with a performance of aic = -1319.45159195293
    Current interaction being tested is between variables and with a probability of acceptance of 4.78048926236345e-16
    Iteration 31 ended with a performance of aic = -1269.9277648924
    Current interaction being tested is between variables and with a probability of acceptance of 2.89102228772426e-16
    Iteration 32 ended with a performance of aic = -1211.86663372899
    Current interaction being tested is between variables and with a probability of acceptance of 2.25279871024818e-07
    Iteration 33 ended with a performance of aic = -1177.35642053069
    Current interaction being tested is between variables and with a probability of acceptance of 2.61034876847147e-16
    Iteration 34 ended with a performance of aic = -1188.05659342247
    Current interaction being tested is between variables and with a probability of acceptance of 4.77131869390908e-25
    Iteration 35 ended with a performance of aic = -1191.22123152758
    Current interaction being tested is between variables and with a probability of acceptance of 3.5598462270337e-22
    Iteration 36 ended with a performance of aic = -1199.78897409091
    Current interaction being tested is between variables and with a probability of acceptance of 1.83017485148879e-16
    Iteration 37 ended with a performance of aic = -1219.33986599195
    Current interaction being tested is between variables and with a probability of acceptance of 4.12868902020078e-07
    Iteration 38 ended with a performance of aic = -1245.96075602676
    Current interaction being tested is between variables and with a probability of acceptance of 7.04986318762312e-15
    Iteration 39 ended with a performance of aic = -1246.73951947141
    Current interaction being tested is between variables and with a probability of acceptance of 1.19943686151834e-28
    Iteration 40 ended with a performance of aic = -1199.42707223183
    Current interaction being tested is between variables and with a probability of acceptance of 1.22754385858185e-14
    Iteration 41 ended with a performance of aic = -1171.9294672326
    Current interaction being tested is between variables and with a probability of acceptance of 4.15600622730949e-25
    Iteration 42 ended with a performance of aic = -1171.26300413515
    Current interaction being tested is between variables and with a probability of acceptance of 5.96120923941972e-31
    Iteration 43 ended with a performance of aic = -1219.08068205243
    Current interaction being tested is between variables and with a probability of acceptance of 6.82631756013334e-31
    Iteration 44 ended with a performance of aic = -1168.38072704223
    Current interaction being tested is between variables and with a probability of acceptance of 1.9824817082097e-17
    Iteration 45 ended with a performance of aic = -1190.37593493703
    Current interaction being tested is between variables and with a probability of acceptance of 1.08157838953024e-28
    Iteration 46 ended with a performance of aic = -1167.22521563008
    Current interaction being tested is between variables and with a probability of acceptance of 1.66408587633421e-33
    Iteration 47 ended with a performance of aic = -1177.54939853446
    Current interaction being tested is between variables and with a probability of acceptance of 2.27118841563285e-29
    Iteration 48 ended with a performance of aic = -1239.29071533554
    Current interaction being tested is between variables and with a probability of acceptance of 8.10451726507784e-26
    Iteration 49 ended with a performance of aic = -1208.49911385238
    Current interaction being tested is between variables and with a probability of acceptance of 2.99035200915804e-15
    Iteration 50 ended with a performance of aic = -1170.23939084041
    Current interaction being tested is between variables and with a probability of acceptance of 2.36592764296425e-66
    Iteration 1 ended with a performance of aic = -Inf
    Current interaction being tested is between variables and with a probability of acceptance of 18005843482151.6
    Iteration 2 ended with a performance of aic = -1331.55449311392
    Current interaction being tested is between variables and with a probability of acceptance of 1.82533022096112e-27
    Iteration 3 ended with a performance of aic = -1307.42920186113
    Current interaction being tested is between variables and with a probability of acceptance of 8.86682113481529e-13
    Iteration 4 ended with a performance of aic = -1338.1837938973
    Current interaction being tested is between variables and with a probability of acceptance of 8.94351915018113e-10
    Iteration 5 ended with a performance of aic = -1301.68121093705
    Current interaction being tested is between variables and with a probability of acceptance of 6.43382616055678e-18
    Iteration 6 ended with a performance of aic = -1323.43634963458
    Current interaction being tested is between variables and with a probability of acceptance of 1.75255007384255e-10
    Iteration 7 ended with a performance of aic = -1287.28549789518
    Current interaction being tested is between variables and with a probability of acceptance of 6.32633853930597e-19
    Iteration 8 ended with a performance of aic = -1356.70825211145
    Current interaction being tested is between variables and with a probability of acceptance of 8.84200043245308e-16
    Iteration 9 ended with a performance of aic = -1298.43551903819
    Current interaction being tested is between variables and with a probability of acceptance of 3.37584795271398e-18
    Iteration 10 ended with a performance of aic = -1309.25307742101
    Current interaction being tested is between variables and with a probability of acceptance of 4.0741765387718e-22
    Iteration 11 ended with a performance of aic = -1313.09593192508
    Current interaction being tested is between variables and with a probability of acceptance of 2.63542985742728e-14
    Iteration 12 ended with a performance of aic = -1291.76737920988
    Current interaction being tested is between variables and with a probability of acceptance of 1.71872608459868e-18
    Iteration 13 ended with a performance of aic = -1358.77316958287
    Current interaction being tested is between variables and with a probability of acceptance of 9.52787528524148e-18
    Iteration 14 ended with a performance of aic = -1293.94064222875
    Current interaction being tested is between variables and with a probability of acceptance of 1.58464404458656e-17
    Iteration 15 ended with a performance of aic = -1295.87837002456
    Current interaction being tested is between variables and with a probability of acceptance of 1.84968439255058e-22
    Iteration 16 ended with a performance of aic = -1275.48560313026
    Current interaction being tested is between variables and with a probability of acceptance of 1.43047921830056e-18
    Iteration 17 ended with a performance of aic = -1209.64344701649
    Current interaction being tested is between variables and with a probability of acceptance of 8.35185021374114e-28
    Iteration 18 ended with a performance of aic = -1206.35739224244
    Current interaction being tested is between variables and with a probability of acceptance of 5.6755454987127e-35
    Iteration 19 ended with a performance of aic = -1150.58958203518
    Current interaction being tested is between variables and with a probability of acceptance of 5.57544106932469e-13
    Iteration 20 ended with a performance of aic = -1215.58213528542
    Current interaction being tested is between variables and with a probability of acceptance of 2.31969424180583e-13
    Iteration 21 ended with a performance of aic = -1188.52671430675
    Current interaction being tested is between variables and with a probability of acceptance of 8.83140190972318e-23
    Iteration 22 ended with a performance of aic = -1227.73838456398
    Current interaction being tested is between variables and with a probability of acceptance of 5.60654648769119e-23
    Iteration 23 ended with a performance of aic = -1250.07995469406
    Current interaction being tested is between variables and with a probability of acceptance of 2.64134964059209e-21
    Iteration 24 ended with a performance of aic = -1230.96520334436
    Current interaction being tested is between variables and with a probability of acceptance of 6.47337769333001e-20
    Iteration 25 ended with a performance of aic = -1216.62166698154
    Current interaction being tested is between variables and with a probability of acceptance of 4.99728978165118e-14
    Iteration 26 ended with a performance of aic = -1194.82166911352
    Current interaction being tested is between variables and with a probability of acceptance of 2.23276258884761e-21
    Iteration 27 ended with a performance of aic = -1196.42366516895
    Current interaction being tested is between variables and with a probability of acceptance of 3.05412243583946e-20
    Iteration 28 ended with a performance of aic = -1174.31407441963
    Current interaction being tested is between variables and with a probability of acceptance of 2.26374190324778e-11
    Iteration 29 ended with a performance of aic = -1200.99569464409
    Current interaction being tested is between variables and with a probability of acceptance of 5.07061568839114e-24
    Iteration 30 ended with a performance of aic = -1175.22915366214
    Current interaction being tested is between variables and with a probability of acceptance of 1.40871610350948e-21
    Iteration 31 ended with a performance of aic = -1212.0005208292
    Current interaction being tested is between variables and with a probability of acceptance of 1.09715259189303e-31
    Iteration 32 ended with a performance of aic = -1199.78579724745
    Current interaction being tested is between variables and with a probability of acceptance of 1.0807813870817e-22
    Iteration 33 ended with a performance of aic = -1198.8589557178
    Current interaction being tested is between variables and with a probability of acceptance of 1.14976714113578e-19
    Iteration 34 ended with a performance of aic = -1207.67201074288
    Current interaction being tested is between variables and with a probability of acceptance of 1.45185820285392e-18
    Iteration 35 ended with a performance of aic = -1199.95317144923
    Current interaction being tested is between variables and with a probability of acceptance of 6.32313637684215e-20
    Iteration 36 ended with a performance of aic = -1164.75425578891
    Current interaction being tested is between variables and with a probability of acceptance of 3.94328891991461e-26
    Iteration 37 ended with a performance of aic = -1169.59115409866
    Current interaction being tested is between variables and with a probability of acceptance of 4.8360658632289e-21
    Iteration 38 ended with a performance of aic = -1179.9644898843
    Current interaction being tested is between variables and with a probability of acceptance of 3.94961211321048e-16
    Iteration 39 ended with a performance of aic = -1170.4050299792
    Current interaction being tested is between variables and with a probability of acceptance of 1.99325769546611e-22
    Iteration 40 ended with a performance of aic = -1163.83686812565
    Current interaction being tested is between variables and with a probability of acceptance of 1.23601900001115e-28
    Iteration 41 ended with a performance of aic = -1156.55278244511
    Current interaction being tested is between variables and with a probability of acceptance of 3.40452836986881e-33
    Iteration 42 ended with a performance of aic = -1156.74007780244
    Current interaction being tested is between variables and with a probability of acceptance of 6.17751406908889e-58
    Iteration 43 ended with a performance of aic = -1185.27871389053
    Current interaction being tested is between variables and with a probability of acceptance of 3.94572198854564e-07
    Iteration 44 ended with a performance of aic = -1148.36256097154
    Current interaction being tested is between variables and with a probability of acceptance of 3.76622856423245e-19
    Iteration 45 ended with a performance of aic = -1140.9947741403
    Current interaction being tested is between variables and with a probability of acceptance of 3.71100890225105e-10
    Iteration 46 ended with a performance of aic = -1159.73389309124
    Current interaction being tested is between variables and with a probability of acceptance of 1.65658338067136e-28
    Iteration 47 ended with a performance of aic = -1165.97998655248
    Current interaction being tested is between variables and with a probability of acceptance of 1.15353120455623e-21
    Iteration 48 ended with a performance of aic = -1146.0171585324
    Current interaction being tested is between variables and with a probability of acceptance of 2.4025676489523e-22
    Iteration 49 ended with a performance of aic = -1162.43820294864
    Current interaction being tested is between variables and with a probability of acceptance of 3.1850362270546e-22
    Iteration 50 ended with a performance of aic = -1149.08895296352
    Current interaction being tested is between variables and with a probability of acceptance of 6.72460879756246e+71
    Iteration 1 ended with a performance of aic = -Inf
    Current interaction being tested is between variables and with a probability of acceptance of 0.00172906695443163
    Iteration 2 ended with a performance of aic = -1296.27652184417
    Current interaction being tested is between variables and with a probability of acceptance of 4.69165800960593e-13
    Iteration 3 ended with a performance of aic = -1328.66966356356
    Current interaction being tested is between variables and with a probability of acceptance of 1.92155443094363e-15
    Iteration 4 ended with a performance of aic = -1364.88240181701
    Current interaction being tested is between variables and with a probability of acceptance of 3.86323881944627e-22
    Iteration 5 ended with a performance of aic = -1376.69715743045
    Current interaction being tested is between variables and with a probability of acceptance of 4.71742879703916e-21
    Iteration 6 ended with a performance of aic = -1291.66432506816
    Current interaction being tested is between variables and with a probability of acceptance of 4.43044630487782e-26
    Iteration 7 ended with a performance of aic = -1329.31189885018
    Current interaction being tested is between variables and with a probability of acceptance of 9.665841215064e-17
    Iteration 8 ended with a performance of aic = -1277.53684116025
    Current interaction being tested is between variables and with a probability of acceptance of 8.0088858583872e-25
    Iteration 9 ended with a performance of aic = -1332.86505211593
    Current interaction being tested is between variables and with a probability of acceptance of 6.35523381855103e-21
    Iteration 10 ended with a performance of aic = -1321.63042159565
    Current interaction being tested is between variables and with a probability of acceptance of 1.26686779714635e-25
    Iteration 11 ended with a performance of aic = -1269.12432574973
    Current interaction being tested is between variables and with a probability of acceptance of 2.38250082396363e-15
    Iteration 12 ended with a performance of aic = -1255.4851967787
    Current interaction being tested is between variables and with a probability of acceptance of 3.67939968853422e-15
    Iteration 13 ended with a performance of aic = -1259.33936826132
    Current interaction being tested is between variables and with a probability of acceptance of 2.01082710676121e-12
    Iteration 14 ended with a performance of aic = -1270.55679155211
    Current interaction being tested is between variables and with a probability of acceptance of 7.02367589197295e-14
    Iteration 15 ended with a performance of aic = -1285.96063992206
    Current interaction being tested is between variables and with a probability of acceptance of 1.22025619448436e-17
    Iteration 16 ended with a performance of aic = -1286.9281960836
    Current interaction being tested is between variables and with a probability of acceptance of 7.7791731945448e-29
    Iteration 17 ended with a performance of aic = -1290.20485238704
    Current interaction being tested is between variables and with a probability of acceptance of 9.49850264692319e-29
    Iteration 18 ended with a performance of aic = -1294.06911561763
    Current interaction being tested is between variables and with a probability of acceptance of 0.00172906695443163
    Iteration 19 ended with a performance of aic = -1305.12055986715
    Current interaction being tested is between variables and with a probability of acceptance of 6.94802505343098e-19
    Iteration 20 ended with a performance of aic = -1299.48961335666
    Current interaction being tested is between variables and with a probability of acceptance of 6.22293972429623e-19
    Iteration 21 ended with a performance of aic = -1298.2633420412
    Current interaction being tested is between variables and with a probability of acceptance of 1.11044965386594e-13
    Iteration 22 ended with a performance of aic = -1298.00826980729
    Current interaction being tested is between variables and with a probability of acceptance of 7.64684005081545e-14
    Iteration 23 ended with a performance of aic = -1293.418652043
    Current interaction being tested is between variables and with a probability of acceptance of 7.24992919976827e-18
    Iteration 24 ended with a performance of aic = -1304.71537510106
    Current interaction being tested is between variables and with a probability of acceptance of 4.76383440052359e-16
    Iteration 25 ended with a performance of aic = -1303.14645489346
    Current interaction being tested is between variables and with a probability of acceptance of 2.38409983388268e-19
    Iteration 26 ended with a performance of aic = -1300.97518577408
    Current interaction being tested is between variables and with a probability of acceptance of 7.50168729700565e-26
    Iteration 27 ended with a performance of aic = -1305.10065397012
    Current interaction being tested is between variables and with a probability of acceptance of 4.40802116335246e-26
    Iteration 28 ended with a performance of aic = -1295.99398166147
    Current interaction being tested is between variables and with a probability of acceptance of 6.48872254726457e-15
    Iteration 29 ended with a performance of aic = -1277.91144269937
    Current interaction being tested is between variables and with a probability of acceptance of 6.48440945967892e-20
    Iteration 30 ended with a performance of aic = -1284.76590375363
    Current interaction being tested is between variables and with a probability of acceptance of 1.18091329344315e-24
    Iteration 31 ended with a performance of aic = -1258.16264916374
    Current interaction being tested is between variables and with a probability of acceptance of 1.16412409477598e-12
    Iteration 32 ended with a performance of aic = -1261.89572173601
    Current interaction being tested is between variables and with a probability of acceptance of 1.24212409535673e-10
    Iteration 33 ended with a performance of aic = -1247.85476422532
    Current interaction being tested is between variables and with a probability of acceptance of 1.6278853276265e-06
    Iteration 34 ended with a performance of aic = -1210.26856591965
    Current interaction being tested is between variables and with a probability of acceptance of 1.50825265254846e-19
    Iteration 35 ended with a performance of aic = -1189.33021858942
    Current interaction being tested is between variables and with a probability of acceptance of 2.51971984943384e-17
    Iteration 36 ended with a performance of aic = -1206.39486678248
    Current interaction being tested is between variables and with a probability of acceptance of 0.0312045919643404
    Iteration 37 ended with a performance of aic = -1178.13987263627
    Current interaction being tested is between variables and with a probability of acceptance of 7.90814734855013e-14
    Iteration 38 ended with a performance of aic = -1198.34109440181
    Current interaction being tested is between variables and with a probability of acceptance of 7.23283368579432e-20
    Iteration 39 ended with a performance of aic = -1202.63072628549
    Current interaction being tested is between variables and with a probability of acceptance of 6.57085782714516e-28
    Iteration 40 ended with a performance of aic = -1181.92266285992
    Current interaction being tested is between variables and with a probability of acceptance of 6.43360215335031e-13
    Iteration 41 ended with a performance of aic = -1180.35018620027
    Current interaction being tested is between variables and with a probability of acceptance of 5.90423888188716e-15
    Iteration 42 ended with a performance of aic = -1174.98943766982
    Current interaction being tested is between variables and with a probability of acceptance of 1.90149954731033e-12
    Iteration 43 ended with a performance of aic = -1156.24791184133
    Current interaction being tested is between variables and with a probability of acceptance of 3.04729114741542e-11
    Iteration 44 ended with a performance of aic = -1176.68419780224
    Current interaction being tested is between variables and with a probability of acceptance of 3.99008653905593e-26
    Iteration 45 ended with a performance of aic = -1173.15976514656
    Current interaction being tested is between variables and with a probability of acceptance of 1.44082226940196e-24
    Iteration 46 ended with a performance of aic = -1178.98713144523
    Current interaction being tested is between variables and with a probability of acceptance of 5.94970147752395e-20
    Iteration 47 ended with a performance of aic = -1153.80962301758
    Current interaction being tested is between variables and with a probability of acceptance of 4.67304311790225e-22
    Iteration 48 ended with a performance of aic = -1178.46814824309
    Current interaction being tested is between variables and with a probability of acceptance of 1.50019842290913e-22
    Iteration 49 ended with a performance of aic = -1193.37331675913
    Current interaction being tested is between variables and with a probability of acceptance of 1.5713229365121e-20
    Iteration 50 ended with a performance of aic = -1212.75039176409
    dyld: lazy symbol binding failed: Symbol not found: ____chkstk_darwin
     Referenced from: /usr/local/bin/pandoc (which was built for Mac OS X 10.15)
     Expected in: /usr/lib/libSystem.B.dylib
    
    dyld: Symbol not found: ____chkstk_darwin
     Referenced from: /usr/local/bin/pandoc (which was built for Mac OS X 10.15)
     Expected in: /usr/lib/libSystem.B.dylib
    
    Error: processing vignette 'glmdisc.Rmd' failed with diagnostics:
    pandoc document conversion failed with error 6
    --- failed re-building ‘glmdisc.Rmd’
    
    SUMMARY: processing the following file failed:
     ‘glmdisc.Rmd’
    
    Error: Vignette re-building failed.
    Execution halted
Flavor: r-patched-osx-x86_64