Last updated on 2020-04-25 01:53:03 CEST.
Flavor | Version | Tinstall | Tcheck | Ttotal | Status | Flags |
---|---|---|---|---|---|---|
r-devel-linux-x86_64-debian-clang | 3.0 | 121.93 | 29.65 | 151.58 | OK | |
r-devel-linux-x86_64-debian-gcc | 3.0 | 96.72 | 23.58 | 120.30 | OK | |
r-devel-linux-x86_64-fedora-clang | 3.0 | 222.21 | NOTE | |||
r-devel-linux-x86_64-fedora-gcc | 3.0 | 202.63 | OK | |||
r-devel-windows-ix86+x86_64 | 3.0 | 195.00 | 71.00 | 266.00 | OK | |
r-patched-linux-x86_64 | 3.0 | 74.78 | 29.72 | 104.50 | OK | |
r-patched-osx-x86_64 | 3.0 | NOTE | ||||
r-patched-solaris-x86 | 3.0 | 194.20 | OK | |||
r-release-linux-x86_64 | 3.0 | 73.58 | 27.84 | 101.42 | OK | |
r-release-windows-ix86+x86_64 | 3.0 | 181.00 | 63.00 | 244.00 | OK | |
r-release-osx-x86_64 | 3.0 | NOTE | ||||
r-oldrel-windows-ix86+x86_64 | 3.0 | 125.00 | 87.00 | 212.00 | OK | |
r-oldrel-osx-x86_64 | 3.0 | NOTE |
Version: 3.0
Check: installed package size
Result: NOTE
installed size is 11.0Mb
sub-directories of 1Mb or more:
libs 10.9Mb
Flavors: r-devel-linux-x86_64-fedora-clang, r-patched-osx-x86_64, r-release-osx-x86_64, r-oldrel-osx-x86_64