CRAN Package Check Results for Package git2r

Last updated on 2020-04-25 01:53:03 CEST.

Flavor Version Tinstall Tcheck Ttotal Status Flags
r-devel-linux-x86_64-debian-clang 0.26.1 16.27 58.42 74.69 OK
r-devel-linux-x86_64-debian-gcc 0.26.1 11.11 45.43 56.54 OK
r-devel-linux-x86_64-fedora-clang 0.26.1 93.10 OK
r-devel-linux-x86_64-fedora-gcc 0.26.1 90.50 OK
r-devel-windows-ix86+x86_64 0.26.1 82.00 205.00 287.00 NOTE
r-patched-linux-x86_64 0.26.1 13.13 56.85 69.98 OK
r-patched-osx-x86_64 0.26.1 OK
r-patched-solaris-x86 0.26.1 380.20 OK
r-release-linux-x86_64 0.26.1 12.31 53.85 66.16 OK
r-release-windows-ix86+x86_64 0.26.1 134.00 208.00 342.00 NOTE
r-release-osx-x86_64 0.26.1 OK
r-oldrel-windows-ix86+x86_64 0.26.1 163.00 375.00 538.00 NOTE
r-oldrel-osx-x86_64 0.26.1 OK

Check Details

Version: 0.26.1
Check: installed package size
Result: NOTE
     installed size is 6.4Mb
     sub-directories of 1Mb or more:
     libs 5.9Mb
Flavors: r-devel-windows-ix86+x86_64, r-release-windows-ix86+x86_64, r-oldrel-windows-ix86+x86_64