CRAN Package Check Results for Package gifski

Last updated on 2020-04-25 01:53:03 CEST.

Flavor Version Tinstall Tcheck Ttotal Status Flags
r-devel-linux-x86_64-debian-clang 0.8.6 192.80 19.47 212.27 OK
r-devel-linux-x86_64-debian-gcc 0.8.6 141.23 15.22 156.45 OK
r-devel-linux-x86_64-fedora-clang 0.8.6 317.89 OK
r-devel-linux-x86_64-fedora-gcc 0.8.6 315.78 OK
r-devel-windows-ix86+x86_64 0.8.6 24.00 50.00 74.00 OK
r-patched-linux-x86_64 0.8.6 196.83 19.01 215.84 OK
r-patched-osx-x86_64 0.8.6 NOTE
r-release-linux-x86_64 0.8.6 194.45 17.94 212.39 OK
r-release-windows-ix86+x86_64 0.8.6 20.00 50.00 70.00 OK
r-release-osx-x86_64 0.8.6 NOTE
r-oldrel-windows-ix86+x86_64 0.8.6 14.00 63.00 77.00 OK
r-oldrel-osx-x86_64 0.8.6 NOTE

Check Details

Version: 0.8.6
Check: installed package size
Result: NOTE
     installed size is 5.4Mb
     sub-directories of 1Mb or more:
     libs 5.3Mb
Flavors: r-patched-osx-x86_64, r-release-osx-x86_64, r-oldrel-osx-x86_64