CRAN Package Check Results for Package ggwordcloud

Last updated on 2020-04-25 01:53:03 CEST.

Flavor Version Tinstall Tcheck Ttotal Status Flags
r-devel-linux-x86_64-debian-clang 0.5.0 21.44 180.36 201.80 OK
r-devel-linux-x86_64-debian-gcc 0.5.0 15.55 138.44 153.99 OK
r-devel-linux-x86_64-fedora-clang 0.5.0 200.20 NOTE
r-devel-linux-x86_64-fedora-gcc 0.5.0 196.72 NOTE
r-devel-windows-ix86+x86_64 0.5.0 80.00 210.00 290.00 OK
r-patched-linux-x86_64 0.5.0 18.28 173.30 191.58 OK
r-patched-osx-x86_64 0.5.0 WARN
r-patched-solaris-x86 0.5.0 250.40 NOTE
r-release-linux-x86_64 0.5.0 18.44 178.13 196.57 OK
r-release-windows-ix86+x86_64 0.5.0 61.00 209.00 270.00 OK
r-release-osx-x86_64 0.5.0 NOTE
r-oldrel-windows-ix86+x86_64 0.5.0 31.00 276.00 307.00 OK
r-oldrel-osx-x86_64 0.5.0 NOTE

Check Details

Version: 0.5.0
Check: data for non-ASCII characters
Result: NOTE
     Note: found 203 marked UTF-8 strings
Flavors: r-devel-linux-x86_64-fedora-clang, r-devel-linux-x86_64-fedora-gcc, r-patched-osx-x86_64, r-patched-solaris-x86, r-release-osx-x86_64, r-oldrel-osx-x86_64

Version: 0.5.0
Check: re-building of vignette outputs
Result: WARN
    Error(s) in re-building vignettes:
    --- re-building ‘ggwordcloud.Rmd’ using rmarkdown
    Warning in wordcloud_boxes(data_points = points_valid_first, boxes = boxes, :
     Some words could not fit on page. They have been placed at their original positions.
    Warning in wordcloud_boxes(data_points = points_valid_first, boxes = boxes, :
     Some words could not fit on page. They have been placed at their original positions.
    Warning in wordcloud_boxes(data_points = points_valid_first, boxes = boxes, :
     Some words could not fit on page. They have been placed at their original positions.
    Some words could not fit on page. They have been removed.
    Warning in wordcloud_boxes(data_points = points_valid_first, boxes = boxes, :
     One word could not fit on page. It has been placed at its original position.
    Warning in wordcloud_boxes(data_points = points_valid_first, boxes = boxes, :
     Some words could not fit on page. They have been placed at their original positions.
    Warning in wordcloud_boxes(data_points = points_valid_first, boxes = boxes, :
     Some words could not fit on page. They have been placed at their original positions.
    Warning in wordcloud_boxes(data_points = points_valid_first, boxes = boxes, :
     Some words could not fit on page. They have been placed at their original positions.
    Warning in wordcloud_boxes(data_points = points_valid_first, boxes = boxes, :
     Some words could not fit on page. They have been placed at their original positions.
    Warning in wordcloud_boxes(data_points = points_valid_first, boxes = boxes, :
     Some words could not fit on page. They have been placed at their original positions.
    Warning in wordcloud_boxes(data_points = points_valid_first, boxes = boxes, :
     Some words could not fit on page. They have been placed at their original positions.
    Warning in wordcloud_boxes(data_points = points_valid_first, boxes = boxes, :
     Some words could not fit on page. They have been placed at their original positions.
    Warning in wordcloud_boxes(data_points = points_valid_first, boxes = boxes, :
     Some words could not fit on page. They have been placed at their original positions.
    Warning in wordcloud_boxes(data_points = points_valid_first, boxes = boxes, :
     Some words could not fit on page. They have been placed at their original positions.
    Warning in wordcloud_boxes(data_points = points_valid_first, boxes = boxes, :
     Some words could not fit on page. They have been placed at their original positions.
    Warning in wordcloud_boxes(data_points = points_valid_first, boxes = boxes, :
     Some words could not fit on page. They have been placed at their original positions.
    Some words could not fit on page. They have been removed.
    Some words could not fit on page. They have been removed.
    Warning in wordcloud_boxes(data_points = points_valid_first, boxes = boxes, :
     One word could not fit on page. It has been placed at its original position.
    Warning in wordcloud_boxes(data_points = points_valid_first, boxes = boxes, :
     Some words could not fit on page. They have been placed at their original positions.
    Warning in wordcloud_boxes(data_points = points_valid_first, boxes = boxes, :
     Some words could not fit on page. They have been placed at their original positions.
    Warning in wordcloud_boxes(data_points = points_valid_first, boxes = boxes, :
     Some words could not fit on page. They have been placed at their original positions.
    Warning in wordcloud_boxes(data_points = points_valid_first, boxes = boxes, :
     Some words could not fit on page. They have been placed at their original positions.
    Some words could not fit on page. They have been removed.
    Some words could not fit on page. They have been removed.
    dyld: lazy symbol binding failed: Symbol not found: ____chkstk_darwin
     Referenced from: /usr/local/bin/pandoc (which was built for Mac OS X 10.15)
     Expected in: /usr/lib/libSystem.B.dylib
    
    dyld: Symbol not found: ____chkstk_darwin
     Referenced from: /usr/local/bin/pandoc (which was built for Mac OS X 10.15)
     Expected in: /usr/lib/libSystem.B.dylib
    
    Error: processing vignette 'ggwordcloud.Rmd' failed with diagnostics:
    pandoc document conversion failed with error 6
    --- failed re-building ‘ggwordcloud.Rmd’
    
    SUMMARY: processing the following file failed:
     ‘ggwordcloud.Rmd’
    
    Error: Vignette re-building failed.
    Execution halted
Flavor: r-patched-osx-x86_64