CRAN Package Check Results for Package ggvoronoi

Last updated on 2020-04-25 01:53:03 CEST.

Flavor Version Tinstall Tcheck Ttotal Status Flags
r-devel-linux-x86_64-debian-clang 0.8.3 14.13 152.61 166.74 ERROR
r-devel-linux-x86_64-debian-gcc 0.8.3 13.75 119.49 133.24 OK
r-devel-linux-x86_64-fedora-clang 0.8.3 203.85 OK
r-devel-linux-x86_64-fedora-gcc 0.8.3 204.74 OK
r-devel-windows-ix86+x86_64 0.8.3 44.00 168.00 212.00 OK
r-patched-linux-x86_64 0.8.3 14.97 149.98 164.95 OK
r-patched-osx-x86_64 0.8.3 WARN
r-patched-solaris-x86 0.8.3 286.40 OK
r-release-linux-x86_64 0.8.3 13.52 141.65 155.17 OK
r-release-windows-ix86+x86_64 0.8.3 41.00 149.00 190.00 OK
r-release-osx-x86_64 0.8.3 OK
r-oldrel-windows-ix86+x86_64 0.8.3 18.00 164.00 182.00 OK
r-oldrel-osx-x86_64 0.8.3 OK

Check Details

Version: 0.8.3
Check: package dependencies
Result: NOTE
    Package suggested but not available for checking: 'vdiffr'
Flavor: r-devel-linux-x86_64-debian-clang

Version: 0.8.3
Check: tests
Result: ERROR
     Running 'testthat.R' [5s/7s]
    Running the tests in 'tests/testthat.R' failed.
    Complete output:
     > library(testthat)
     > library(ggvoronoi)
     Loading required package: ggplot2
     >
     > test_check("ggvoronoi")
     -- 1. Error: Voronoi diagram heatmaps work correctly with continuous fill (@test
     there is no package called 'vdiffr'
     Backtrace:
     1. vdiffr::expect_doppelganger
     2. base::getExportedValue(pkg, name)
     3. base::asNamespace(ns)
     4. base::getNamespace(ns)
     5. base::loadNamespace(name)
     6. base::withRestarts(stop(cond), retry_loadNamespace = function() NULL)
     7. base:::withOneRestart(expr, restarts[[1L]])
     8. base:::doWithOneRestart(return(expr), restart)
    
     -- 2. Error: Voronoi diagram heatmaps work correctly with discrete fill (@test_a
     there is no package called 'vdiffr'
     Backtrace:
     1. vdiffr::expect_doppelganger
     2. base::getExportedValue(pkg, name)
     3. base::asNamespace(ns)
     4. base::getNamespace(ns)
     5. base::loadNamespace(name)
     6. base::withRestarts(stop(cond), retry_loadNamespace = function() NULL)
     7. base:::withOneRestart(expr, restarts[[1L]])
     8. base:::doWithOneRestart(return(expr), restart)
    
     -- 3. Error: Voronoi diagram outlines work correctly with blank diagram (@test_o
     there is no package called 'vdiffr'
     Backtrace:
     1. vdiffr::expect_doppelganger
     2. base::getExportedValue(pkg, name)
     3. base::asNamespace(ns)
     4. base::getNamespace(ns)
     5. base::loadNamespace(name)
     6. base::withRestarts(stop(cond), retry_loadNamespace = function() NULL)
     7. base:::withOneRestart(expr, restarts[[1L]])
     8. base:::doWithOneRestart(return(expr), restart)
    
     -- 4. Error: Voronoi diagram outlines work correctly with continuous fill (@test
     there is no package called 'vdiffr'
     Backtrace:
     1. vdiffr::expect_doppelganger
     2. base::getExportedValue(pkg, name)
     3. base::asNamespace(ns)
     4. base::getNamespace(ns)
     5. base::loadNamespace(name)
     6. base::withRestarts(stop(cond), retry_loadNamespace = function() NULL)
     7. base:::withOneRestart(expr, restarts[[1L]])
     8. base:::doWithOneRestart(return(expr), restart)
    
     -- 5. Error: Voronoi diagram outlines work correctly with discrete fill (@test_o
     there is no package called 'vdiffr'
     Backtrace:
     1. vdiffr::expect_doppelganger
     2. base::getExportedValue(pkg, name)
     3. base::asNamespace(ns)
     4. base::getNamespace(ns)
     5. base::loadNamespace(name)
     6. base::withRestarts(stop(cond), retry_loadNamespace = function() NULL)
     7. base:::withOneRestart(expr, restarts[[1L]])
     8. base:::doWithOneRestart(return(expr), restart)
    
     == testthat results ===========================================================
     [ OK: 12 | SKIPPED: 0 | WARNINGS: 0 | FAILED: 5 ]
     1. Error: Voronoi diagram heatmaps work correctly with continuous fill (@test_aes_continuous.R#36)
     2. Error: Voronoi diagram heatmaps work correctly with discrete fill (@test_aes_discrete.R#36)
     3. Error: Voronoi diagram outlines work correctly with blank diagram (@test_outline.R#33)
     4. Error: Voronoi diagram outlines work correctly with continuous fill (@test_outline.R#37)
     5. Error: Voronoi diagram outlines work correctly with discrete fill (@test_outline.R#41)
    
     Error: testthat unit tests failed
     Execution halted
Flavor: r-devel-linux-x86_64-debian-clang

Version: 0.8.3
Check: re-building of vignette outputs
Result: WARN
    Error(s) in re-building vignettes:
    --- re-building ‘ggvoronoi.Rmd’ using rmarkdown
    Scale for 'x' is already present. Adding another scale for 'x', which will
    replace the existing scale.
    Scale for 'y' is already present. Adding another scale for 'y', which will
    replace the existing scale.
    Coordinate system already present. Adding new coordinate system, which will replace the existing one.
    Coordinate system already present. Adding new coordinate system, which will replace the existing one.
    
    Attaching package: 'dplyr'
    
    The following objects are masked from 'package:stats':
    
     filter, lag
    
    The following objects are masked from 'package:base':
    
     intersect, setdiff, setequal, union
    
    dyld: lazy symbol binding failed: Symbol not found: ____chkstk_darwin
     Referenced from: /usr/local/bin/pandoc (which was built for Mac OS X 10.15)
     Expected in: /usr/lib/libSystem.B.dylib
    
    dyld: Symbol not found: ____chkstk_darwin
     Referenced from: /usr/local/bin/pandoc (which was built for Mac OS X 10.15)
     Expected in: /usr/lib/libSystem.B.dylib
    
    Error: processing vignette 'ggvoronoi.Rmd' failed with diagnostics:
    pandoc document conversion failed with error 6
    --- failed re-building ‘ggvoronoi.Rmd’
    
    SUMMARY: processing the following file failed:
     ‘ggvoronoi.Rmd’
    
    Error: Vignette re-building failed.
    Execution halted
Flavor: r-patched-osx-x86_64