CRAN Package Check Results for Package ggsci

Last updated on 2020-04-25 01:53:03 CEST.

Flavor Version Tinstall Tcheck Ttotal Status Flags
r-devel-linux-x86_64-debian-clang 2.9 5.08 103.50 108.58 OK
r-devel-linux-x86_64-debian-gcc 2.9 4.00 75.50 79.50 OK
r-devel-linux-x86_64-fedora-clang 2.9 125.22 OK
r-devel-linux-x86_64-fedora-gcc 2.9 124.46 OK
r-devel-windows-ix86+x86_64 2.9 19.00 121.00 140.00 OK
r-patched-linux-x86_64 2.9 5.38 97.81 103.19 OK
r-patched-osx-x86_64 2.9 WARN
r-patched-solaris-x86 2.9 163.10 OK
r-release-linux-x86_64 2.9 4.34 99.85 104.19 OK
r-release-windows-ix86+x86_64 2.9 17.00 119.00 136.00 OK
r-release-osx-x86_64 2.9 OK
r-oldrel-windows-ix86+x86_64 2.9 8.00 170.00 178.00 OK
r-oldrel-osx-x86_64 2.9 OK

Check Details

Version: 2.9
Check: re-building of vignette outputs
Result: WARN
    Error(s) in re-building vignettes:
     ...
    --- re-building ‘ggsci.Rmd’ using rmarkdown
    dyld: lazy symbol binding failed: Symbol not found: ____chkstk_darwin
     Referenced from: /usr/local/bin/pandoc (which was built for Mac OS X 10.15)
     Expected in: /usr/lib/libSystem.B.dylib
    
    dyld: Symbol not found: ____chkstk_darwin
     Referenced from: /usr/local/bin/pandoc (which was built for Mac OS X 10.15)
     Expected in: /usr/lib/libSystem.B.dylib
    
    Error: processing vignette 'ggsci.Rmd' failed with diagnostics:
    pandoc document conversion failed with error 6
    --- failed re-building ‘ggsci.Rmd’
    
    SUMMARY: processing the following file failed:
     ‘ggsci.Rmd’
    
    Error: Vignette re-building failed.
    Execution halted
Flavor: r-patched-osx-x86_64