CRAN Package Check Results for Package ggnormalviolin

Last updated on 2020-04-25 01:53:03 CEST.

Flavor Version Tinstall Tcheck Ttotal Status Flags
r-devel-linux-x86_64-debian-clang 0.1.2 4.24 28.32 32.56 OK
r-devel-linux-x86_64-debian-gcc 0.1.2 3.55 21.59 25.14 OK
r-devel-linux-x86_64-fedora-clang 0.1.2 40.26 NOTE
r-devel-linux-x86_64-fedora-gcc 0.1.2 38.93 NOTE
r-devel-windows-ix86+x86_64 0.1.2 21.00 37.00 58.00 OK
r-patched-linux-x86_64 0.1.2 4.64 26.58 31.22 OK
r-patched-osx-x86_64 0.1.2 NOTE
r-patched-solaris-x86 0.1.2 58.40 NOTE
r-release-linux-x86_64 0.1.2 3.41 24.75 28.16 OK
r-release-windows-ix86+x86_64 0.1.2 14.00 38.00 52.00 OK
r-release-osx-x86_64 0.1.2 NOTE
r-oldrel-windows-ix86+x86_64 0.1.2 5.00 56.00 61.00 OK
r-oldrel-osx-x86_64 0.1.2 NOTE

Check Details

Version: 0.1.2
Check: dependencies in R code
Result: NOTE
    Namespaces in Imports field not imported from:
     ‘dplyr’ ‘grid’ ‘scales’
     All declared Imports should be used.
Flavors: r-devel-linux-x86_64-fedora-clang, r-devel-linux-x86_64-fedora-gcc, r-patched-osx-x86_64, r-patched-solaris-x86, r-release-osx-x86_64, r-oldrel-osx-x86_64