CRAN Package Check Results for Package ggimage

Last updated on 2020-04-25 01:53:03 CEST.

Flavor Version Tinstall Tcheck Ttotal Status Flags
r-devel-linux-x86_64-debian-clang 0.2.8 5.45 44.38 49.83 OK
r-devel-linux-x86_64-debian-gcc 0.2.8 4.71 34.55 39.26 OK
r-devel-linux-x86_64-fedora-clang 0.2.8 65.62 OK
r-devel-linux-x86_64-fedora-gcc 0.2.8 60.59 OK
r-devel-windows-ix86+x86_64 0.2.8 22.00 58.00 80.00 OK
r-patched-linux-x86_64 0.2.8 4.87 43.00 47.87 OK
r-patched-osx-x86_64 0.2.8 NOTE
r-patched-solaris-x86 0.2.8 94.90 NOTE
r-release-linux-x86_64 0.2.8 3.90 39.23 43.13 OK
r-release-windows-ix86+x86_64 0.2.8 20.00 84.00 104.00 OK
r-release-osx-x86_64 0.2.8 OK
r-oldrel-windows-ix86+x86_64 0.2.8 9.00 52.00 61.00 OK
r-oldrel-osx-x86_64 0.2.7 OK

Check Details

Version: 0.2.8
Check: package dependencies
Result: NOTE
    Package suggested but not available for checking: ‘ggtree’
Flavor: r-patched-osx-x86_64

Version: 0.2.8
Check: package dependencies
Result: NOTE
    Package suggested but not available for checking: ‘rsvg’
Flavor: r-patched-solaris-x86