CRAN Package Check Results for Package gggibbous

Last updated on 2020-04-25 01:53:03 CEST.

Flavor Version Tinstall Tcheck Ttotal Status Flags
r-devel-linux-x86_64-debian-clang 0.1.0 4.12 58.33 62.45 ERROR
r-devel-linux-x86_64-debian-gcc 0.1.0 3.32 45.98 49.30 OK
r-devel-linux-x86_64-fedora-clang 0.1.0 79.61 OK
r-devel-linux-x86_64-fedora-gcc 0.1.0 77.63 OK
r-devel-windows-ix86+x86_64 0.1.0 28.00 71.00 99.00 OK
r-patched-linux-x86_64 0.1.0 3.80 56.72 60.52 OK
r-patched-osx-x86_64 0.1.0 WARN
r-patched-solaris-x86 0.1.0 111.30 OK
r-release-linux-x86_64 0.1.0 3.23 63.21 66.44 OK
r-release-windows-ix86+x86_64 0.1.0 20.00 77.00 97.00 OK
r-release-osx-x86_64 0.1.0 OK
r-oldrel-osx-x86_64 0.1.0 ERROR

Check Details

Version: 0.1.0
Check: package dependencies
Result: NOTE
    Package suggested but not available for checking: 'vdiffr'
Flavor: r-devel-linux-x86_64-debian-clang

Version: 0.1.0
Check: tests
Result: ERROR
     Running 'testthat.R' [3s/3s]
    Running the tests in 'tests/testthat.R' failed.
    Complete output:
     > library(testthat)
     > library(gggibbous)
     Loading required package: ggplot2
     >
     > test_check("gggibbous")
     -- 1. Error: (unknown) (@test-vdiffr.R#15) ------------------------------------
     there is no package called 'vdiffr'
     Backtrace:
     1. vdiffr::expect_doppelganger
     2. base::getExportedValue(pkg, name)
     3. base::asNamespace(ns)
     4. base::getNamespace(ns)
     5. base::loadNamespace(name)
     6. base::withRestarts(stop(cond), retry_loadNamespace = function() NULL)
     7. base:::withOneRestart(expr, restarts[[1L]])
     8. base:::doWithOneRestart(return(expr), restart)
    
     == testthat results ===========================================================
     [ OK: 3 | SKIPPED: 0 | WARNINGS: 0 | FAILED: 1 ]
     1. Error: (unknown) (@test-vdiffr.R#15)
    
     Error: testthat unit tests failed
     Execution halted
Flavor: r-devel-linux-x86_64-debian-clang

Version: 0.1.0
Check: re-building of vignette outputs
Result: WARN
    Error(s) in re-building vignettes:
     ...
    --- re-building ‘gggibbous.Rmd’ using rmarkdown
    dyld: lazy symbol binding failed: Symbol not found: ____chkstk_darwin
     Referenced from: /usr/local/bin/pandoc (which was built for Mac OS X 10.15)
     Expected in: /usr/lib/libSystem.B.dylib
    
    dyld: Symbol not found: ____chkstk_darwin
     Referenced from: /usr/local/bin/pandoc (which was built for Mac OS X 10.15)
     Expected in: /usr/lib/libSystem.B.dylib
    
    Error: processing vignette 'gggibbous.Rmd' failed with diagnostics:
    pandoc document conversion failed with error 6
    --- failed re-building ‘gggibbous.Rmd’
    
    SUMMARY: processing the following file failed:
     ‘gggibbous.Rmd’
    
    Error: Vignette re-building failed.
    Execution halted
Flavor: r-patched-osx-x86_64

Version: 0.1.0
Check: whether package can be installed
Result: ERROR
    Installation failed.
Flavor: r-oldrel-osx-x86_64