Last updated on 2020-04-25 01:53:03 CEST.
Flavor | Version | Tinstall | Tcheck | Ttotal | Status | Flags |
---|---|---|---|---|---|---|
r-devel-linux-x86_64-debian-clang | 0.3.0 | 10.08 | 107.67 | 117.75 | ERROR | |
r-devel-linux-x86_64-debian-gcc | 0.3.0 | 7.44 | 102.90 | 110.34 | OK | |
r-devel-linux-x86_64-fedora-clang | 0.3.0 | 170.06 | OK | |||
r-devel-linux-x86_64-fedora-gcc | 0.3.0 | 169.69 | OK | |||
r-devel-windows-ix86+x86_64 | 0.3.0 | 36.00 | 149.00 | 185.00 | OK | |
r-patched-linux-x86_64 | 0.3.0 | 8.97 | 130.17 | 139.14 | OK | |
r-patched-osx-x86_64 | 0.3.0 | WARN | ||||
r-patched-solaris-x86 | 0.3.0 | 216.40 | WARN | |||
r-release-linux-x86_64 | 0.3.0 | 7.46 | 127.64 | 135.10 | OK | |
r-release-windows-ix86+x86_64 | 0.3.0 | 32.00 | 153.00 | 185.00 | OK | |
r-release-osx-x86_64 | 0.3.0 | WARN | ||||
r-oldrel-windows-ix86+x86_64 | 0.3.0 | 11.00 | 234.00 | 245.00 | OK | |
r-oldrel-osx-x86_64 | 0.3.0 | WARN |
Version: 0.3.0
Check: package dependencies
Result: NOTE
Package suggested but not available for checking: 'vdiffr'
Flavor: r-devel-linux-x86_64-debian-clang
Version: 0.3.0
Check: tests
Result: ERROR
Running 'testthat.R' [5s/7s]
Running the tests in 'tests/testthat.R' failed.
Complete output:
> library(testthat)
> library(ggResidpanel)
>
> test_check("ggResidpanel")
-- 1. Error: (unknown) (@test-resid_panel.R#6) --------------------------------
there is no package called 'vdiffr'
Backtrace:
1. base::library(vdiffr)
== testthat results ===========================================================
[ OK: 0 | SKIPPED: 0 | WARNINGS: 0 | FAILED: 1 ]
1. Error: (unknown) (@test-resid_panel.R#6)
Error: testthat unit tests failed
Execution halted
Flavor: r-devel-linux-x86_64-debian-clang
Version: 0.3.0
Check: re-building of vignette outputs
Result: WARN
Error(s) in re-building vignettes:
--- re-building ‘introduction.Rmd’ using rmarkdown
Attaching package: 'dplyr'
The following objects are masked from 'package:stats':
filter, lag
The following objects are masked from 'package:base':
intersect, setdiff, setequal, union
Loading required package: Matrix
Fontconfig error: Cannot load default config file
`geom_smooth()` using formula 'y ~ x'
`geom_smooth()` using formula 'y ~ x'
`geom_smooth()` using formula 'y ~ x'
dyld: lazy symbol binding failed: Symbol not found: ____chkstk_darwin
Referenced from: /usr/local/bin/pandoc (which was built for Mac OS X 10.15)
Expected in: /usr/lib/libSystem.B.dylib
dyld: Symbol not found: ____chkstk_darwin
Referenced from: /usr/local/bin/pandoc (which was built for Mac OS X 10.15)
Expected in: /usr/lib/libSystem.B.dylib
Error: processing vignette 'introduction.Rmd' failed with diagnostics:
pandoc document conversion failed with error 6
--- failed re-building ‘introduction.Rmd’
SUMMARY: processing the following file failed:
‘introduction.Rmd’
Error: Vignette re-building failed.
Execution halted
Flavor: r-patched-osx-x86_64
Version: 0.3.0
Check: re-building of vignette outputs
Result: WARN
Error(s) in re-building vignettes:
...
--- re-building ‘introduction.Rmd’ using rmarkdown
Warning in engine$weave(file, quiet = quiet, encoding = enc) :
Pandoc (>= 1.12.3) and/or pandoc-citeproc not available. Falling back to R Markdown v1.
Attaching package: 'dplyr'
The following objects are masked from 'package:stats':
filter, lag
The following objects are masked from 'package:base':
intersect, setdiff, setequal, union
Loading required package: Matrix
Quitting from lines 185-186 (introduction.Rmd)
Error: processing vignette 'introduction.Rmd' failed with diagnostics:
there is no package called 'webshot'
--- failed re-building ‘introduction.Rmd’
SUMMARY: processing the following file failed:
‘introduction.Rmd’
Error: Vignette re-building failed.
Execution halted
Flavor: r-patched-solaris-x86
Version: 0.3.0
Check: re-building of vignette outputs
Result: WARN
Error(s) in re-building vignettes:
--- re-building ‘introduction.Rmd’ using rmarkdown
Warning in engine$weave(file, quiet = quiet, encoding = enc) :
Pandoc (>= 1.12.3) and/or pandoc-citeproc not available. Falling back to R Markdown v1.
Attaching package: 'dplyr'
The following objects are masked from 'package:stats':
filter, lag
The following objects are masked from 'package:base':
intersect, setdiff, setequal, union
Loading required package: Matrix
PhantomJS not found. You can install it with webshot::install_phantomjs(). If it is installed, please make sure the phantomjs executable can be found via the PATH variable.
Quitting from lines 185-186 (introduction.Rmd)
Error: processing vignette 'introduction.Rmd' failed with diagnostics:
cannot open the connection
--- failed re-building ‘introduction.Rmd’
SUMMARY: processing the following file failed:
‘introduction.Rmd’
Error: Vignette re-building failed.
Execution halted
Flavor: r-release-osx-x86_64
Version: 0.3.0
Check: re-building of vignette outputs
Result: WARN
Error in re-building vignettes:
...
Warning in engine$weave(file, quiet = quiet, encoding = enc) :
Pandoc (>= 1.12.3) and/or pandoc-citeproc not available. Falling back to R Markdown v1.
Attaching package: 'dplyr'
The following objects are masked from 'package:stats':
filter, lag
The following objects are masked from 'package:base':
intersect, setdiff, setequal, union
Loading required package: Matrix
PhantomJS not found. You can install it with webshot::install_phantomjs(). If it is installed, please make sure the phantomjs executable can be found via the PATH variable.
Quitting from lines 185-186 (introduction.Rmd)
Error: processing vignette 'introduction.Rmd' failed with diagnostics:
cannot open the connection
Execution halted
Flavor: r-oldrel-osx-x86_64