CRAN Package Check Results for Package geoops

Last updated on 2020-04-25 01:53:02 CEST.

Flavor Version Tinstall Tcheck Ttotal Status Flags
r-devel-linux-x86_64-debian-clang 0.2.0 208.25 31.65 239.90 WARN
r-devel-linux-x86_64-debian-gcc 0.2.0 147.19 25.04 172.23 OK
r-devel-linux-x86_64-fedora-clang 0.2.0 334.31 NOTE
r-devel-linux-x86_64-fedora-gcc 0.2.0 322.08 OK
r-devel-windows-ix86+x86_64 0.2.0 479.00 73.00 552.00 OK
r-patched-linux-x86_64 0.2.0 168.68 31.03 199.71 OK
r-patched-osx-x86_64 0.2.0 NOTE
r-patched-solaris-x86 0.2.0 272.80 OK
r-release-linux-x86_64 0.2.0 170.92 28.92 199.84 OK
r-release-windows-ix86+x86_64 0.2.0 470.00 62.00 532.00 OK
r-release-osx-x86_64 0.2.0 NOTE
r-oldrel-windows-ix86+x86_64 0.2.0 356.00 81.00 437.00 OK
r-oldrel-osx-x86_64 0.2.0 NOTE

Check Details

Version: 0.2.0
Check: whether package can be installed
Result: WARN
    Found the following significant warnings:
     ./json.h:9812:43: warning: overlapping comparisons always evaluate to false [-Wtautological-overlap-compare]
Flavor: r-devel-linux-x86_64-debian-clang

Version: 0.2.0
Check: installed package size
Result: NOTE
     installed size is 14.9Mb
     sub-directories of 1Mb or more:
     doc 1.0Mb
     libs 13.2Mb
Flavors: r-devel-linux-x86_64-fedora-clang, r-patched-osx-x86_64, r-release-osx-x86_64, r-oldrel-osx-x86_64