CRAN Package Check Results for Package geonetwork

Last updated on 2020-04-25 01:53:02 CEST.

Flavor Version Tinstall Tcheck Ttotal Status Flags
r-devel-linux-x86_64-debian-clang 0.3 5.00 48.76 53.76 OK
r-devel-linux-x86_64-debian-gcc 0.3 4.28 38.50 42.78 OK
r-devel-linux-x86_64-fedora-clang 0.3 66.44 NOTE
r-devel-linux-x86_64-fedora-gcc 0.3 65.25 NOTE
r-devel-windows-ix86+x86_64 0.3 16.00 61.00 77.00 OK
r-patched-linux-x86_64 0.3 4.87 47.58 52.45 OK
r-patched-osx-x86_64 0.3 NOTE
r-patched-solaris-x86 0.3 108.20 NOTE
r-release-linux-x86_64 0.3 4.29 44.57 48.86 OK
r-release-windows-ix86+x86_64 0.3 13.00 55.00 68.00 OK
r-release-osx-x86_64 0.3 NOTE
r-oldrel-windows-ix86+x86_64 0.3 6.00 72.00 78.00 OK
r-oldrel-osx-x86_64 0.3 NOTE

Check Details

Version: 0.3
Check: dependencies in R code
Result: NOTE
    Namespace in Imports field not imported from: ‘methods’
     All declared Imports should be used.
Flavors: r-devel-linux-x86_64-fedora-clang, r-devel-linux-x86_64-fedora-gcc, r-patched-osx-x86_64, r-patched-solaris-x86, r-release-osx-x86_64, r-oldrel-osx-x86_64