CRAN Package Check Results for Package geometa

Last updated on 2020-04-25 01:53:02 CEST.

Flavor Version Tinstall Tcheck Ttotal Status Flags
r-devel-linux-x86_64-debian-clang 0.6-1 219.58 234.06 453.64 OK
r-devel-linux-x86_64-debian-gcc 0.6-1 184.84 180.87 365.71 OK
r-devel-linux-x86_64-fedora-clang 0.6-1 581.38 NOTE
r-devel-linux-x86_64-fedora-gcc 0.6-1 589.22 OK
r-devel-windows-ix86+x86_64 0.6-1 419.00 575.00 994.00 NOTE
r-patched-linux-x86_64 0.6-1 210.70 227.63 438.33 OK
r-patched-osx-x86_64 0.6-1 NOTE
r-patched-solaris-x86 0.6-1 663.80 NOTE
r-release-linux-x86_64 0.6-1 180.91 211.59 392.50 OK
r-release-windows-ix86+x86_64 0.6-1 379.00 562.00 941.00 NOTE
r-release-osx-x86_64 0.6-1 NOTE
r-oldrel-windows-ix86+x86_64 0.6-1 252.00 606.00 858.00 NOTE
r-oldrel-osx-x86_64 0.6-1 NOTE

Check Details

Version: 0.6-1
Check: installed package size
Result: NOTE
     installed size is 11.5Mb
     sub-directories of 1Mb or more:
     R 9.0Mb
     extdata 1.6Mb
Flavors: r-devel-linux-x86_64-fedora-clang, r-devel-windows-ix86+x86_64, r-patched-osx-x86_64, r-patched-solaris-x86, r-release-windows-ix86+x86_64, r-release-osx-x86_64, r-oldrel-windows-ix86+x86_64, r-oldrel-osx-x86_64