CRAN Package Check Results for Package geojsonsf

Last updated on 2020-04-25 01:53:02 CEST.

Flavor Version Tinstall Tcheck Ttotal Status Flags
r-devel-linux-x86_64-debian-clang 1.3.3 103.83 35.56 139.39 OK
r-devel-linux-x86_64-debian-gcc 1.3.3 70.06 27.45 97.51 OK
r-devel-linux-x86_64-fedora-clang 1.3.3 184.40 NOTE
r-devel-linux-x86_64-fedora-gcc 1.3.3 174.64 NOTE
r-devel-windows-ix86+x86_64 1.3.3 224.00 83.00 307.00 OK
r-patched-linux-x86_64 1.3.3 80.35 34.15 114.50 OK
r-patched-osx-x86_64 1.3.3 NOTE
r-patched-solaris-x86 1.3.3 155.20 NOTE
r-release-linux-x86_64 1.3.3 77.75 31.80 109.55 OK
r-release-windows-ix86+x86_64 1.3.3 216.00 145.00 361.00 OK
r-release-osx-x86_64 1.3.3 NOTE
r-oldrel-windows-ix86+x86_64 1.3.3 163.00 90.00 253.00 OK
r-oldrel-osx-x86_64 1.3.3 NOTE

Check Details

Version: 1.3.3
Check: installed package size
Result: NOTE
     installed size is 9.4Mb
     sub-directories of 1Mb or more:
     help 1.3Mb
     libs 7.2Mb
Flavors: r-devel-linux-x86_64-fedora-clang, r-patched-osx-x86_64, r-release-osx-x86_64, r-oldrel-osx-x86_64

Version: 1.3.3
Check: dependencies in R code
Result: NOTE
    Namespace in Imports field not imported from: ‘jsonify’
     All declared Imports should be used.
Flavors: r-devel-linux-x86_64-fedora-clang, r-devel-linux-x86_64-fedora-gcc, r-patched-osx-x86_64, r-patched-solaris-x86, r-release-osx-x86_64, r-oldrel-osx-x86_64