CRAN Package Check Results for Package genpathmox

Last updated on 2020-04-25 01:53:02 CEST.

Flavor Version Tinstall Tcheck Ttotal Status Flags
r-devel-linux-x86_64-debian-clang 0.3 13.89 109.38 123.27 OK
r-devel-linux-x86_64-debian-gcc 0.3 12.22 83.61 95.83 OK
r-devel-linux-x86_64-fedora-clang 0.3 151.41 WARN
r-devel-linux-x86_64-fedora-gcc 0.3 146.65 OK
r-devel-windows-ix86+x86_64 0.3 41.00 116.00 157.00 OK
r-patched-linux-x86_64 0.3 12.79 104.30 117.09 OK
r-patched-osx-x86_64 0.3 OK
r-patched-solaris-x86 0.3 207.00 OK
r-release-linux-x86_64 0.3 10.62 92.81 103.43 OK
r-release-windows-ix86+x86_64 0.3 38.00 102.00 140.00 OK
r-release-osx-x86_64 0.3 OK
r-oldrel-windows-ix86+x86_64 0.3 15.00 147.00 162.00 OK
r-oldrel-osx-x86_64 0.3 OK

Check Details

Version: 0.3
Check: package dependencies
Result: WARN
    Requires orphaned package: ‘plspm’
Flavor: r-devel-linux-x86_64-fedora-clang