CRAN Package Check Results for Package genio

Last updated on 2020-04-25 01:53:02 CEST.

Flavor Version Tinstall Tcheck Ttotal Status Flags
r-devel-linux-x86_64-debian-clang 1.0.12 25.99 48.52 74.51 OK
r-devel-linux-x86_64-debian-gcc 1.0.12 14.05 38.38 52.43 OK
r-devel-linux-x86_64-fedora-clang 1.0.12 98.93 OK
r-devel-linux-x86_64-fedora-gcc 1.0.12 90.56 OK
r-devel-windows-ix86+x86_64 1.0.12 77.00 90.00 167.00 OK
r-patched-linux-x86_64 1.0.12 19.14 47.17 66.31 OK
r-patched-osx-x86_64 1.0.12 WARN
r-patched-solaris-x86 1.0.12 112.90 OK
r-release-linux-x86_64 1.0.12 20.18 44.05 64.23 OK
r-release-windows-ix86+x86_64 1.0.12 79.00 116.00 195.00 OK
r-release-osx-x86_64 1.0.12 OK
r-oldrel-windows-ix86+x86_64 1.0.12 47.00 84.00 131.00 OK
r-oldrel-osx-x86_64 1.0.12 OK

Check Details

Version: 1.0.12
Check: package dependencies
Result: NOTE
    Package suggested but not available for checking: ‘lfa’
Flavor: r-patched-osx-x86_64

Version: 1.0.12
Check: re-building of vignette outputs
Result: WARN
    Error(s) in re-building vignettes:
     ...
    --- re-building ‘genio.Rmd’ using rmarkdown
    dyld: lazy symbol binding failed: Symbol not found: ____chkstk_darwin
     Referenced from: /usr/local/bin/pandoc (which was built for Mac OS X 10.15)
     Expected in: /usr/lib/libSystem.B.dylib
    
    dyld: Symbol not found: ____chkstk_darwin
     Referenced from: /usr/local/bin/pandoc (which was built for Mac OS X 10.15)
     Expected in: /usr/lib/libSystem.B.dylib
    
    Error: processing vignette 'genio.Rmd' failed with diagnostics:
    pandoc document conversion failed with error 6
    --- failed re-building ‘genio.Rmd’
    
    SUMMARY: processing the following file failed:
     ‘genio.Rmd’
    
    Error: Vignette re-building failed.
    Execution halted
Flavor: r-patched-osx-x86_64