CRAN Package Check Results for Package geneNetBP

Last updated on 2020-04-25 01:53:02 CEST.

Flavor Version Tinstall Tcheck Ttotal Status Flags
r-devel-linux-x86_64-debian-clang 2.0.1 12.07 109.83 121.90 NOTE
r-devel-linux-x86_64-debian-gcc 2.0.1 10.96 87.37 98.33 NOTE
r-devel-linux-x86_64-fedora-clang 2.0.1 152.72 NOTE
r-devel-linux-x86_64-fedora-gcc 2.0.1 151.69 NOTE
r-devel-windows-ix86+x86_64 2.0.1 33.00 140.00 173.00 NOTE
r-patched-linux-x86_64 2.0.1 10.55 108.77 119.32 NOTE
r-patched-osx-x86_64 2.0.1 NOTE
r-patched-solaris-x86 2.0.1 210.70 NOTE
r-release-linux-x86_64 2.0.1 10.52 99.36 109.88 NOTE
r-release-windows-ix86+x86_64 2.0.1 26.00 144.00 170.00 NOTE
r-release-osx-x86_64 2.0.1 NOTE
r-oldrel-windows-ix86+x86_64 2.0.1 11.00 191.00 202.00 NOTE
r-oldrel-osx-x86_64 2.0.1 NOTE

Check Details

Version: 2.0.1
Check: package dependencies
Result: NOTE
    Package suggested but not available for checking: 'RHugin'
Flavors: r-devel-linux-x86_64-debian-clang, r-devel-linux-x86_64-debian-gcc, r-devel-linux-x86_64-fedora-clang, r-devel-linux-x86_64-fedora-gcc, r-devel-windows-ix86+x86_64, r-patched-linux-x86_64, r-patched-osx-x86_64, r-patched-solaris-x86, r-release-linux-x86_64, r-release-windows-ix86+x86_64, r-release-osx-x86_64, r-oldrel-windows-ix86+x86_64, r-oldrel-osx-x86_64

Version: 2.0.1
Check: R code for possible problems
Result: NOTE
    fit.dbn: no visible global function definition for 'as'
    Undefined global functions or variables:
     as
    Consider adding
     importFrom("methods", "as")
    to your NAMESPACE file (and ensure that your DESCRIPTION Imports field
    contains 'methods').
Flavors: r-devel-linux-x86_64-debian-clang, r-devel-linux-x86_64-debian-gcc, r-devel-linux-x86_64-fedora-clang, r-devel-linux-x86_64-fedora-gcc, r-devel-windows-ix86+x86_64, r-patched-linux-x86_64, r-patched-osx-x86_64, r-patched-solaris-x86, r-release-linux-x86_64, r-release-windows-ix86+x86_64, r-release-osx-x86_64, r-oldrel-windows-ix86+x86_64, r-oldrel-osx-x86_64