CRAN Package Check Results for Package gen5helper

Last updated on 2020-04-25 01:53:02 CEST.

Flavor Version Tinstall Tcheck Ttotal Status Flags
r-devel-linux-x86_64-debian-clang 1.0.1 4.59 37.12 41.71 OK
r-devel-linux-x86_64-debian-gcc 1.0.1 3.96 29.02 32.98 OK
r-devel-linux-x86_64-fedora-clang 1.0.1 51.62 NOTE
r-devel-linux-x86_64-fedora-gcc 1.0.1 52.43 NOTE
r-devel-windows-ix86+x86_64 1.0.1 17.00 55.00 72.00 OK
r-patched-linux-x86_64 1.0.1 4.85 36.26 41.11 OK
r-patched-osx-x86_64 1.0.1 NOTE
r-patched-solaris-x86 1.0.1 73.60 NOTE
r-release-linux-x86_64 1.0.1 3.69 33.46 37.15 OK
r-release-windows-ix86+x86_64 1.0.1 17.00 50.00 67.00 OK
r-release-osx-x86_64 1.0.1 NOTE
r-oldrel-windows-ix86+x86_64 1.0.1 7.00 71.00 78.00 OK
r-oldrel-osx-x86_64 1.0.1 NOTE

Check Details

Version: 1.0.1
Check: dependencies in R code
Result: NOTE
    Namespaces in Imports field not imported from:
     ‘ggplot2’ ‘pracma’ ‘rlang’
     All declared Imports should be used.
Flavors: r-devel-linux-x86_64-fedora-clang, r-devel-linux-x86_64-fedora-gcc, r-patched-osx-x86_64, r-patched-solaris-x86, r-release-osx-x86_64, r-oldrel-osx-x86_64