CRAN Package Check Results for Package gdtools

Last updated on 2020-04-25 01:53:02 CEST.

Flavor Version Tinstall Tcheck Ttotal Status Flags
r-devel-linux-x86_64-debian-clang 0.2.2 50.57 26.97 77.54 OK
r-devel-linux-x86_64-debian-gcc 0.2.2 30.88 21.51 52.39 OK
r-devel-linux-x86_64-fedora-clang 0.2.2 110.14 OK
r-devel-linux-x86_64-fedora-gcc 0.2.2 95.26 OK
r-devel-windows-ix86+x86_64 0.2.2 139.00 84.00 223.00 NOTE
r-patched-linux-x86_64 0.2.2 41.02 26.35 67.37 OK
r-patched-osx-x86_64 0.2.2 OK
r-patched-solaris-x86 0.2.2 97.80 OK
r-release-linux-x86_64 0.2.2 35.69 24.81 60.50 OK
r-release-windows-ix86+x86_64 0.2.2 141.00 87.00 228.00 NOTE
r-release-osx-x86_64 0.2.2 OK
r-oldrel-windows-ix86+x86_64 0.2.2 85.00 106.00 191.00 NOTE
r-oldrel-osx-x86_64 0.2.1 OK

Check Details

Version: 0.2.2
Check: installed package size
Result: NOTE
     installed size is 8.2Mb
     sub-directories of 1Mb or more:
     libs 8.1Mb
Flavors: r-devel-windows-ix86+x86_64, r-release-windows-ix86+x86_64, r-oldrel-windows-ix86+x86_64