CRAN Package Check Results for Package gdns

Last updated on 2020-04-25 01:53:02 CEST.

Flavor Version Tinstall Tcheck Ttotal Status Flags
r-devel-linux-x86_64-debian-clang 0.3.1 2.27 26.00 28.27 OK
r-devel-linux-x86_64-debian-gcc 0.3.1 1.92 21.08 23.00 OK
r-devel-linux-x86_64-fedora-clang 0.3.1 35.58 NOTE
r-devel-linux-x86_64-fedora-gcc 0.3.1 34.51 NOTE
r-devel-windows-ix86+x86_64 0.3.1 9.00 38.00 47.00 OK
r-patched-linux-x86_64 0.3.1 1.99 25.37 27.36 OK
r-patched-osx-x86_64 0.3.1 NOTE
r-patched-solaris-x86 0.3.1 54.20 NOTE
r-release-linux-x86_64 0.3.1 1.68 24.18 25.86 OK
r-release-windows-ix86+x86_64 0.3.1 6.00 38.00 44.00 OK
r-release-osx-x86_64 0.3.1 NOTE
r-oldrel-windows-ix86+x86_64 0.3.1 3.00 50.00 53.00 OK
r-oldrel-osx-x86_64 0.3.1 NOTE

Check Details

Version: 0.3.1
Check: data for non-ASCII characters
Result: NOTE
     Note: found 1 marked UTF-8 string
Flavors: r-devel-linux-x86_64-fedora-clang, r-devel-linux-x86_64-fedora-gcc, r-patched-osx-x86_64, r-patched-solaris-x86, r-release-osx-x86_64, r-oldrel-osx-x86_64