CRAN Package Check Results for Package gdalcubes

Last updated on 2020-04-25 01:53:02 CEST.

Flavor Version Tinstall Tcheck Ttotal Status Flags
r-devel-linux-x86_64-debian-clang 0.2.4 428.03 57.42 485.45 WARN
r-devel-linux-x86_64-debian-gcc 0.2.4 360.28 45.18 405.46 OK
r-devel-linux-x86_64-fedora-clang 0.2.4 637.47 NOTE
r-devel-linux-x86_64-fedora-gcc 0.2.4 737.51 OK
r-devel-windows-ix86+x86_64 0.2.4 1039.00 360.00 1399.00 NOTE
r-patched-linux-x86_64 0.2.4 372.51 57.47 429.98 OK
r-patched-osx-x86_64 0.2.4 NOTE
r-patched-solaris-x86 0.2.4 520.00 NOTE
r-release-linux-x86_64 0.2.4 372.21 53.69 425.90 OK
r-release-windows-ix86+x86_64 0.2.4 993.00 398.00 1391.00 NOTE
r-release-osx-x86_64 0.2.4 NOTE
r-oldrel-windows-ix86+x86_64 0.2.4 774.00 455.00 1229.00 NOTE
r-oldrel-osx-x86_64 0.2.4 NOTE

Check Details

Version: 0.2.4
Check: whether package can be installed
Result: WARN
    Found the following significant warnings:
     gdalcubes/src/external/json.hpp:10138:35: warning: overlapping comparisons always evaluate to false [-Wtautological-overlap-compare]
     ./gdalcubes/src/external/json.hpp:10138:35: warning: overlapping comparisons always evaluate to false [-Wtautological-overlap-compare]
Flavor: r-devel-linux-x86_64-debian-clang

Version: 0.2.4
Check: installed package size
Result: NOTE
     installed size is 45.7Mb
     sub-directories of 1Mb or more:
     L8NY18 2.3Mb
     libs 42.1Mb
Flavors: r-devel-linux-x86_64-fedora-clang, r-devel-windows-ix86+x86_64, r-patched-osx-x86_64, r-patched-solaris-x86, r-release-windows-ix86+x86_64, r-release-osx-x86_64, r-oldrel-windows-ix86+x86_64, r-oldrel-osx-x86_64