CRAN Package Check Results for Package gbp

Last updated on 2020-04-25 01:53:02 CEST.

Flavor Version Tinstall Tcheck Ttotal Status Flags
r-devel-linux-x86_64-debian-clang 0.1.0.4 283.27 62.32 345.59 NOTE
r-devel-linux-x86_64-debian-gcc 0.1.0.4 193.36 47.60 240.96 NOTE
r-devel-linux-x86_64-fedora-clang 0.1.0.4 486.46 NOTE
r-devel-linux-x86_64-fedora-gcc 0.1.0.4 453.91 NOTE
r-devel-windows-ix86+x86_64 0.1.0.4 731.00 114.00 845.00 NOTE
r-patched-linux-x86_64 0.1.0.4 227.80 60.02 287.82 NOTE
r-patched-osx-x86_64 0.1.0.4 WARN
r-patched-solaris-x86 0.1.0.4 377.70 NOTE
r-release-linux-x86_64 0.1.0.4 226.09 52.95 279.04 NOTE
r-release-windows-ix86+x86_64 0.1.0.4 687.00 104.00 791.00 NOTE
r-release-osx-x86_64 0.1.0.4 NOTE
r-oldrel-windows-ix86+x86_64 0.1.0.4 495.00 134.00 629.00 NOTE
r-oldrel-osx-x86_64 0.1.0.4 NOTE

Check Details

Version: 0.1.0.4
Check: for GNU extensions in Makefiles
Result: NOTE
    GNU make is a SystemRequirements.
Flavors: r-devel-linux-x86_64-debian-clang, r-devel-linux-x86_64-debian-gcc, r-devel-linux-x86_64-fedora-clang, r-devel-linux-x86_64-fedora-gcc, r-devel-windows-ix86+x86_64, r-patched-linux-x86_64, r-patched-osx-x86_64, r-patched-solaris-x86, r-release-linux-x86_64, r-release-windows-ix86+x86_64, r-release-osx-x86_64, r-oldrel-windows-ix86+x86_64, r-oldrel-osx-x86_64

Version: 0.1.0.4
Check: installed package size
Result: NOTE
     installed size is 20.1Mb
     sub-directories of 1Mb or more:
     doc 1.2Mb
     libs 18.7Mb
Flavors: r-devel-linux-x86_64-fedora-clang, r-devel-windows-ix86+x86_64, r-patched-osx-x86_64, r-release-windows-ix86+x86_64, r-release-osx-x86_64, r-oldrel-windows-ix86+x86_64, r-oldrel-osx-x86_64

Version: 0.1.0.4
Check: compiled code
Result: NOTE
    File ‘gbp/libs/gbp.so’:
     Found no calls to: ‘R_registerRoutines’, ‘R_useDynamicSymbols’
    
    It is good practice to register native routines and to disable symbol
    search.
    
    See ‘Writing portable packages’ in the ‘Writing R Extensions’ manual.
Flavors: r-devel-linux-x86_64-fedora-clang, r-devel-linux-x86_64-fedora-gcc

Version: 0.1.0.4
Check: re-building of vignette outputs
Result: WARN
    Error(s) in re-building vignettes:
     ...
    --- re-building ‘gbp-vignette.Rmd’ using rmarkdown
    Loading required package: magrittr
    Loading required package: data.table
    dyld: lazy symbol binding failed: Symbol not found: ____chkstk_darwin
     Referenced from: /usr/local/bin/pandoc (which was built for Mac OS X 10.15)
     Expected in: /usr/lib/libSystem.B.dylib
    
    dyld: Symbol not found: ____chkstk_darwin
     Referenced from: /usr/local/bin/pandoc (which was built for Mac OS X 10.15)
     Expected in: /usr/lib/libSystem.B.dylib
    
    Error: processing vignette 'gbp-vignette.Rmd' failed with diagnostics:
    pandoc document conversion failed with error 6
    --- failed re-building ‘gbp-vignette.Rmd’
    
    SUMMARY: processing the following file failed:
     ‘gbp-vignette.Rmd’
    
    Error: Vignette re-building failed.
    Execution halted
Flavor: r-patched-osx-x86_64