Last updated on 2020-04-25 01:53:02 CEST.
Flavor | Version | Tinstall | Tcheck | Ttotal | Status | Flags |
---|---|---|---|---|---|---|
r-devel-linux-x86_64-debian-clang | 1.5.6 | 726.39 | 110.47 | 836.86 | OK | |
r-devel-linux-x86_64-debian-gcc | 1.5.6 | 517.37 | 96.93 | 614.30 | OK | |
r-devel-linux-x86_64-fedora-clang | 1.5.6 | 1233.42 | NOTE | |||
r-devel-linux-x86_64-fedora-gcc | 1.5.6 | 1141.08 | OK | |||
r-devel-windows-ix86+x86_64 | 1.5.6 | 1672.00 | 190.00 | 1862.00 | NOTE | |
r-patched-linux-x86_64 | 1.5.6 | 609.63 | 122.89 | 732.52 | OK | |
r-patched-osx-x86_64 | 1.5.6 | NOTE | ||||
r-patched-solaris-x86 | 1.5.6 | 934.40 | NOTE | |||
r-release-linux-x86_64 | 1.5.6 | 616.71 | 115.44 | 732.15 | OK | |
r-release-windows-ix86+x86_64 | 1.5.6 | 1451.00 | 164.00 | 1615.00 | NOTE | |
r-release-osx-x86_64 | 1.5.6 | NOTE | ||||
r-oldrel-windows-ix86+x86_64 | 1.5.6 | 1070.00 | 205.00 | 1275.00 | NOTE | |
r-oldrel-osx-x86_64 | 1.5.6 | NOTE |
Version: 1.5.6
Check: installed package size
Result: NOTE
installed size is 82.4Mb
sub-directories of 1Mb or more:
extdata 1.6Mb
libs 79.1Mb
Flavors: r-devel-linux-x86_64-fedora-clang, r-devel-windows-ix86+x86_64, r-patched-osx-x86_64, r-patched-solaris-x86, r-release-windows-ix86+x86_64, r-release-osx-x86_64, r-oldrel-windows-ix86+x86_64, r-oldrel-osx-x86_64