CRAN Package Check Results for Package gastempt

Last updated on 2020-04-25 01:53:02 CEST.

Flavor Version Tinstall Tcheck Ttotal Status Flags
r-devel-linux-x86_64-debian-clang 0.4.4 722.99 139.19 862.18 NOTE
r-devel-linux-x86_64-debian-gcc 0.4.4 641.31 128.98 770.29 NOTE
r-devel-linux-x86_64-fedora-clang 0.4.4 1195.33 NOTE
r-devel-linux-x86_64-fedora-gcc 0.4.4 1361.50 NOTE
r-devel-windows-ix86+x86_64 0.4.4 1651.00 284.00 1935.00 NOTE
r-patched-linux-x86_64 0.4.4 650.28 165.87 816.15 NOTE
r-patched-osx-x86_64 0.4.4 WARN
r-patched-solaris-x86 0.4.4 996.20 NOTE
r-release-linux-x86_64 0.4.4 567.68 148.77 716.45 NOTE
r-release-windows-ix86+x86_64 0.4.4 1538.00 320.00 1858.00 NOTE
r-release-osx-x86_64 0.4.4 NOTE
r-oldrel-windows-ix86+x86_64 0.4.4 1105.00 256.00 1361.00 NOTE
r-oldrel-osx-x86_64 0.4.4 NOTE

Check Details

Version: 0.4.4
Check: for GNU extensions in Makefiles
Result: NOTE
    GNU make is a SystemRequirements.
Flavors: r-devel-linux-x86_64-debian-clang, r-devel-linux-x86_64-debian-gcc, r-devel-linux-x86_64-fedora-clang, r-devel-linux-x86_64-fedora-gcc, r-devel-windows-ix86+x86_64, r-patched-linux-x86_64, r-patched-osx-x86_64, r-patched-solaris-x86, r-release-linux-x86_64, r-release-windows-ix86+x86_64, r-release-osx-x86_64, r-oldrel-windows-ix86+x86_64, r-oldrel-osx-x86_64

Version: 0.4.4
Check: installed package size
Result: NOTE
     installed size is 116.3Mb
     sub-directories of 1Mb or more:
     libs 115.8Mb
Flavors: r-devel-linux-x86_64-fedora-clang, r-devel-windows-ix86+x86_64, r-patched-osx-x86_64, r-patched-solaris-x86, r-release-windows-ix86+x86_64, r-release-osx-x86_64, r-oldrel-windows-ix86+x86_64, r-oldrel-osx-x86_64

Version: 0.4.4
Check: dependencies in R code
Result: NOTE
    Namespaces in Imports field not imported from:
     ‘methods’ ‘rstantools’
     All declared Imports should be used.
Flavors: r-devel-linux-x86_64-fedora-clang, r-devel-linux-x86_64-fedora-gcc, r-patched-osx-x86_64, r-patched-solaris-x86, r-release-osx-x86_64, r-oldrel-osx-x86_64

Version: 0.4.4
Check: re-building of vignette outputs
Result: WARN
    Error(s) in re-building vignettes:
     ...
    --- re-building ‘gastempt.Rmd’ using rmarkdown
    dyld: lazy symbol binding failed: Symbol not found: ____chkstk_darwin
     Referenced from: /usr/local/bin/pandoc (which was built for Mac OS X 10.15)
     Expected in: /usr/lib/libSystem.B.dylib
    
    dyld: Symbol not found: ____chkstk_darwin
     Referenced from: /usr/local/bin/pandoc (which was built for Mac OS X 10.15)
     Expected in: /usr/lib/libSystem.B.dylib
    
    Error: processing vignette 'gastempt.Rmd' failed with diagnostics:
    pandoc document conversion failed with error 6
    --- failed re-building ‘gastempt.Rmd’
    
    SUMMARY: processing the following file failed:
     ‘gastempt.Rmd’
    
    Error: Vignette re-building failed.
    Execution halted
Flavor: r-patched-osx-x86_64