CRAN Package Check Results for Package gWidgetsRGtk2

Last updated on 2020-04-25 01:53:04 CEST.

Flavor Version Tinstall Tcheck Ttotal Status Flags
r-devel-linux-x86_64-debian-clang 0.0-86 38.54 92.52 131.06 NOTE
r-devel-linux-x86_64-debian-gcc 0.0-86 37.66 71.01 108.67 NOTE
r-devel-linux-x86_64-fedora-clang 0.0-86 170.11 NOTE
r-devel-linux-x86_64-fedora-gcc 0.0-86 171.03 NOTE
r-devel-windows-ix86+x86_64 0.0-86 78.00 87.00 165.00 NOTE
r-patched-linux-x86_64 0.0-86 40.54 90.67 131.21 NOTE
r-patched-osx-x86_64 0.0-86 NOTE
r-patched-solaris-x86 0.0-86 238.00 NOTE
r-release-linux-x86_64 0.0-86 35.84 82.63 118.47 NOTE
r-release-windows-ix86+x86_64 0.0-86 87.00 80.00 167.00 OK
r-release-osx-x86_64 0.0-86 NOTE
r-oldrel-windows-ix86+x86_64 0.0-86 49.00 112.00 161.00 OK
r-oldrel-osx-x86_64 0.0-86 NOTE

Check Details

Version: 0.0-86
Check: package dependencies
Result: NOTE
    Package which this enhances but not available for checking: 'RGtk2Extras'
Flavors: r-devel-linux-x86_64-debian-clang, r-devel-linux-x86_64-debian-gcc, r-devel-linux-x86_64-fedora-clang, r-devel-linux-x86_64-fedora-gcc, r-devel-windows-ix86+x86_64, r-patched-linux-x86_64, r-patched-osx-x86_64, r-patched-solaris-x86, r-release-linux-x86_64, r-release-osx-x86_64, r-oldrel-osx-x86_64