CRAN Package Check Results for Package gWidgets

Last updated on 2020-04-25 01:53:04 CEST.

Flavor Version Tinstall Tcheck Ttotal Status Flags
r-devel-linux-x86_64-debian-clang 0.0-54.1 16.44 61.17 77.61 NOTE
r-devel-linux-x86_64-debian-gcc 0.0-54.1 13.38 47.69 61.07 NOTE
r-devel-linux-x86_64-fedora-clang 0.0-54.1 97.61 NOTE
r-devel-linux-x86_64-fedora-gcc 0.0-54.1 99.19 NOTE
r-devel-windows-ix86+x86_64 0.0-54.1 35.00 75.00 110.00 NOTE
r-patched-linux-x86_64 0.0-54.1 15.63 59.97 75.60 NOTE
r-patched-osx-x86_64 0.0-54.1 OK
r-patched-solaris-x86 0.0-54.1 128.50 OK
r-release-linux-x86_64 0.0-54.1 11.89 56.47 68.36 OK
r-release-windows-ix86+x86_64 0.0-54.1 29.00 72.00 101.00 OK
r-release-osx-x86_64 0.0-54.1 OK
r-oldrel-windows-ix86+x86_64 0.0-54.1 17.00 97.00 114.00 OK
r-oldrel-osx-x86_64 0.0-54.1 OK

Check Details

Version: 0.0-54.1
Check: R code for possible problems
Result: NOTE
    .ghelpbrowser,ANY : browsePackages : getContentsOfPackage: no visible
     global function definition for '.readRDS'
    Undefined global functions or variables:
     .readRDS
Flavors: r-devel-linux-x86_64-debian-clang, r-devel-linux-x86_64-debian-gcc, r-devel-linux-x86_64-fedora-clang, r-devel-linux-x86_64-fedora-gcc, r-devel-windows-ix86+x86_64, r-patched-linux-x86_64