CRAN Package Check Results for Package fusionclust

Last updated on 2020-04-25 01:53:02 CEST.

Flavor Version Tinstall Tcheck Ttotal Status Flags
r-devel-linux-x86_64-debian-clang 1.0.0 8.30 77.17 85.47 OK
r-devel-linux-x86_64-debian-gcc 1.0.0 7.35 61.00 68.35 OK
r-devel-linux-x86_64-fedora-clang 1.0.0 105.68 OK
r-devel-linux-x86_64-fedora-gcc 1.0.0 104.91 OK
r-devel-windows-ix86+x86_64 1.0.0 25.00 86.00 111.00 OK
r-patched-linux-x86_64 1.0.0 8.23 75.82 84.05 OK
r-patched-osx-x86_64 1.0.0 OK
r-patched-solaris-x86 1.0.0 160.60 OK
r-release-linux-x86_64 1.0.0 6.75 69.83 76.58 NOTE
r-release-windows-ix86+x86_64 1.0.0 18.00 82.00 100.00 OK
r-release-osx-x86_64 1.0.0 OK
r-oldrel-windows-ix86+x86_64 1.0.0 8.00 104.00 112.00 OK
r-oldrel-osx-x86_64 1.0.0 OK

Check Details

Version: 1.0.0
Check: DESCRIPTION meta-information
Result: NOTE
    Dependence on R version ‘3.4.1’ not with patchlevel 0
Flavor: r-release-linux-x86_64