Last updated on 2020-04-25 01:53:02 CEST.
Flavor | Version | Tinstall | Tcheck | Ttotal | Status | Flags |
---|---|---|---|---|---|---|
r-devel-linux-x86_64-debian-clang | 0.6 | 1.87 | 17.43 | 19.30 | NOTE | |
r-devel-linux-x86_64-debian-gcc | 0.6 | 1.45 | 14.42 | 15.87 | NOTE | |
r-devel-linux-x86_64-fedora-clang | 0.6 | 24.61 | NOTE | |||
r-devel-linux-x86_64-fedora-gcc | 0.6 | 23.61 | NOTE | |||
r-devel-windows-ix86+x86_64 | 0.6 | 5.00 | 26.00 | 31.00 | NOTE | |
r-patched-linux-x86_64 | 0.6 | 1.82 | 17.38 | 19.20 | NOTE | |
r-patched-osx-x86_64 | 0.6 | NOTE | ||||
r-patched-solaris-x86 | 0.6 | 37.50 | NOTE | |||
r-release-linux-x86_64 | 0.6 | 1.20 | 16.14 | 17.34 | NOTE | |
r-release-windows-ix86+x86_64 | 0.6 | 3.00 | 43.00 | 46.00 | NOTE | |
r-release-osx-x86_64 | 0.6 | NOTE | ||||
r-oldrel-windows-ix86+x86_64 | 0.6 | 2.00 | 24.00 | 26.00 | NOTE | |
r-oldrel-osx-x86_64 | 0.6 | NOTE |
Version: 0.6
Check: DESCRIPTION meta-information
Result: NOTE
Malformed Description field: should contain one or more complete sentences.
Flavors: r-devel-linux-x86_64-debian-clang, r-devel-linux-x86_64-debian-gcc, r-devel-linux-x86_64-fedora-clang, r-devel-linux-x86_64-fedora-gcc, r-devel-windows-ix86+x86_64, r-patched-linux-x86_64, r-patched-osx-x86_64, r-patched-solaris-x86, r-release-linux-x86_64, r-release-windows-ix86+x86_64, r-release-osx-x86_64, r-oldrel-windows-ix86+x86_64, r-oldrel-osx-x86_64