CRAN Package Check Results for Package fscaret

Last updated on 2020-04-25 01:53:02 CEST.

Flavor Version Tinstall Tcheck Ttotal Status Flags
r-devel-linux-x86_64-debian-clang 0.9.4.4 14.23 125.35 139.58 OK
r-devel-linux-x86_64-debian-gcc 0.9.4.4 13.37 99.06 112.43 OK
r-devel-linux-x86_64-fedora-clang 0.9.4.4 167.96 OK
r-devel-linux-x86_64-fedora-gcc 0.9.4.4 171.08 OK
r-devel-windows-ix86+x86_64 0.9.4.4 60.00 135.00 195.00 OK
r-patched-linux-x86_64 0.9.4.4 14.72 123.52 138.24 OK
r-patched-osx-x86_64 0.9.4.4 OK
r-patched-solaris-x86 0.9.4.4 239.20 NOTE
r-release-linux-x86_64 0.9.4.4 14.74 114.15 128.89 OK
r-release-windows-ix86+x86_64 0.9.4.4 51.00 128.00 179.00 OK
r-release-osx-x86_64 0.9.4.4 OK
r-oldrel-windows-ix86+x86_64 0.9.4.4 18.00 183.00 201.00 OK
r-oldrel-osx-x86_64 0.9.4.4 OK

Check Details

Version: 0.9.4.4
Check: package dependencies
Result: NOTE
    Package suggested but not available for checking: ‘RWeka’
Flavor: r-patched-solaris-x86