CRAN Package Check Results for Package fsbrain

Last updated on 2020-04-25 01:53:02 CEST.

Flavor Version Tinstall Tcheck Ttotal Status Flags
r-devel-linux-x86_64-debian-clang 0.1.0 13.18 168.64 181.82 OK
r-devel-linux-x86_64-debian-gcc 0.1.0 12.34 127.58 139.92 OK
r-devel-linux-x86_64-fedora-clang 0.1.0 221.88 OK
r-devel-linux-x86_64-fedora-gcc 0.1.0 218.46 OK
r-devel-windows-ix86+x86_64 0.1.0 47.00 186.00 233.00 OK
r-patched-linux-x86_64 0.1.0 13.17 161.21 174.38 OK
r-patched-osx-x86_64 0.1.0 OK
r-patched-solaris-x86 0.1.0 302.10 OK
r-release-linux-x86_64 0.1.0 11.98 152.04 164.02 OK
r-release-windows-ix86+x86_64 0.1.0 44.00 174.00 218.00 OK
r-release-osx-x86_64 0.1.0 OK
r-oldrel-windows-ix86+x86_64 0.1.0 21.00 220.00 241.00 OK
r-oldrel-osx-x86_64 0.0.3 ERROR

Check Details

Version: 0.0.3
Check: whether package can be installed
Result: WARN
    Found the following significant warnings:
     Warning: 'rgl.init' failed, running with 'rgl.useNULL = TRUE'.
Flavor: r-oldrel-osx-x86_64

Version: 0.0.3
Check: tests
Result: ERROR
     Running ‘testthat.R’ [8s/8s]
    Running the tests in ‘tests/testthat.R’ failed.
    Last 13 lines of output:
     ══ testthat results ═══════════════════════════════════════════════════════════
     [ OK: 69 | SKIPPED: 15 | WARNINGS: 2553 | FAILED: 37 ]
     1. Error: A label can be extracted from a region of a loaded annotation (@test-atlas.R#3)
     2. Error: A label can be extracted from a region of an annotation file (@test-atlas.R#31)
     3. Error: Labels can be extracted from a region of an annotation file for a group of subjects (@test-atlas.R#43)
     4. Error: Loading of native space whole brain morph data on group level works (@test-fsdir-abstraction-group.R#3)
     5. Error: Loading of native space whole brain morph data restricted to the cortex on group level works (@test-fsdir-abstraction-group.R#29)
     6. Error: Loading of standard space whole brain morph data on group level works (@test-fsdir-abstraction-group.R#57)
     7. Error: Label data can be read on group level (@test-fsdir-abstraction-group.R#79)
     8. Error: Annotation data can be read on group level (@test-fsdir-abstraction-group.R#97)
     9. Error: Loading of native space whole brain morph data on subject level works (@test-fsdir-abstraction-subject.R#3)
     1. ...
    
     Error: testthat unit tests failed
     Execution halted
Flavor: r-oldrel-osx-x86_64