CRAN Package Check Results for Package freesurfer

Last updated on 2020-04-25 01:53:02 CEST.

Flavor Version Tinstall Tcheck Ttotal Status Flags
r-devel-linux-x86_64-debian-clang 1.6.7 6.47 60.74 67.21 OK
r-devel-linux-x86_64-debian-gcc 1.6.7 5.77 46.76 52.53 OK
r-devel-linux-x86_64-fedora-clang 1.6.7 80.22 OK
r-devel-linux-x86_64-fedora-gcc 1.6.7 81.54 OK
r-devel-windows-ix86+x86_64 1.6.7 21.00 75.00 96.00 OK
r-patched-linux-x86_64 1.6.7 6.68 59.02 65.70 OK
r-patched-osx-x86_64 1.6.7 WARN
r-patched-solaris-x86 1.6.7 113.30 OK
r-release-linux-x86_64 1.6.7 6.60 53.88 60.48 OK
r-release-windows-ix86+x86_64 1.6.7 17.00 75.00 92.00 OK
r-release-osx-x86_64 1.6.7 OK
r-oldrel-windows-ix86+x86_64 1.6.7 7.00 102.00 109.00 OK
r-oldrel-osx-x86_64 1.6.5 OK

Check Details

Version: 1.6.7
Check: re-building of vignette outputs
Result: WARN
    Error(s) in re-building vignettes:
     ...
    --- re-building ‘exploring_included_data.Rmd’ using rmarkdown
    Loading required package: oro.nifti
    oro.nifti 0.10.1
    dyld: lazy symbol binding failed: Symbol not found: ____chkstk_darwin
     Referenced from: /usr/local/bin/pandoc (which was built for Mac OS X 10.15)
     Expected in: /usr/lib/libSystem.B.dylib
    
    dyld: Symbol not found: ____chkstk_darwin
     Referenced from: /usr/local/bin/pandoc (which was built for Mac OS X 10.15)
     Expected in: /usr/lib/libSystem.B.dylib
    
    Error: processing vignette 'exploring_included_data.Rmd' failed with diagnostics:
    pandoc document conversion failed with error 6
    --- failed re-building ‘exploring_included_data.Rmd’
    
    SUMMARY: processing the following file failed:
     ‘exploring_included_data.Rmd’
    
    Error: Vignette re-building failed.
    Execution halted
Flavor: r-patched-osx-x86_64