CRAN Package Check Results for Package fpp2

Last updated on 2020-04-25 01:53:02 CEST.

Flavor Version Tinstall Tcheck Ttotal Status Flags
r-devel-linux-x86_64-debian-clang 2.3 6.69 67.41 74.10 OK
r-devel-linux-x86_64-debian-gcc 2.3 5.81 51.79 57.60 OK
r-devel-linux-x86_64-fedora-clang 2.3 90.86 OK
r-devel-linux-x86_64-fedora-gcc 2.3 86.65 OK
r-devel-windows-ix86+x86_64 2.3 37.00 82.00 119.00 OK
r-patched-linux-x86_64 2.3 5.80 63.64 69.44 OK
r-patched-osx-x86_64 2.3 OK
r-patched-solaris-x86 2.3 127.00 OK
r-release-linux-x86_64 2.3 6.07 60.93 67.00 OK
r-release-windows-ix86+x86_64 2.3 23.00 89.00 112.00 OK
r-release-osx-x86_64 2.3 NOTE
r-oldrel-windows-ix86+x86_64 2.3 10.00 88.00 98.00 OK
r-oldrel-osx-x86_64 2.3 OK

Check Details

Version: 2.3
Check: package dependencies
Result: NOTE
    Package suggested but not available for checking: ‘seasonal’
Flavor: r-release-osx-x86_64