Last updated on 2020-04-25 01:53:02 CEST.
Flavor | Version | Tinstall | Tcheck | Ttotal | Status | Flags |
---|---|---|---|---|---|---|
r-devel-linux-x86_64-debian-clang | 0.2.0.1 | 4.08 | 45.85 | 49.93 | OK | |
r-devel-linux-x86_64-debian-gcc | 0.2.0.1 | 3.34 | 36.27 | 39.61 | OK | |
r-devel-linux-x86_64-fedora-clang | 0.2.0.1 | 58.55 | OK | |||
r-devel-linux-x86_64-fedora-gcc | 0.2.0.1 | 58.46 | OK | |||
r-devel-windows-ix86+x86_64 | 0.2.0.1 | 14.00 | 63.00 | 77.00 | OK | |
r-patched-linux-x86_64 | 0.2.0.1 | 3.76 | 45.74 | 49.50 | OK | |
r-patched-osx-x86_64 | 0.2.0.1 | WARN | ||||
r-patched-solaris-x86 | 0.2.0.1 | 80.80 | WARN | |||
r-release-linux-x86_64 | 0.2.0.1 | 3.90 | 41.98 | 45.88 | OK | |
r-release-windows-ix86+x86_64 | 0.2.0.1 | 10.00 | 66.00 | 76.00 | OK | |
r-release-osx-x86_64 | 0.2.0.1 | WARN | ||||
r-oldrel-windows-ix86+x86_64 | 0.2.0.1 | 5.00 | 85.00 | 90.00 | OK | |
r-oldrel-osx-x86_64 | 0.2.0.1 | WARN |
Version: 0.2.0.1
Check: re-building of vignette outputs
Result: WARN
Error(s) in re-building vignettes:
...
--- re-building ‘formattable-data-frame.Rmd’ using rmarkdown
Warning in engine$weave(file, quiet = quiet, encoding = enc) :
Pandoc (>= 1.12.3) and/or pandoc-citeproc not available. Falling back to R Markdown v1.
Quitting from lines 168-169 (formattable-data-frame.Rmd)
Error: processing vignette 'formattable-data-frame.Rmd' failed with diagnostics:
cannot open the connection
--- failed re-building ‘formattable-data-frame.Rmd’
--- re-building ‘introduction.Rmd’ using rmarkdown
Warning in engine$weave(file, quiet = quiet, encoding = enc) :
Pandoc (>= 1.12.3) and/or pandoc-citeproc not available. Falling back to R Markdown v1.
--- finished re-building ‘introduction.Rmd’
SUMMARY: processing the following file failed:
‘formattable-data-frame.Rmd’
Error: Vignette re-building failed.
Execution halted
Flavors: r-patched-osx-x86_64, r-release-osx-x86_64
Version: 0.2.0.1
Check: re-building of vignette outputs
Result: WARN
Error(s) in re-building vignettes:
...
--- re-building ‘formattable-data-frame.Rmd’ using rmarkdown
Warning in engine$weave(file, quiet = quiet, encoding = enc) :
Pandoc (>= 1.12.3) and/or pandoc-citeproc not available. Falling back to R Markdown v1.
Quitting from lines 168-169 (formattable-data-frame.Rmd)
Error: processing vignette 'formattable-data-frame.Rmd' failed with diagnostics:
there is no package called 'webshot'
--- failed re-building ‘formattable-data-frame.Rmd’
--- re-building ‘introduction.Rmd’ using rmarkdown
Warning in engine$weave(file, quiet = quiet, encoding = enc) :
Pandoc (>= 1.12.3) and/or pandoc-citeproc not available. Falling back to R Markdown v1.
--- finished re-building ‘introduction.Rmd’
SUMMARY: processing the following file failed:
‘formattable-data-frame.Rmd’
Error: Vignette re-building failed.
Execution halted
Flavor: r-patched-solaris-x86
Version: 0.2.0.1
Check: re-building of vignette outputs
Result: WARN
Error in re-building vignettes:
...
Warning in engine$weave(file, quiet = quiet, encoding = enc) :
Pandoc (>= 1.12.3) and/or pandoc-citeproc not available. Falling back to R Markdown v1.
Quitting from lines 168-169 (formattable-data-frame.Rmd)
Error: processing vignette 'formattable-data-frame.Rmd' failed with diagnostics:
cannot open the connection
Execution halted
Flavor: r-oldrel-osx-x86_64