CRAN Package Check Results for Package foodingraph

Last updated on 2020-04-25 01:53:02 CEST.

Flavor Version Tinstall Tcheck Ttotal Status Flags
r-devel-linux-x86_64-debian-clang 0.1.0 7.72 206.90 214.62 OK
r-devel-linux-x86_64-debian-gcc 0.1.0 6.01 162.32 168.33 OK
r-devel-linux-x86_64-fedora-clang 0.1.0 251.53 NOTE
r-devel-linux-x86_64-fedora-gcc 0.1.0 267.56 NOTE
r-devel-windows-ix86+x86_64 0.1.0 42.00 253.00 295.00 OK
r-patched-linux-x86_64 0.1.0 7.33 214.31 221.64 OK
r-patched-osx-x86_64 0.1.0 WARN
r-patched-solaris-x86 0.1.0 403.80 NOTE
r-release-linux-x86_64 0.1.0 4.73 207.38 212.11 OK
r-release-windows-ix86+x86_64 0.1.0 25.00 315.00 340.00 OK
r-release-osx-x86_64 0.1.0 NOTE
r-oldrel-windows-ix86+x86_64 0.1.0 7.00 250.00 257.00 OK
r-oldrel-osx-x86_64 0.1.0 NOTE

Check Details

Version: 0.1.0
Check: dependencies in R code
Result: NOTE
    Namespace in Imports field not imported from: ‘grid’
     All declared Imports should be used.
Flavors: r-devel-linux-x86_64-fedora-clang, r-devel-linux-x86_64-fedora-gcc, r-patched-osx-x86_64, r-patched-solaris-x86, r-release-osx-x86_64, r-oldrel-osx-x86_64

Version: 0.1.0
Check: package dependencies
Result: NOTE
    Package suggested but not available for checking: ‘minet’
Flavor: r-patched-osx-x86_64

Version: 0.1.0
Check: re-building of vignette outputs
Result: WARN
    Error(s) in re-building vignettes:
     ...
    --- re-building ‘Foodingraph_quickstart.Rmd’ using rmarkdown
    dyld: lazy symbol binding failed: Symbol not found: ____chkstk_darwin
     Referenced from: /usr/local/bin/pandoc (which was built for Mac OS X 10.15)
     Expected in: /usr/lib/libSystem.B.dylib
    
    dyld: Symbol not found: ____chkstk_darwin
     Referenced from: /usr/local/bin/pandoc (which was built for Mac OS X 10.15)
     Expected in: /usr/lib/libSystem.B.dylib
    
    Error: processing vignette 'Foodingraph_quickstart.Rmd' failed with diagnostics:
    pandoc document conversion failed with error 6
    --- failed re-building ‘Foodingraph_quickstart.Rmd’
    
    SUMMARY: processing the following file failed:
     ‘Foodingraph_quickstart.Rmd’
    
    Error: Vignette re-building failed.
    Execution halted
Flavor: r-patched-osx-x86_64