CRAN Package Check Results for Package flamingos

Last updated on 2020-04-25 01:53:02 CEST.

Flavor Version Tinstall Tcheck Ttotal Status Flags
r-devel-linux-x86_64-debian-clang 0.1.0 67.54 162.49 230.03 OK
r-devel-linux-x86_64-debian-gcc 0.1.0 45.33 122.37 167.70 OK
r-devel-linux-x86_64-fedora-clang 0.1.0 286.62 NOTE
r-devel-linux-x86_64-fedora-gcc 0.1.0 278.27 OK
r-devel-windows-ix86+x86_64 0.1.0 172.00 240.00 412.00 NOTE
r-patched-linux-x86_64 0.1.0 54.94 162.53 217.47 OK
r-patched-osx-x86_64 0.1.0 NOTE
r-patched-solaris-x86 0.1.0 433.80 NOTE
r-release-linux-x86_64 0.1.0 53.46 149.17 202.63 OK
r-release-windows-ix86+x86_64 0.1.0 149.00 250.00 399.00 NOTE
r-release-osx-x86_64 0.1.0 NOTE
r-oldrel-windows-ix86+x86_64 0.1.0 106.00 295.00 401.00 NOTE
r-oldrel-osx-x86_64 0.1.0 NOTE

Check Details

Version: 0.1.0
Check: installed package size
Result: NOTE
     installed size is 7.9Mb
     sub-directories of 1Mb or more:
     doc 1.9Mb
     help 2.3Mb
     libs 3.2Mb
Flavors: r-devel-linux-x86_64-fedora-clang, r-devel-windows-ix86+x86_64, r-patched-osx-x86_64, r-patched-solaris-x86, r-release-windows-ix86+x86_64, r-release-osx-x86_64, r-oldrel-windows-ix86+x86_64, r-oldrel-osx-x86_64