CRAN Package Check Results for Package fitPoly

Last updated on 2020-04-25 01:53:02 CEST.

Flavor Version Tinstall Tcheck Ttotal Status Flags
r-devel-linux-x86_64-debian-clang 3.0.0 7.93 36.15 44.08 OK
r-devel-linux-x86_64-debian-gcc 3.0.0 6.07 27.92 33.99 OK
r-devel-linux-x86_64-fedora-clang 3.0.0 50.90 OK
r-devel-linux-x86_64-fedora-gcc 3.0.0 50.75 OK
r-devel-windows-ix86+x86_64 3.0.0 14.00 42.00 56.00 OK
r-patched-linux-x86_64 3.0.0 6.68 35.76 42.44 OK
r-patched-osx-x86_64 3.0.0 OK
r-patched-solaris-x86 3.0.0 68.00 OK
r-release-linux-x86_64 3.0.0 6.05 32.71 38.76 OK
r-release-windows-ix86+x86_64 3.0.0 13.00 39.00 52.00 OK
r-release-osx-x86_64 3.0.0 OK
r-oldrel-windows-ix86+x86_64 3.0.0 6.00 56.00 62.00 OK
r-oldrel-osx-x86_64 3.0.0 NOTE

Check Details

Version: 3.0.0
Check: package dependencies
Result: NOTE
    Package suggested but not available for checking: ‘devEMF’
Flavor: r-oldrel-osx-x86_64