CRAN Package Check Results for Package finch

Last updated on 2020-04-25 01:53:01 CEST.

Flavor Version Tinstall Tcheck Ttotal Status Flags
r-devel-linux-x86_64-debian-clang 0.3.0 8.97 68.94 77.91 OK
r-devel-linux-x86_64-debian-gcc 0.3.0 6.66 50.98 57.64 OK
r-devel-linux-x86_64-fedora-clang 0.3.0 71.24 NOTE
r-devel-linux-x86_64-fedora-gcc 0.3.0 69.95 NOTE
r-devel-windows-ix86+x86_64 0.3.0 32.00 77.00 109.00 OK
r-patched-linux-x86_64 0.3.0 7.13 65.74 72.87 OK
r-patched-osx-x86_64 0.3.0 NOTE
r-patched-solaris-x86 0.3.0 101.70 NOTE
r-release-linux-x86_64 0.3.0 8.01 62.17 70.18 OK
r-release-windows-ix86+x86_64 0.3.0 22.00 72.00 94.00 OK
r-release-osx-x86_64 0.3.0 ERROR
r-oldrel-windows-ix86+x86_64 0.3.0 10.00 97.00 107.00 OK
r-oldrel-osx-x86_64 0.3.0 NOTE

Check Details

Version: 0.3.0
Check: dependencies in R code
Result: NOTE
    Namespace in Imports field not imported from: ‘rappdirs’
     All declared Imports should be used.
Flavors: r-devel-linux-x86_64-fedora-clang, r-devel-linux-x86_64-fedora-gcc, r-patched-osx-x86_64, r-patched-solaris-x86, r-oldrel-osx-x86_64

Version: 0.3.0
Check: package dependencies
Result: ERROR
    Package required and available but unsuitable version: ‘EML’
    
    See section ‘The DESCRIPTION file’ in the ‘Writing R Extensions’
    manual.
Flavor: r-release-osx-x86_64