CRAN Package Check Results for Package finbif

Last updated on 2020-04-25 01:53:01 CEST.

Flavor Version Tinstall Tcheck Ttotal Status Flags
r-devel-linux-x86_64-debian-clang 0.3.0 9.14 54.95 64.09 ERROR
r-devel-linux-x86_64-debian-gcc 0.3.0 5.60 51.51 57.11 OK
r-devel-linux-x86_64-fedora-clang 0.3.0 88.96 OK
r-devel-linux-x86_64-fedora-gcc 0.3.0 90.08 OK
r-devel-windows-ix86+x86_64 0.2.0 19.00 77.00 96.00 OK
r-patched-linux-x86_64 0.3.0 7.78 64.41 72.19 OK
r-patched-osx-x86_64 0.2.0 OK
r-patched-solaris-x86 0.3.0 120.70 OK
r-release-linux-x86_64 0.2.0 6.91 54.35 61.26 OK
r-release-windows-ix86+x86_64 0.2.0 14.00 69.00 83.00 OK
r-release-osx-x86_64 0.3.0 OK
r-oldrel-windows-ix86+x86_64 0.3.0 9.00 64.00 73.00 OK
r-oldrel-osx-x86_64 0.2.0 OK

Check Details

Version: 0.3.0
Check: package dependencies
Result: NOTE
    Package suggested but not available for checking: 'vdiffr'
Flavor: r-devel-linux-x86_64-debian-clang

Version: 0.3.0
Check: tests
Result: ERROR
     Running 'testthat.R' [2s/3s]
    Running the tests in 'tests/testthat.R' failed.
    Complete output:
     > library(testthat)
     > library(finbif)
     >
     > test_check("finbif")
     Error in library("vdiffr") : there is no package called 'vdiffr'
     Calls: test_check ... source_dir -> lapply -> FUN -> eval -> eval -> library
     Execution halted
Flavor: r-devel-linux-x86_64-debian-clang